{"id":47628,"name":"uchwala-zarzadu-nr-1700441vi2023-z-dnia-2023-08-09","title":"Uchwa\u0142a zarz\u0105du nr 1700\/441\/VI\/2023 z dnia 2023-08-09","desc":"","header":"Uchwa\u0142a zarz\u0105du nr 1700\/441\/VI\/2023 z dnia 2023-08-09","lead":"","keywords":"","changes":"Dodanie artyku\u0142u","menu":"","path":"\/samorzad_wojewodztwa\/zarzad_wojewodztwa\/uchwaly_zarzadu\/uchwala-zarzadu-nr-1700441vi2023-z-dnia-2023-08-09.html","url":"\/samorzad_wojewodztwa\/zarzad_wojewodztwa\/uchwaly_zarzadu\/uchwala-zarzadu-nr-1700441vi2023-z-dnia-2023-08-09.html","infoOwner":"Urz\u0105d Marsza\u0142kowski Wojew\u00f3dztwa \u015al\u0105skiego","dateFirstPublicate":"2023-08-14 08:06:20","dateLastVersionPublicate":"2023-08-14 08:06:20","dateAvailableFrom":"","dateAvailableTo":"","type":"Uchwa\u0142a Zarz\u0105du","pageParams":[{"id":"263","name":"Data posiedzenia","description":"Data posiedzenia","value":"2023-08-09"},{"id":"235","name":"W sprawie","description":"W sprawie","value":"przyj\u0119cia pakietu aplikacyjnego dla naboru nr FESL.05.09-IP.02-053\/23 realizowanego w spos\u00f3b niekonkurencyjny w ramach programu Fundusze Europejskie dla \u015al\u0105skiego 2021-2027, Priorytetu FESL.05 Fundusze Europejskie dla rynku pracy, Dzia\u0142ania FESL.05.09 EURES-T Beskydy."},{"id":"273","name":"NUMER_UCHWALY_ZARZADU","description":"Numer uchwa\u0142y","value":"1700\/441\/VI\/2023"},{"id":"278","name":"Numer posiedzenia zarz\u0105du","description":"Numer posiedzenia zarz\u0105du","value":"441"},{"id":"261","name":"Na podstawie","description":"podstawa prawna","value":"art. 41 ust. 2 pkt 4 ustawy z dnia 5 czerwca 1998 r. o samorz\u0105dzie wojew\u00f3dztwa (tekst jednolity Dz. U. z 2022 r. poz. 2094 z p\u00f3\u017an. zm.), art. 8 ust.1 pkt 2, art. 44 ust. 1 i 2, art. 45 ust. 2, art. 50 ust.1 i 2 pkt 1 ustawy z dnia 28 kwietnia 2022 r. o zasadach realizacji zada\u0144 finansowanych ze \u015brodk\u00f3w europejskich w perspektywie finansowej 2021-2027 (Dz. U. z 2022 r. poz. 1079 z p\u00f3\u017an. zm.), \u00a7 1 ust. 1 pkt 11 oraz \u00a7 2 ust. 1 pkt 3 i 4 Porozumienia nr 38\/RT\/2023 z dnia 4 kwietnia 2023 r. w sprawie powierzenia zada\u0144 zwi\u0105zanych z realizacj\u0105 programu Fundusze Europejskie dla \u015al\u0105skiego 2021-2027 zawartego pomi\u0119dzy Zarz\u0105dem Wojew\u00f3dztwa \u015al\u0105skiego a Wojew\u00f3dzkim Urz\u0119dem Pracy w Katowicach"}],"components":[{"id":"bf6d5eba-d119-11e7-80a9-005056b46601","type":"ContentWYSIWYG","name":"Tre\u015b\u0107","description":"Tre\u015b\u0107 strony","content":{"content":"","promotion":false}},{"id":"bf6dbc25-d119-11e7-80a9-005056b46601","type":"Gallery","name":"Galeria","description":"Galeria"},{"id":"bf6e1f6b-d119-11e7-80a9-005056b46601","type":"Attachment","name":"Za\u0142\u0105czniki","description":"Za\u0142\u0105czniki do strony","content":[{"src":"\/resource\/68066\/Za%25C5%2582%25C4%2585cznik+nr+1+do+uchwa%25C5%2582y+nr+1700_441_VI_2023+Zarz%25C4%2585du+Wojew%25C3%25B3dztwa+%25C5%259Al%25C4%2585skiego+z+dnia+9+sierpnia+2023+r..doc","extension":"DOC","name":"fe735b89ad7d3ad26a0fb2a6e96ba66d.doc","size":"165 KB"},{"src":"\/resource\/68066\/Za%25C5%2582%25C4%2585cznik+nr+2+do+uchwa%25C5%2582y+nr+1700_441_VI_2023+Zarz%25C4%2585du+Wojew%25C3%25B3dztwa+%25C5%259Al%25C4%2585skiego+z+dnia+9+sierpnia+2023+r..docx","extension":"DOCX","name":"7ee5bcdfff919791e16bf0507393fe8f.docx","size":"181.99 KB"},{"src":"\/resource\/68066\/Za%25C5%2582%25C4%2585cznik+nr+1+do+za%25C5%2582%25C4%2585cznika+nr+2+do+uchwa%25C5%2582y+nr+1700_441_VI_2023+Zarz%25C4%2585du+Wojew%25C3%25B3dztwa+%25C5%259Al%25C4%2585skiego+z+dnia+9+sierpnia+2023+r..docx","extension":"DOCX","name":"998b7c54688c32673f32d616a4bea31f.docx","size":"58.95 KB"},{"src":"\/resource\/68066\/Za%25C5%2582%25C4%2585cznik+nr+2+do+za%25C5%2582%25C4%2585cznika+nr+2+do+Uchwa%25C5%2582y+nr+1700_441_VI_2023+Zarz%25C4%2585du+Wojew%25C3%25B3dztwa+%25C5%259Al%25C4%2585skiego+z+dnia+9+sierpnia+2023+r..docx","extension":"DOCX","name":"9f779a941e7bd49dcef19690bfcf0fba.docx","size":"51.43 KB"},{"src":"\/resource\/68066\/Za%25C5%2582%25C4%2585cznik+nr+3+do+za%25C5%2582acznika+nr+2+do+Uchwa%25C5%2582y+nr+1700_441_VI_2023+Zarz%25C4%2585du+Wojew%25C3%25B3dztwa+%25C5%259Al%25C4%2585skiego+z+dnia+9+sierpnia+2023+r..docx","extension":"DOCX","name":"831995b0bbe1f283d626080d46f9bcbb.docx","size":"161.51 KB"},{"src":"\/resource\/68066\/Za%25C5%2582%25C4%2585cznik+nr+4+do+za%25C5%2582%25C4%2585cznika+nr+2+do+Uchwa%25C5%2582y+nr+1700_441_VI_2023+Zarz%25C4%2585du+Wojew%25C3%25B3dztwa+%25C5%259Al%25C4%2585skiego+z+dnia+9+sierpnia+2023+r..pdf","extension":"PDF","name":"609fd3b3d8d99ce566f13a7c0664e006.pdf","size":"2.9 MB"},{"src":"\/resource\/68066\/Za%25C5%2582%25C4%2585cznik+nr+5+do+za%25C5%2582%25C4%2585cznika+nr+2+do+Uchwa%25C5%2582y+nr+1700_441_VI_2023+Zarz%25C4%2585du+Wojew%25C3%25B3dztwa+%25C5%259Al%25C4%2585skiego+z+dnia+9+sierpnia+2023+r..docx","extension":"DOCX","name":"7ba896c66827f0bf8786d743b2f3611f.docx","size":"905.88 KB"},{"src":"\/resource\/68066\/Za%25C5%2582%25C4%2585cznik+nr+2+do+za%25C5%2582.+nr+5+do+za%25C5%2582.+nr+2+do+Uchwa%25C5%2582y+nr+1700_441_VI_2023+z+dnia+9+sierpnia+2023+r..docx","extension":"DOCX","name":"f6237b97e622aa58857c8a7fa2a0916d.docx","size":"870.5 KB"},{"src":"\/resource\/68066\/Za%25C5%2582%25C4%2585cznik+nr+3+do+za%25C5%2582.+nr+5+do+za%25C5%2582.+nr+2+do+Uchwa%25C5%2582y+nr+1700_441_VI_2023++z+dnia+9+sierpnia+2023+r..docx","extension":"DOCX","name":"a094b5f1d8a23521f6f2d0316cefd20a.docx","size":"1.15 MB"},{"src":"\/resource\/68066\/Za%25C5%2582%25C4%2585cznik+nr+4+do+za%25C5%2582.+nr+5+do+za%25C5%2582.+nr+2+do+Uchwa%25C5%2582y+nr+1700_441_VI_2023++z+dnia+9+sierpnia+2023+r..docx","extension":"DOCX","name":"4aa3276cb4d12f471ee276e93d6d0e8a.docx","size":"871.3 KB"},{"src":"\/resource\/68066\/Za%25C5%2582%25C4%2585cznik+nr+5+do+za%25C5%2582.+nr+5+do+za%25C5%2582.+nr+2+do+Uchwa%25C5%2582y+nr+1700_441_VI_2023++z+dnia+9+sierpnia+2023+r..docx","extension":"DOCX","name":"19c0e967ea708945a4296b532a6d535e.docx","size":"863.69 KB"},{"src":"\/resource\/68066\/Za%25C5%2582%25C4%2585cznik+nr+6+do+za%25C5%2582.+nr+5+do+za%25C5%2582.+nr+2+do+Uchwa%25C5%2582y+nr+1700_441_VI_2023++z+dnia+9+sierpnia+2023+r..docx","extension":"DOCX","name":"16b498cb95b5b7f6f5a5a840ae8d47a9.docx","size":"865.6 KB"},{"src":"\/resource\/68066\/Za%25C5%2582%25C4%2585cznik+nr+6+do+za%25C5%2582%25C4%2585cznika+nr+2+do+Uchwa%25C5%2582y+nr+1700_441_VI_2023+Zarz%25C4%2585du+Wojew%25C3%25B3dztwa+%25C5%259Al%25C4%2585skiego+z+dnia+9+sierpnia+2023+r..docx","extension":"DOCX","name":"c9b53682f2bb7e5defcc079536a9c1ce.docx","size":"70.01 KB"}]},{"id":"eba03b25-d9a7-11e7-b355-005056b70dba","type":"PageTitle","name":"","description":"Tytu\u0142 strony","content":{"title":"Uchwa\u0142a zarz\u0105du nr 1700\/441\/VI\/2023 z dnia 2023-08-09"}},{"id":"eba07701-d9a7-11e7-b355-005056b70dba","type":"PageDescription","name":"","description":"Zajawka strony","content":[]},{"id":"1b1a7940-ff78-11e7-b81e-005056b7801d","type":"SectionDescription","name":"","description":"Zajawka sekcji","content":[]}]}

Uchwała zarządu nr 1700/441/VI/2023 z dnia 2023-08-09

Dodanie artykułu

Urząd Marszałkowski Województwa Śląskiego

Uchwała Zarządu

przyjęcia pakietu aplikacyjnego dla naboru nr FESL.05.09-IP.02-053/23 realizowanego w sposób niekonkurencyjny w ramach programu Fundusze Europejskie dla Śląskiego 2021-2027, Priorytetu FESL.05 Fundusze Europejskie dla rynku pracy, Działania FESL.05.09 EURES-T Beskydy.

Numer uchwały

Numer posiedzenia zarządu

art. 41 ust. 2 pkt 4 ustawy z dnia 5 czerwca 1998 r. o samorządzie województwa (tekst jednolity Dz. U. z 2022 r. poz. 2094 z późn. zm.), art. 8 ust.1 pkt 2, art. 44 ust. 1 i 2, art. 45 ust. 2, art. 50 ust.1 i 2 pkt 1 ustawy z dnia 28 kwietnia 2022 r. o zasadach realizacji zadań finansowanych ze środków europejskich w perspektywie finansowej 2021-2027 (Dz. U. z 2022 r. poz. 1079 z późn. zm.), § 1 ust. 1 pkt 11 oraz § 2 ust. 1 pkt 3 i 4 Porozumienia nr 38/RT/2023 z dnia 4 kwietnia 2023 r. w sprawie powierzenia zadań związanych z realizacją programu Fundusze Europejskie dla Śląskiego 2021-2027 zawartego pomiędzy Zarządem Województwa Śląskiego a Wojewódzkim Urzędem Pracy w Katowicach

Treść

Treść strony

Załączniki

Załączniki do strony

Tytuł strony
