{"id":47571,"name":"uchwala-zarzadu-nr-1701441vi2023-z-dnia-2023-08-09","title":"Uchwa\u0142a zarz\u0105du nr 1701\/441\/VI\/2023 z dnia 2023-08-09","desc":"","header":"Uchwa\u0142a zarz\u0105du nr 1701\/441\/VI\/2023 z dnia 2023-08-09","lead":"","keywords":"","changes":"Dodanie artyku\u0142u","menu":"","path":"\/samorzad_wojewodztwa\/zarzad_wojewodztwa\/uchwaly_zarzadu\/uchwala-zarzadu-nr-1701441vi2023-z-dnia-2023-08-09.html","url":"\/samorzad_wojewodztwa\/zarzad_wojewodztwa\/uchwaly_zarzadu\/uchwala-zarzadu-nr-1701441vi2023-z-dnia-2023-08-09.html","infoOwner":"Urz\u0105d Marsza\u0142kowski Wojew\u00f3dztwa \u015al\u0105skiego","dateFirstPublicate":"2023-08-11 10:10:04","dateLastVersionPublicate":"2023-08-11 10:10:04","dateAvailableFrom":"","dateAvailableTo":"","type":"Uchwa\u0142a Zarz\u0105du","pageParams":[{"id":"263","name":"Data posiedzenia","description":"Data posiedzenia","value":"2023-08-09"},{"id":"235","name":"W sprawie","description":"W sprawie","value":"przyj\u0119cia pakietu aplikacyjnego dla naboru nr  FESL.05.10-IP.02-057\/23 realizowanego w spos\u00f3b niekonkurencyjny w ramach programu Fundusze Europejskie dla \u015al\u0105skiego 2021-2027, Priorytetu FESL.05 Fundusze Europejskie dla rynku pracy, Dzia\u0142ania FESL.05.10 EURES dla PSZ"},{"id":"273","name":"NUMER_UCHWALY_ZARZADU","description":"Numer uchwa\u0142y","value":"1701\/441\/VI\/2023"},{"id":"278","name":"Numer posiedzenia zarz\u0105du","description":"Numer posiedzenia zarz\u0105du","value":"441"},{"id":"261","name":"Na podstawie","description":"podstawa prawna","value":"art. 41 ust. 2 pkt 4 ustawy z dnia 5 czerwca 1998 r. o samorz\u0105dzie wojew\u00f3dztwa (tekst jednolity Dz. U. z 2022 r. poz. 2094 z p\u00f3\u017an. zm.), art. 8 ust.1 pkt 2, art. 44 ust. 1 i 2, art. 45 ust. 2, art. 50 ust.1 i 2 pkt 1 ustawy z dnia 28 kwietnia 2022 r. o zasadach realizacji zada\u0144 finansowanych ze \u015brodk\u00f3w europejskich w perspektywie finansowej 2021-2027 (Dz. U. z 2022 r. poz. 1079 z p\u00f3\u017an. zm.), \u00a7 1 ust. 1 pkt 12 oraz \u00a7 2 ust. 1 pkt 3 i 4 Porozumienia nr 38\/RT\/2023 z dnia 4 kwietnia 2023 r. w sprawie powierzenia zada\u0144 zwi\u0105zanych z realizacj\u0105 programu Fundusze Europejskie dla \u015al\u0105skiego 2021-2027 zawartego pomi\u0119dzy Zarz\u0105dem Wojew\u00f3dztwa \u015al\u0105skiego a Wojew\u00f3dzkim Urz\u0119dem Pracy w Katowicach"}],"components":[{"id":"bf6d5eba-d119-11e7-80a9-005056b46601","type":"ContentWYSIWYG","name":"Tre\u015b\u0107","description":"Tre\u015b\u0107 strony","content":{"content":"","promotion":false}},{"id":"bf6dbc25-d119-11e7-80a9-005056b46601","type":"Gallery","name":"Galeria","description":"Galeria"},{"id":"bf6e1f6b-d119-11e7-80a9-005056b46601","type":"Attachment","name":"Za\u0142\u0105czniki","description":"Za\u0142\u0105czniki do strony","content":[{"src":"\/resource\/68009\/Uchwa%25C5%2582a+nr+1701_441_VI_2023+Zarz%25C4%2585du+Wojew%25C3%25B3dztwa+%25C5%259Al%25C4%2585skiego+z+dnia+9+sierpnia+2023+r..docx","extension":"DOCX","name":"96b8f5ef6f20487f483e2f30781473ec.docx","size":"29.69 KB"},{"src":"\/resource\/68009\/Za%25C5%2582%25C4%2585cznik+nr+1+do+uchwa%25C5%2582y+nr+1701_441_VI_2023+Zarz%25C4%2585du+Wojew%25C3%25B3dztwa+%25C5%259Al%25C4%2585skiego+z+dnia+9+sierpnia+2023+r..doc","extension":"DOC","name":"e7339053ff5a50f2824c8b2b94918d39.doc","size":"163 KB"},{"src":"\/resource\/68009\/Za%25C5%2582%25C4%2585cznik+nr+2+do+uchwa%25C5%2582y+nr+1701_441_VI_2023+Zarz%25C4%2585du+Wojew%25C3%25B3dztwa+%25C5%259Al%25C4%2585skiego+z+dnia+9+sierpnia+2023+r..docx","extension":"DOCX","name":"4f72aa7fc89599633894b144c7eefe58.docx","size":"180.58 KB"},{"src":"\/resource\/68009\/Za%25C5%2582%25C4%2585cznik+nr+1+do+za%25C5%2582%25C4%2585cznika+nr+2+do+Uchwa%25C5%2582y+nr+1701_441_VI_2023+Zarz%25C4%2585du+Wojew%25C3%25B3dztwa+%25C5%259Al%25C4%2585skiego+z+dnia+9+sierpnia+2023+r..docx","extension":"DOCX","name":"e5ba20238a3ae794de84e95d0835e56e.docx","size":"52.84 KB"},{"src":"\/resource\/68009\/Za%25C5%2582%25C4%2585cznik+nr+2+do+za%25C5%2582%25C4%2585cznika+nr+2+do+Uchwa%25C5%2582y+nr+1701_441_VI_2023+Zarz%25C4%2585du+Wojew%25C3%25B3dztwa+%25C5%259Al%25C4%2585skiego+z+dnia+9+sierpnia+2023+r..docx","extension":"DOCX","name":"9430e1a0d0a4fd87cee47d4b9b2dc923.docx","size":"51.33 KB"},{"src":"\/resource\/68009\/Za%25C5%2582%25C4%2585cznik+nr+3+do+za%25C5%2582%25C4%2585cznika+nr+2+do+Uchwa%25C5%2582y+nr+1701_441_VI_2023+Zarz%25C4%2585du+Wojew%25C3%25B3dztwa+%25C5%259Al%25C4%2585skiego+z+dnia+9+sierpnia+2023+r..docx","extension":"DOCX","name":"f6fa10824ce940ca1111bbbbba987296.docx","size":"161.09 KB"},{"src":"\/resource\/68009\/Za%25C5%2582%25C4%2585cznik+nr+4+do+za%25C5%2582%25C4%2585cznika+nr+2+do+Uchwa%25C5%2582y+nr+1701_441_VI_2023+Zarz%25C4%2585du+Wojew%25C3%25B3dztwa+%25C5%259Al%25C4%2585skiego+z+dnia+9+sierpnia+2023+r..pdf","extension":"PDF","name":"4c29e6d0a2795f7fa1a1248adf5bebaf.pdf","size":"2.9 MB"},{"src":"\/resource\/68009\/Za%25C5%2582%25C4%2585cznik+nr+5+do+za%25C5%2582%25C4%2585cznika+nr+2+do+Uchwa%25C5%2582y+nr+1701_441_VI_2023+Zarz%25C4%2585du+Wojew%25C3%25B3dztwa+%25C5%259Al%25C4%2585skiego+z+dnia+9+sierpnia+2023+r..docx","extension":"DOCX","name":"75e75df9c782e12f592337227a385d69.docx","size":"899.19 KB"},{"src":"\/resource\/68009\/Za%25C5%2582%25C4%2585cznik+nr+6+do+za%25C5%2582%25C4%2585cznika+nr+2+do+Uchwa%25C5%2582y+nr+1701_441_VI_2023+Zarz%25C4%2585du+Wojew%25C3%25B3dztwa+%25C5%259Al%25C4%2585skiego+z+dnia+9+sierpnia+2023+r..docx","extension":"DOCX","name":"3c0e02710f3a9070cf8e87dab61c55a1.docx","size":"68.67 KB"},{"src":"\/resource\/68009\/Za%25C5%2582%25C4%2585cznik+do+za%25C5%2582.+nr+5+do+za%25C5%2582.+nr+2+do+Uchwa%25C5%2582y+nr+1701_441_VI_2023+Zarz%25C4%2585du+Wojew%25C3%25B3dztwa+%25C5%259Al%25C4%2585skiego+z+dnia+9+sierpnia+2023+r..docx","extension":"DOCX","name":"b681ef4a8d976aaf8ac124a85bd3d251.docx","size":"972.22 KB"},{"src":"\/resource\/68009\/Za%25C5%2582%25C4%2585cznik+nr+2+do+za%25C5%2582.+nr+5+do+za%25C5%2582.+nr+2+do+Uchwa%25C5%2582y+nr+1701_441_VI_2023+z+dnia+9+sierpnia+2023+r..docx","extension":"DOCX","name":"c0442969c55de6be23c80b602a6b17fd.docx","size":"870.28 KB"},{"src":"\/resource\/68009\/Za%25C5%2582%25C4%2585cznik+nr+3+do+za%25C5%2582.+nr+5+do+za%25C5%2582.+nr+2+do+Uchwa%25C5%2582y+nr+1701_441_VI_2023++z+dnia+9+sierpnia+2023+r..docx","extension":"DOCX","name":"ab51c1910bd6e722b0c756413b3ea115.docx","size":"1.15 MB"},{"src":"\/resource\/68009\/Za%25C5%2582%25C4%2585cznik+nr+4+do+za%25C5%2582.+nr+5+do+za%25C5%2582.+nr+2+do+Uchwa%25C5%2582y+nr+1701_441_VI_2023+z+dnia+9+sierpnia+2023+r..docx","extension":"DOCX","name":"dc7a77c95e6b8c7eace506e0c4c8427c.docx","size":"871.36 KB"},{"src":"\/resource\/68009\/Za%25C5%2582%25C4%2585cznik+nr+5+do+za%25C5%2582.+nr+5+do+za%25C5%2582.+nr+2+do+Uchwa%25C5%2582y+nr+1701_441_VI_2023++z+dnia+9+sierpnia+2023+r..docx","extension":"DOCX","name":"a5102455e3496c9dcc3267b8a8589d5f.docx","size":"863.68 KB"},{"src":"\/resource\/68009\/Za%25C5%2582%25C4%2585cznik+nr+6+do+za%25C5%2582.+nr+5+do+za%25C5%2582.+nr+2+do+Uchwa%25C5%2582y+nr+1701_441_VI_2023+z+dnia+9+sierpnia+2023+r..docx","extension":"DOCX","name":"e3d8f0538be260a78c54951da586200b.docx","size":"865.6 KB"}]},{"id":"eba03b25-d9a7-11e7-b355-005056b70dba","type":"PageTitle","name":"","description":"Tytu\u0142 strony","content":{"title":"Uchwa\u0142a zarz\u0105du nr 1701\/441\/VI\/2023 z dnia 2023-08-09"}},{"id":"eba07701-d9a7-11e7-b355-005056b70dba","type":"PageDescription","name":"","description":"Zajawka strony","content":[]},{"id":"1b1a7940-ff78-11e7-b81e-005056b7801d","type":"SectionDescription","name":"","description":"Zajawka sekcji","content":[]}]}

Uchwała zarządu nr 1701/441/VI/2023 z dnia 2023-08-09

Dodanie artykułu

Urząd Marszałkowski Województwa Śląskiego

Uchwała Zarządu

przyjęcia pakietu aplikacyjnego dla naboru nr  FESL.05.10-IP.02-057/23 realizowanego w sposób niekonkurencyjny w ramach programu Fundusze Europejskie dla Śląskiego 2021-2027, Priorytetu FESL.05 Fundusze Europejskie dla rynku pracy, Działania FESL.05.10 EURES dla PSZ

Numer uchwały

Numer posiedzenia zarządu

art. 41 ust. 2 pkt 4 ustawy z dnia 5 czerwca 1998 r. o samorządzie województwa (tekst jednolity Dz. U. z 2022 r. poz. 2094 z późn. zm.), art. 8 ust.1 pkt 2, art. 44 ust. 1 i 2, art. 45 ust. 2, art. 50 ust.1 i 2 pkt 1 ustawy z dnia 28 kwietnia 2022 r. o zasadach realizacji zadań finansowanych ze środków europejskich w perspektywie finansowej 2021-2027 (Dz. U. z 2022 r. poz. 1079 z późn. zm.), § 1 ust. 1 pkt 12 oraz § 2 ust. 1 pkt 3 i 4 Porozumienia nr 38/RT/2023 z dnia 4 kwietnia 2023 r. w sprawie powierzenia zadań związanych z realizacją programu Fundusze Europejskie dla Śląskiego 2021-2027 zawartego pomiędzy Zarządem Województwa Śląskiego a Wojewódzkim Urzędem Pracy w Katowicach

Treść

Treść strony

Załączniki

Załączniki do strony

Tytuł strony
