{"id":73544,"name":"uchwala-zarzadu-nr-1708365iv2014-z-dnia-2014-09-18","title":"Uchwa\u0142a zarz\u0105du nr 1708\/365\/IV\/2014 z dnia 2014-09-18","desc":"","header":"Uchwa\u0142a zarz\u0105du nr 1708\/365\/IV\/2014 z dnia 2014-09-18","lead":"","keywords":"","changes":"Migracja danych","menu":"","path":"\/samorzad_wojewodztwa\/zarzad_wojewodztwa\/uchwaly_zarzadu\/uchwala-zarzadu-nr-1708365iv2014-z-dnia-2014-09-18.html","url":"\/samorzad_wojewodztwa\/zarzad_wojewodztwa\/uchwaly_zarzadu\/uchwala-zarzadu-nr-1708365iv2014-z-dnia-2014-09-18.html","infoOwner":"Urz\u0105d Marsza\u0142kowski Wojew\u00f3dztwa \u015al\u0105skiego","dateFirstPublicate":"2014-09-22 09:53:08","dateLastVersionPublicate":"2014-09-22 09:53:08","dateAvailableFrom":"","dateAvailableTo":"","type":"Uchwa\u0142a Zarz\u0105du","pageParams":[{"id":"263","name":"Data posiedzenia","description":"Data posiedzenia","value":"2014-09-18 09:53:08"},{"id":"235","name":"W sprawie","description":"W sprawie","value":"udzielenia pe\u0142nomocnictwa do reprezentowania Wojew\u00f3dztwa \u015al\u0105skiego w Nadzwyczajnym Zgromadzeniu Wsp\u00f3lnik\u00f3w Sp\u00f3\u0142ki MEGREZ Sp. z o.o. z siedzib\u0105 w Tychach. "},{"id":"273","name":"NUMER_UCHWALY_ZARZADU","description":"Numer uchwa\u0142y","value":"1708\/365\/IV\/2014"},{"id":"278","name":"Numer posiedzenia zarz\u0105du","description":"Numer posiedzenia zarz\u0105du","value":"365"},{"id":"261","name":"Na podstawie","description":"podstawa prawna","value":"art. 41 ust. 2 pkt. 2 i art. 57 ust. 5 ustawy z dnia 5 czerwca 1998 roku o samorz\u0105dzie wojew\u00f3dztwa (tekst jednolity: Dz. U. z 2013 r. poz. 596 z p\u00f3\u017an. zm.) w zwi\u0105zku z art. 243 \u00a7 1 kodeksu sp\u00f3\u0142ek handlowych (Dz. U. z 2013r.,  poz 1030 ) "}],"components":[{"id":"bf6d5eba-d119-11e7-80a9-005056b46601","type":"ContentWYSIWYG","name":"Tre\u015b\u0107","description":"Tre\u015b\u0107 strony","content":{"content":"","promotion":false}},{"id":"bf6dbc25-d119-11e7-80a9-005056b46601","type":"Gallery","name":"Galeria","description":"Galeria"},{"id":"bf6e1f6b-d119-11e7-80a9-005056b46601","type":"Attachment","name":"Za\u0142\u0105czniki","description":"Za\u0142\u0105czniki do strony","content":[{"src":"\/resource\/104381\/Tre%25C5%259B%25C4%2587+uchwa%25C5%2582y.rtf","extension":"RTF","name":"fe4a57c1abf8083537af5a0f5ae5febc.rtf","size":"42.96 KB"},{"src":"\/resource\/104384\/Za%25C5%2582%25C4%2585cznik+do+uchwa%25C5%2582y.rtf","extension":"RTF","name":"2c21204e922c3a1f6475a9f4e5be42ec.rtf","size":"35.46 KB"}]},{"id":"eba03b25-d9a7-11e7-b355-005056b70dba","type":"PageTitle","name":"","description":"Tytu\u0142 strony","content":{"title":"Uchwa\u0142a zarz\u0105du nr 1708\/365\/IV\/2014 z dnia 2014-09-18"}},{"id":"eba07701-d9a7-11e7-b355-005056b70dba","type":"PageDescription","name":"","description":"Zajawka strony","content":[]},{"id":"1b1a7940-ff78-11e7-b81e-005056b7801d","type":"SectionDescription","name":"","description":"Zajawka sekcji","content":[]}]}

Uchwała zarządu nr 1708/365/IV/2014 z dnia 2014-09-18

Urząd Marszałkowski Województwa Śląskiego

Uchwała Zarządu

udzielenia pełnomocnictwa do reprezentowania Województwa Śląskiego w Nadzwyczajnym Zgromadzeniu Wspólników Spółki MEGREZ Sp. z o.o. z siedzibą w Tychach.

Numer uchwały

Numer posiedzenia zarządu

art. 41 ust. 2 pkt. 2 i art. 57 ust. 5 ustawy z dnia 5 czerwca 1998 roku o samorządzie województwa (tekst jednolity: Dz. U. z 2013 r. poz. 596 z późn. zm.) w związku z art. 243 § 1 kodeksu spółek handlowych (Dz. U. z 2013r.,  poz 1030 )

Treść

Treść strony

Załączniki

Załączniki do strony

Tytuł strony
