{"id":3271,"name":"uchwala-zarzadu-nr-1710-273-v-2018-z-dnia-2018-07-24","title":"Uchwa\u0142a zarz\u0105du nr 1710\/273\/V\/2018 z dnia 2018-07-24","desc":"Uchwa\u0142a nr 1710\/273\/V\/2018 Zarz\u0105du Wojew\u00f3dztwa \u015al\u0105skiego z dnia 24.07.2018 r. w sprawie: zatwierdzenia konkursu na kandydata na stanowisko dyrektora Zespo\u0142u Szk\u00f3\u0142 Specjalnych przy O\u015brodku Leczniczo-Rehabilitacyjnym \u0022Pa\u0142ac Kamieniec\u0022 w Kamie\u0144cu Sp. z o.o.","header":"Uchwa\u0142a zarz\u0105du nr 1710\/273\/V\/2018 z dnia 2018-07-24","lead":"","keywords":"","changes":"wprowadzenie artyku\u0142u","menu":"","path":"\/samorzad_wojewodztwa\/zarzad_wojewodztwa\/uchwaly_zarzadu\/uchwala-zarzadu-nr-1710-273-v-2018-z-dnia-2018-07-24.html","url":"\/samorzad_wojewodztwa\/zarzad_wojewodztwa\/uchwaly_zarzadu\/uchwala-zarzadu-nr-1710-273-v-2018-z-dnia-2018-07-24.html","infoOwner":"Urz\u0105d Marsza\u0142kowski Wojew\u00f3dztwa \u015al\u0105skiego","dateFirstPublicate":"2018-07-26 07:56:07","dateLastVersionPublicate":"2018-07-26 07:56:07","dateAvailableFrom":"2018-07-26 07:54:31","dateAvailableTo":"","type":"Uchwa\u0142a Zarz\u0105du","pageParams":[{"id":"263","name":"Data posiedzenia","description":"Data posiedzenia","value":"2018-07-24"},{"id":"235","name":"W sprawie","description":"W sprawie","value":"zatwierdzenia konkursu na kandydata na stanowisko dyrektora Zespo\u0142u Szk\u00f3\u0142 Specjalnych przy O\u015brodku Leczniczo-Rehabilitacyjnym \u0022Pa\u0142ac Kamieniec\u0022 w Kamie\u0144cu Sp. z o.o."},{"id":"273","name":"NUMER_UCHWALY_ZARZADU","description":"Numer uchwa\u0142y","value":"1710\/273\/V\/2018"},{"id":"278","name":"Numer posiedzenia zarz\u0105du","description":"Numer posiedzenia zarz\u0105du","value":"273"},{"id":"261","name":"Na podstawie","description":"podstawa prawna","value":"Art. 41 ust. 1 ustawy z dnia 5 czerwca 1998r. o samorz\u0105dzie wojew\u00f3dztwa (tekst jednolity: Dz. U. z 2018 r. poz. 913  z p\u00f3\u017an. zm.), \u00a7 8 ust. 2 rozporz\u0105dzenia Ministra Edukacji Narodowej z dnia 11 sierpnia 2017 r. w sprawie regulaminu konkursu na stanowisko dyrektora publicznego przedszkola, publicznej szko\u0142y podstawowej, publicznej szko\u0142y ponadpodstawowej lub publicznej plac\u00f3wki oraz trybu pracy komisji konkursowej (Dz. U. z 2017r. poz. 1587)."}],"components":[{"id":"bf6d5eba-d119-11e7-80a9-005056b46601","type":"ContentWYSIWYG","name":"Tre\u015b\u0107","description":"Tre\u015b\u0107 strony","content":{"content":"","promotion":false}},{"id":"bf6dbc25-d119-11e7-80a9-005056b46601","type":"Gallery","name":"Galeria","description":"Galeria"},{"id":"bf6e1f6b-d119-11e7-80a9-005056b46601","type":"Attachment","name":"Za\u0142\u0105czniki","description":"Za\u0142\u0105czniki do strony","content":[{"src":"\/resource\/5399\/28I+1710.doc","extension":"DOC","name":"e99cc63f1c6c6a8405a36d84fec60eee.doc","size":"40.5 KB"}]},{"id":"eba03b25-d9a7-11e7-b355-005056b70dba","type":"PageTitle","name":"","description":"Tytu\u0142 strony","content":{"title":"Uchwa\u0142a zarz\u0105du nr 1710\/273\/V\/2018 z dnia 2018-07-24"}},{"id":"eba07701-d9a7-11e7-b355-005056b70dba","type":"PageDescription","name":"","description":"Zajawka strony","content":[]},{"id":"1b1a7940-ff78-11e7-b81e-005056b7801d","type":"SectionDescription","name":"","description":"Zajawka sekcji","content":[]}]}

Uchwała zarządu nr 1710/273/V/2018 z dnia 2018-07-24

Uchwała nr 1710/273/V/2018 Zarządu Województwa Śląskiego z dnia 24.07.2018 r. w sprawie: zatwierdzenia konkursu na kandydata na stanowisko dyrektora Zespołu Szkół Specjalnych przy Ośrodku Leczniczo-Rehabilitacyjnym "Pałac Kamieniec" w Kamieńcu Sp. z o.o.

wprowadzenie artykułu

Urząd Marszałkowski Województwa Śląskiego

Uchwała Zarządu

zatwierdzenia konkursu na kandydata na stanowisko dyrektora Zespołu Szkół Specjalnych przy Ośrodku Leczniczo-Rehabilitacyjnym "Pałac Kamieniec" w Kamieńcu Sp. z o.o.

Numer uchwały

Numer posiedzenia zarządu

Art. 41 ust. 1 ustawy z dnia 5 czerwca 1998r. o samorządzie województwa (tekst jednolity: Dz. U. z 2018 r. poz. 913  z późn. zm.), § 8 ust. 2 rozporządzenia Ministra Edukacji Narodowej z dnia 11 sierpnia 2017 r. w sprawie regulaminu konkursu na stanowisko dyrektora publicznego przedszkola, publicznej szkoły podstawowej, publicznej szkoły ponadpodstawowej lub publicznej placówki oraz trybu pracy komisji konkursowej (Dz. U. z 2017r. poz. 1587).

Treść

Treść strony

Załączniki

Załączniki do strony

Tytuł strony
