{"id":47752,"name":"uchwala-zarzadu-nr-1721441vi2023-z-dnia-2023-08-09-1","title":"Uchwa\u0142a zarz\u0105du nr 1721\/441\/VI\/2023 z dnia 2023-08-09","desc":"","header":"Uchwa\u0142a zarz\u0105du nr 1721\/441\/VI\/2023 z dnia 2023-08-09","lead":"","keywords":"","changes":"Publikacja Uchwa\u0142y Zarz\u0105du","menu":"","path":"\/samorzad_wojewodztwa\/zarzad_wojewodztwa\/uchwaly_zarzadu\/uchwala-zarzadu-nr-1721441vi2023-z-dnia-2023-08-09-1.html","url":"\/samorzad_wojewodztwa\/zarzad_wojewodztwa\/uchwaly_zarzadu\/uchwala-zarzadu-nr-1721441vi2023-z-dnia-2023-08-09-1.html","infoOwner":"Urz\u0105d Marsza\u0142kowski Wojew\u00f3dztwa \u015al\u0105skiego","dateFirstPublicate":"2023-08-17 09:56:03","dateLastVersionPublicate":"2023-08-17 09:58:15","dateAvailableFrom":"2023-08-17 09:55:58","dateAvailableTo":"","type":"Uchwa\u0142a Zarz\u0105du","pageParams":[{"id":"263","name":"Data posiedzenia","description":"Data posiedzenia","value":"2023-08-09"},{"id":"235","name":"W sprawie","description":"W sprawie","value":"og\u0142oszenia naboru przedstawicieli organizacji pozarz\u0105dowych do udzia\u0142u w pracach komisji konkursowej oceniaj\u0105cej merytorycznie oferty sk\u0142adane w ramach otwartego konkursu ofert na zadania publiczne Wojew\u00f3dztwa \u015al\u0105skiego, dotycz\u0105ce realizacji zada\u0144 w dziedzinie dzia\u0142alno\u015bci na rzecz os\u00f3b niepe\u0142nosprawnych pn.: \u201e\u015al\u0105ska paleta niepe\u0142nosprawno\u015bci \u201d, finansowanego ze \u015brodk\u00f3w Pa\u0144stwowego Funduszu Rehabilitacji Os\u00f3b Niepe\u0142nosprawnych"},{"id":"273","name":"NUMER_UCHWALY_ZARZADU","description":"Numer uchwa\u0142y","value":"1721\/441\/VI\/2023"},{"id":"278","name":"Numer posiedzenia zarz\u0105du","description":"Numer posiedzenia zarz\u0105du","value":"441"},{"id":"261","name":"Na podstawie","description":"podstawa prawna","value":"art. 41 ust. 1 ustawy z dnia 5 czerwca 1998 r. o samorz\u0105dzie wojew\u00f3dztwa (t.j. Dz. U. z 2022 r. poz. 2094, z p\u00f3\u017an. zm.), art. 13 i art. 15 ust. 2a, 2b i 2d ustawy z dnia 24 kwietnia 2003 r. o dzia\u0142alno\u015bci po\u017cytku publicznego i o wolontariacie (t.j. Dz.U. z 2023 r. poz. 571, z p\u00f3\u017an. zm.), art. 36 ust. 2 i 3 oraz art. 47 ust. 1 pkt 1a ustawy z dnia 27 sierpnia 1997 r. o rehabilitacji zawodowej i spo\u0142ecznej oraz zatrudnianiu os\u00f3b niepe\u0142nosprawnych (t.j. Dz. U. z 2023 r. poz. 100, z p\u00f3\u017an. zm.) oraz Rozporz\u0105dzenia Ministra Pracy i Polityki Spo\u0142ecznej z 7 lutego 2008 r. w sprawie rodzaj\u00f3w zada\u0144 z zakresu rehabilitacji zawodowej i spo\u0142ecznej os\u00f3b niepe\u0142nosprawnych zlecanych fundacjom oraz organizacjom pozarz\u0105dowym(t.j. Dz. U. z 2016, poz. 1945), uchwa\u0142y Nr VI\/55\/6\/2023 Sejmiku Wojew\u00f3dztwa \u015al\u0105skiego z dnia 27 marca 2023 r. w sprawie okre\u015blenia zada\u0144, na kt\u00f3re Wojew\u00f3dztwo \u015al\u0105skie przeznacza \u015brodki Pa\u0144stwowego Funduszu Rehabilitacji Os\u00f3b Niepe\u0142nosprawnych w 2023 roku, uchwa\u0142y Nr VI\/50\/15\/2022 Sejmiku Wojew\u00f3dztwa \u015al\u0105skiego z dnia 21 listopada 2022 r. w sprawie przyj\u0119cia Programu wsp\u00f3\u0142pracy Samorz\u0105du Wojew\u00f3dztwa \u015al\u0105skiego z organizacjami pozarz\u0105dowymi oraz podmiotami wymienionymi w art. 3 ust. 3 ustawy o dzia\u0142alno\u015bci po\u017cytku publicznego i o wolontariacie na rok 2023, z p\u00f3\u017an. zm."}],"components":[{"id":"bf6d5eba-d119-11e7-80a9-005056b46601","type":"ContentWYSIWYG","name":"Tre\u015b\u0107","description":"Tre\u015b\u0107 strony","content":{"content":"","promotion":false}},{"id":"bf6dbc25-d119-11e7-80a9-005056b46601","type":"Gallery","name":"Galeria","description":"Galeria"},{"id":"bf6e1f6b-d119-11e7-80a9-005056b46601","type":"Attachment","name":"Za\u0142\u0105czniki","description":"Za\u0142\u0105czniki do strony","content":[{"src":"\/resource\/68191\/1721.rtf","extension":"RTF","name":"8fbe3a3c9cbdb5cc00e1190f01505fdb.rtf","size":"91.25 KB"},{"src":"\/resource\/68191\/1721+za%25C5%2582+1.rtf","extension":"RTF","name":"cdfcdbffd9c6e7b78bb0374a52203a3a.rtf","size":"3.85 MB"},{"src":"\/resource\/68191\/1721+za%25C5%2582+2.rtf","extension":"RTF","name":"dca8b32b2a752ec71d43303aead236e5.rtf","size":"178.29 KB"}]},{"id":"eba03b25-d9a7-11e7-b355-005056b70dba","type":"PageTitle","name":"","description":"Tytu\u0142 strony","content":{"title":"Uchwa\u0142a zarz\u0105du nr 1721\/441\/VI\/2023 z dnia 2023-08-09"}},{"id":"eba07701-d9a7-11e7-b355-005056b70dba","type":"PageDescription","name":"","description":"Zajawka strony","content":[]},{"id":"1b1a7940-ff78-11e7-b81e-005056b7801d","type":"SectionDescription","name":"","description":"Zajawka sekcji","content":[]}]}

Uchwała zarządu nr 1721/441/VI/2023 z dnia 2023-08-09

Publikacja Uchwały Zarządu

Urząd Marszałkowski Województwa Śląskiego

Uchwała Zarządu

ogłoszenia naboru przedstawicieli organizacji pozarządowych do udziału w pracach komisji konkursowej oceniającej merytorycznie oferty składane w ramach otwartego konkursu ofert na zadania publiczne Województwa Śląskiego, dotyczące realizacji zadań w dziedzinie działalności na rzecz osób niepełnosprawnych pn.: „Śląska paleta niepełnosprawności ”, finansowanego ze środków Państwowego Funduszu Rehabilitacji Osób Niepełnosprawnych

Numer uchwały

Numer posiedzenia zarządu

art. 41 ust. 1 ustawy z dnia 5 czerwca 1998 r. o samorządzie województwa (t.j. Dz. U. z 2022 r. poz. 2094, z późn. zm.), art. 13 i art. 15 ust. 2a, 2b i 2d ustawy z dnia 24 kwietnia 2003 r. o działalności pożytku publicznego i o wolontariacie (t.j. Dz.U. z 2023 r. poz. 571, z późn. zm.), art. 36 ust. 2 i 3 oraz art. 47 ust. 1 pkt 1a ustawy z dnia 27 sierpnia 1997 r. o rehabilitacji zawodowej i społecznej oraz zatrudnianiu osób niepełnosprawnych (t.j. Dz. U. z 2023 r. poz. 100, z późn. zm.) oraz Rozporządzenia Ministra Pracy i Polityki Społecznej z 7 lutego 2008 r. w sprawie rodzajów zadań z zakresu rehabilitacji zawodowej i społecznej osób niepełnosprawnych zlecanych fundacjom oraz organizacjom pozarządowym(t.j. Dz. U. z 2016, poz. 1945), uchwały Nr VI/55/6/2023 Sejmiku Województwa Śląskiego z dnia 27 marca 2023 r. w sprawie określenia zadań, na które Województwo Śląskie przeznacza środki Państwowego Funduszu Rehabilitacji Osób Niepełnosprawnych w 2023 roku, uchwały Nr VI/50/15/2022 Sejmiku Województwa Śląskiego z dnia 21 listopada 2022 r. w sprawie przyjęcia Programu współpracy Samorządu Województwa Śląskiego z organizacjami pozarządowymi oraz podmiotami wymienionymi w art. 3 ust. 3 ustawy o działalności pożytku publicznego i o wolontariacie na rok 2023, z późn. zm.

Treść

Treść strony

Załączniki

Załączniki do strony

Tytuł strony
