{"id":38312,"name":"uchwala-zarzadu-nr-1727363vi2022-z-dnia-2022-09-21","title":"Uchwa\u0142a zarz\u0105du nr 1727\/363\/VI\/2022 z dnia 2022-09-21","desc":"","header":"Uchwa\u0142a zarz\u0105du nr 1727\/363\/VI\/2022 z dnia 2022-09-21","lead":"","keywords":"","changes":"dodanie artyku\u0142u","menu":"","path":"\/samorzad_wojewodztwa\/zarzad_wojewodztwa\/uchwaly_zarzadu\/uchwala-zarzadu-nr-1727363vi2022-z-dnia-2022-09-21.html","url":"\/samorzad_wojewodztwa\/zarzad_wojewodztwa\/uchwaly_zarzadu\/uchwala-zarzadu-nr-1727363vi2022-z-dnia-2022-09-21.html","infoOwner":"Urz\u0105d Marsza\u0142kowski Wojew\u00f3dztwa \u015al\u0105skiego","dateFirstPublicate":"2022-09-28 13:33:46","dateLastVersionPublicate":"2022-09-28 13:33:46","dateAvailableFrom":"","dateAvailableTo":"","type":"Uchwa\u0142a Zarz\u0105du","pageParams":[{"id":"263","name":"Data posiedzenia","description":"Data posiedzenia","value":"2022-09-21"},{"id":"235","name":"W sprawie","description":"W sprawie","value":"zmiany uchwa\u0142y nr 1274\/350\/VI\/2022 Zarz\u0105du Wojew\u00f3dztwa \u015al\u0105skiego z dnia 20.07.2022 r. poprzez zmian\u0119 pakietu aplikacyjnego naboru nr RPSL.04.01.03-IZ.01-24-199\/17 w ramach poddzia\u0142ania 4.1.3 Odnawialne \u017ar\u00f3d\u0142a energii \u2013 konkurs, obowi\u0105zuj\u0105cego tak\u017ce dla naboru nr RPSL.14.03.00-IZ.01-24-410\/22 w ramach dzia\u0142ania 14.3. Odnawialne \u017ar\u00f3d\u0142a energii \u2013 REACT-EU RPO WSL 2014-2020."},{"id":"273","name":"NUMER_UCHWALY_ZARZADU","description":"Numer uchwa\u0142y","value":"1727\/363\/VI\/2022"},{"id":"278","name":"Numer posiedzenia zarz\u0105du","description":"Numer posiedzenia zarz\u0105du","value":"363"},{"id":"261","name":"Na podstawie","description":"podstawa prawna","value":"art. 41 ust. 2 pkt. 4 ustawy z dnia 5 czerwca 1998 r. o samorz\u0105dzie wojew\u00f3dztwa (tekst jednolity: Dz. U. z 2022 poz. 547 z p\u00f3\u017an. zm.) art. 9 ust. 1 pkt 2, art. 38 ust. 1 pkt 1, art. 39, art. 40 oraz art. 41 ustawy z dnia 11 lipca 2014 r. o zasadach realizacji program\u00f3w w zakresie polityki sp\u00f3jno\u015bci finansowanych w perspektywie finansowej 2014-2020 (tekst jednolity Dz. U. z 2020 r. poz. 818 z p\u00f3\u017an. zm.)."}],"components":[{"id":"bf6d5eba-d119-11e7-80a9-005056b46601","type":"ContentWYSIWYG","name":"Tre\u015b\u0107","description":"Tre\u015b\u0107 strony","content":{"content":"","promotion":false}},{"id":"bf6dbc25-d119-11e7-80a9-005056b46601","type":"Gallery","name":"Galeria","description":"Galeria"},{"id":"bf6e1f6b-d119-11e7-80a9-005056b46601","type":"Attachment","name":"Za\u0142\u0105czniki","description":"Za\u0142\u0105czniki do strony","content":[{"src":"\/resource\/58374\/Uchwa%25C5%2582a+nr+1727_363_VI_2022+Zarz%25C4%2585du+Wojew%25C3%25B3dztwa+%25C5%259Al%25C4%2585skiego+z+dnia+21.09.2022+r..rtf","extension":"RTF","name":"048232f12a9eed3889fda8c6d0e1fe08.rtf","size":"172.15 KB"},{"src":"\/resource\/58374\/Za%25C5%2582%25C4%2585cznik+nr+1+do+Uchwa%25C5%2582y+nr+1727_363_VI_2022+Zarz%25C4%2585du+Wojew%25C3%25B3dztwa+%25C5%259Al%25C4%2585skiego+z+dnia+21.09.2022+r..rtf","extension":"RTF","name":"83c8f4adcf04eab15d3b738aba94e446.rtf","size":"3.32 MB"},{"src":"\/resource\/58374\/Za%25C5%2582%25C4%2585cznik+nr+2+do+Uchwa%25C5%2582y+nr+1727_363_VI_2022+Zarz%25C4%2585du+Wojew%25C3%25B3dztwa+%25C5%259Al%25C4%2585skiego+z+dnia+21.09.2022+r..rtf","extension":"RTF","name":"a54ec08c5fded7b533253ecdcf97b808.rtf","size":"112.42 KB"}]},{"id":"eba03b25-d9a7-11e7-b355-005056b70dba","type":"PageTitle","name":"","description":"Tytu\u0142 strony","content":{"title":"Uchwa\u0142a zarz\u0105du nr 1727\/363\/VI\/2022 z dnia 2022-09-21"}},{"id":"eba07701-d9a7-11e7-b355-005056b70dba","type":"PageDescription","name":"","description":"Zajawka strony","content":[]},{"id":"1b1a7940-ff78-11e7-b81e-005056b7801d","type":"SectionDescription","name":"","description":"Zajawka sekcji","content":[]}]}

Uchwała zarządu nr 1727/363/VI/2022 z dnia 2022-09-21

dodanie artykułu

Urząd Marszałkowski Województwa Śląskiego

Uchwała Zarządu

zmiany uchwały nr 1274/350/VI/2022 Zarządu Województwa Śląskiego z dnia 20.07.2022 r. poprzez zmianę pakietu aplikacyjnego naboru nr RPSL.04.01.03-IZ.01-24-199/17 w ramach poddziałania 4.1.3 Odnawialne źródła energii – konkurs, obowiązującego także dla naboru nr RPSL.14.03.00-IZ.01-24-410/22 w ramach działania 14.3. Odnawialne źródła energii – REACT-EU RPO WSL 2014-2020.

Numer uchwały

Numer posiedzenia zarządu

art. 41 ust. 2 pkt. 4 ustawy z dnia 5 czerwca 1998 r. o samorządzie województwa (tekst jednolity: Dz. U. z 2022 poz. 547 z późn. zm.) art. 9 ust. 1 pkt 2, art. 38 ust. 1 pkt 1, art. 39, art. 40 oraz art. 41 ustawy z dnia 11 lipca 2014 r. o zasadach realizacji programów w zakresie polityki spójności finansowanych w perspektywie finansowej 2014-2020 (tekst jednolity Dz. U. z 2020 r. poz. 818 z późn. zm.).

Treść

Treść strony

Załączniki

Załączniki do strony

Tytuł strony
