{"id":47578,"name":"uchwala-zarzadu-nr-1727441vi2023-z-dnia-2023-08-09","title":"Uchwa\u0142a zarz\u0105du nr 1727\/441\/VI\/2023 z dnia 2023-08-09","desc":"","header":"Uchwa\u0142a zarz\u0105du nr 1727\/441\/VI\/2023 z dnia 2023-08-09","lead":"","keywords":"","changes":"Dodanie Uchwa\u0142y","menu":"","path":"\/samorzad_wojewodztwa\/zarzad_wojewodztwa\/uchwaly_zarzadu\/uchwala-zarzadu-nr-1727441vi2023-z-dnia-2023-08-09.html","url":"\/samorzad_wojewodztwa\/zarzad_wojewodztwa\/uchwaly_zarzadu\/uchwala-zarzadu-nr-1727441vi2023-z-dnia-2023-08-09.html","infoOwner":"Urz\u0105d Marsza\u0142kowski Wojew\u00f3dztwa \u015al\u0105skiego","dateFirstPublicate":"2023-08-11 10:30:30","dateLastVersionPublicate":"2023-08-11 10:30:30","dateAvailableFrom":"2023-08-11 10:25:14","dateAvailableTo":"","type":"Uchwa\u0142a Zarz\u0105du","pageParams":[{"id":"263","name":"Data posiedzenia","description":"Data posiedzenia","value":"2023-08-09"},{"id":"235","name":"W sprawie","description":"W sprawie","value":"wyra\u017cenia zgody na z\u0142o\u017cenie przez Wojew\u00f3dztwo \u015al\u0105skie - Regionalny O\u015brodek Polityki Spo\u0142ecznej Wojew\u00f3dztwa \u015al\u0105skiego wniosku o dofinansowanie projektu w\u0142asnego\r\npn.: \u201e\u015al\u0105ski senior \u2013 wsparcie i aktywizacja\u201d w spos\u00f3b niekonkurencyjny, w ramach Programu Fundusze Europejskie dla \u015al\u0105skiego 2021-2027, priorytet FESL.07 Fundusze Europejskie dla spo\u0142ecze\u0144stwa, dzia\u0142ania FESL.07.05 Strategiczne projekty dla obszaru us\u0142ug spo\u0142ecznych, EFS+.CP4.K - Zwi\u0119kszanie r\u00f3wnego i szybkiego dost\u0119pu do dobrej jako\u015bci, trwa\u0142ych i przyst\u0119pnych cenowo us\u0142ug, w tym us\u0142ug, kt\u00f3re wspieraj\u0105 dost\u0119p do mieszka\u0144 oraz opieki skoncentrowanej na osobie, w tym opieki zdrowotnej; modernizacja system\u00f3w ochrony socjalnej, w tym wspieranie dost\u0119pu do ochrony socjalnej, ze szczeg\u00f3lnym uwzgl\u0119dnieniem dzieci i grup w niekorzystnej sytuacji; poprawa dost\u0119pno\u015bci, w tym dla os\u00f3b z niepe\u0142nosprawno\u015bciami, skuteczno\u015bci i odporno\u015bci system\u00f3w ochrony zdrowia i us\u0142ug opieki d\u0142ugoterminowej oraz udzielenie pe\u0142nomocnictwa Dyrektorowi Regionalnego O\u015brodka Polityki Spo\u0142ecznej Wojew\u00f3dztwa \u015al\u0105skiego"},{"id":"273","name":"NUMER_UCHWALY_ZARZADU","description":"Numer uchwa\u0142y","value":"1727\/441\/VI\/2023"},{"id":"278","name":"Numer posiedzenia zarz\u0105du","description":"Numer posiedzenia zarz\u0105du","value":"441"},{"id":"261","name":"Na podstawie","description":"podstawa prawna","value":"art. 41 ust. 1 oraz art. 56 ust. 2 ustawy z dnia 5 czerwca 1998 r. o samorz\u0105dzie wojew\u00f3dztwa (tekst jednolity: Dz. U. z 2022 r. poz. 2094 ze zm.), \u00a7 2 ust. 2 uchwa\u0142y nr VI\/52\/1\/2022 Sejmiku Wojew\u00f3dztwa \u015al\u0105skiego z dnia 19 grudnia 2022 r. w sprawie Wieloletniej Prognozy Finansowej Wojew\u00f3dztwa \u015al\u0105skiego na lata 2023-2035 ze zm."}],"components":[{"id":"bf6d5eba-d119-11e7-80a9-005056b46601","type":"ContentWYSIWYG","name":"Tre\u015b\u0107","description":"Tre\u015b\u0107 strony","content":{"content":"","promotion":false}},{"id":"bf6dbc25-d119-11e7-80a9-005056b46601","type":"Gallery","name":"Galeria","description":"Galeria"},{"id":"bf6e1f6b-d119-11e7-80a9-005056b46601","type":"Attachment","name":"Za\u0142\u0105czniki","description":"Za\u0142\u0105czniki do strony","content":[{"src":"\/resource\/68016\/Uchwa%25C5%2582a+nr+1727.441.VI.2023+ZWSl+z+dn.+09.08.2023+r..docx","extension":"DOCX","name":"1f22d63fb96d6b51fc82039ea64b43c6.docx","size":"28.14 KB"},{"src":"\/resource\/68016\/Za%25C5%2582.+do+Uchwa%25C5%2582y+nr+1727.441.VI.2023+ZWSl.docx","extension":"DOCX","name":"bc46dd61d33d747b7b13c35882d3507f.docx","size":"41.93 KB"}]},{"id":"eba03b25-d9a7-11e7-b355-005056b70dba","type":"PageTitle","name":"","description":"Tytu\u0142 strony","content":{"title":"Uchwa\u0142a zarz\u0105du nr 1727\/441\/VI\/2023 z dnia 2023-08-09"}},{"id":"eba07701-d9a7-11e7-b355-005056b70dba","type":"PageDescription","name":"","description":"Zajawka strony","content":[]},{"id":"1b1a7940-ff78-11e7-b81e-005056b7801d","type":"SectionDescription","name":"","description":"Zajawka sekcji","content":[]}]}

Uchwała zarządu nr 1727/441/VI/2023 z dnia 2023-08-09

Dodanie Uchwały

Urząd Marszałkowski Województwa Śląskiego

Uchwała Zarządu

wyrażenia zgody na złożenie przez Województwo Śląskie - Regionalny Ośrodek Polityki Społecznej Województwa Śląskiego wniosku o dofinansowanie projektu własnego
pn.: „Śląski senior – wsparcie i aktywizacja” w sposób niekonkurencyjny, w ramach Programu Fundusze Europejskie dla Śląskiego 2021-2027, priorytet FESL.07 Fundusze Europejskie dla społeczeństwa, działania FESL.07.05 Strategiczne projekty dla obszaru usług społecznych, EFS+.CP4.K - Zwiększanie równego i szybkiego dostępu do dobrej jakości, trwałych i przystępnych cenowo usług, w tym usług, które wspierają dostęp do mieszkań oraz opieki skoncentrowanej na osobie, w tym opieki zdrowotnej; modernizacja systemów ochrony socjalnej, w tym wspieranie dostępu do ochrony socjalnej, ze szczególnym uwzględnieniem dzieci i grup w niekorzystnej sytuacji; poprawa dostępności, w tym dla osób z niepełnosprawnościami, skuteczności i odporności systemów ochrony zdrowia i usług opieki długoterminowej oraz udzielenie pełnomocnictwa Dyrektorowi Regionalnego Ośrodka Polityki Społecznej Województwa Śląskiego

Numer uchwały

Numer posiedzenia zarządu

art. 41 ust. 1 oraz art. 56 ust. 2 ustawy z dnia 5 czerwca 1998 r. o samorządzie województwa (tekst jednolity: Dz. U. z 2022 r. poz. 2094 ze zm.), § 2 ust. 2 uchwały nr VI/52/1/2022 Sejmiku Województwa Śląskiego z dnia 19 grudnia 2022 r. w sprawie Wieloletniej Prognozy Finansowej Województwa Śląskiego na lata 2023-2035 ze zm.

Treść

Treść strony

Załączniki

Załączniki do strony

Tytuł strony
