{"id":47572,"name":"uchwala-zarzadu-nr-1729441vi2023-z-dnia-2023-08-09","title":"Uchwa\u0142a zarz\u0105du nr 1729\/441\/VI\/2023 z dnia 2023-08-09","desc":"","header":"Uchwa\u0142a zarz\u0105du nr 1729\/441\/VI\/2023 z dnia 2023-08-09","lead":"","keywords":"","changes":"Dodanie Uchwa\u0142y","menu":"","path":"\/samorzad_wojewodztwa\/zarzad_wojewodztwa\/uchwaly_zarzadu\/uchwala-zarzadu-nr-1729441vi2023-z-dnia-2023-08-09.html","url":"\/samorzad_wojewodztwa\/zarzad_wojewodztwa\/uchwaly_zarzadu\/uchwala-zarzadu-nr-1729441vi2023-z-dnia-2023-08-09.html","infoOwner":"Urz\u0105d Marsza\u0142kowski Wojew\u00f3dztwa \u015al\u0105skiego","dateFirstPublicate":"2023-08-11 09:50:16","dateLastVersionPublicate":"2023-08-11 09:50:16","dateAvailableFrom":"2023-08-11 09:41:05","dateAvailableTo":"","type":"Uchwa\u0142a Zarz\u0105du","pageParams":[{"id":"263","name":"Data posiedzenia","description":"Data posiedzenia","value":"2023-08-09"},{"id":"235","name":"W sprawie","description":"W sprawie","value":"wyra\u017cenia zgody na z\u0142o\u017cenie przez Wojew\u00f3dztwo \u015al\u0105skie \u2013 Wojew\u00f3dzki Urz\u0105d Pracy w Katowicach wniosku o dofinansowanie projektu w\u0142asnego pn.: \u0022Opracowanie modelu prognozowania i monitorowania zmian na rynku pracy\u0022 oraz udzielenie pe\u0142nomocnictwa Dyrektorowi Wojew\u00f3dzkiego Urz\u0119du Pracy w Katowicach"},{"id":"273","name":"NUMER_UCHWALY_ZARZADU","description":"Numer uchwa\u0142y","value":"1729\/441\/VI\/2023"},{"id":"278","name":"Numer posiedzenia zarz\u0105du","description":"Numer posiedzenia zarz\u0105du","value":"441"},{"id":"261","name":"Na podstawie","description":"podstawa prawna","value":"art. 41 ust. 1, art. 56 ust. 2 oraz art. 14 ust. 1 pkt 15 ustawy z dnia 5 czerwca 1998 r. o samorz\u0105dzie wojew\u00f3dztwa (tekst jednolity: Dz. U. z 2022 r., poz. 2094 z p\u00f3\u017an. zm.) oraz art. 8 ust. 1 pkt 6 lit. b ustawy o promocji zatrudnienia i instytucjach rynku pracy (tekst jednolity: Dz. U. z 2023 r., poz. 735 z p\u00f3\u017an. zm.), oraz \u00a7 2 ust. 2 uchwa\u0142y nr VI\/52\/1\/2022 Sejmiku Wojew\u00f3dztwa \u015al\u0105skiego z dnia 19 grudnia 2022 r. w sprawie Wieloletniej Prognozy Finansowej Wojew\u00f3dztwa \u015al\u0105skiego na lata 2023-2025"}],"components":[{"id":"bf6d5eba-d119-11e7-80a9-005056b46601","type":"ContentWYSIWYG","name":"Tre\u015b\u0107","description":"Tre\u015b\u0107 strony","content":{"content":"","promotion":false}},{"id":"bf6dbc25-d119-11e7-80a9-005056b46601","type":"Gallery","name":"Galeria","description":"Galeria"},{"id":"bf6e1f6b-d119-11e7-80a9-005056b46601","type":"Attachment","name":"Za\u0142\u0105czniki","description":"Za\u0142\u0105czniki do strony","content":[{"src":"\/resource\/68010\/Uchwa%25C5%2582a+nr+1729.441.VI.2023+ZWSl+z+dn.+09.08.2023+r..docx","extension":"DOCX","name":"7160242c772671d5798ab7f3ede5ea33.docx","size":"22.29 KB"},{"src":"\/resource\/68010\/Za%25C5%2582.+do+Uchwa%25C5%2582y+nr+1729.441.VI.2023+ZWSl.docx","extension":"DOCX","name":"70eaffe96dfc08525cbc89223d895c0c.docx","size":"43.34 KB"}]},{"id":"eba03b25-d9a7-11e7-b355-005056b70dba","type":"PageTitle","name":"","description":"Tytu\u0142 strony","content":{"title":"Uchwa\u0142a zarz\u0105du nr 1729\/441\/VI\/2023 z dnia 2023-08-09"}},{"id":"eba07701-d9a7-11e7-b355-005056b70dba","type":"PageDescription","name":"","description":"Zajawka strony","content":[]},{"id":"1b1a7940-ff78-11e7-b81e-005056b7801d","type":"SectionDescription","name":"","description":"Zajawka sekcji","content":[]}]}

Uchwała zarządu nr 1729/441/VI/2023 z dnia 2023-08-09

Dodanie Uchwały

Urząd Marszałkowski Województwa Śląskiego

Uchwała Zarządu

wyrażenia zgody na złożenie przez Województwo Śląskie – Wojewódzki Urząd Pracy w Katowicach wniosku o dofinansowanie projektu własnego pn.: "Opracowanie modelu prognozowania i monitorowania zmian na rynku pracy" oraz udzielenie pełnomocnictwa Dyrektorowi Wojewódzkiego Urzędu Pracy w Katowicach

Numer uchwały

Numer posiedzenia zarządu

art. 41 ust. 1, art. 56 ust. 2 oraz art. 14 ust. 1 pkt 15 ustawy z dnia 5 czerwca 1998 r. o samorządzie województwa (tekst jednolity: Dz. U. z 2022 r., poz. 2094 z późn. zm.) oraz art. 8 ust. 1 pkt 6 lit. b ustawy o promocji zatrudnienia i instytucjach rynku pracy (tekst jednolity: Dz. U. z 2023 r., poz. 735 z późn. zm.), oraz § 2 ust. 2 uchwały nr VI/52/1/2022 Sejmiku Województwa Śląskiego z dnia 19 grudnia 2022 r. w sprawie Wieloletniej Prognozy Finansowej Województwa Śląskiego na lata 2023-2025

Treść

Treść strony

Załączniki

Załączniki do strony

Tytuł strony
