{"id":64673,"name":"uchwala-zarzadu-nr-1736212v2017-z-dnia-2017-08-22","title":"Uchwa\u0142a zarz\u0105du nr 1736\/212\/V\/2017 z dnia 2017-08-22","desc":"","header":"Uchwa\u0142a zarz\u0105du nr 1736\/212\/V\/2017 z dnia 2017-08-22","lead":"","keywords":"","changes":"Migracja danych","menu":"","path":"\/samorzad_wojewodztwa\/zarzad_wojewodztwa\/uchwaly_zarzadu\/uchwala-zarzadu-nr-1736212v2017-z-dnia-2017-08-22.html","url":"\/samorzad_wojewodztwa\/zarzad_wojewodztwa\/uchwaly_zarzadu\/uchwala-zarzadu-nr-1736212v2017-z-dnia-2017-08-22.html","infoOwner":"Urz\u0105d Marsza\u0142kowski Wojew\u00f3dztwa \u015al\u0105skiego","dateFirstPublicate":"2017-08-23 12:26:22","dateLastVersionPublicate":"2017-08-23 12:26:22","dateAvailableFrom":"","dateAvailableTo":"","type":"Uchwa\u0142a Zarz\u0105du","pageParams":[{"id":"263","name":"Data posiedzenia","description":"Data posiedzenia","value":"2017-08-22 12:26:21"},{"id":"235","name":"W sprawie","description":"W sprawie","value":"pozytywnego zaopiniowanie wniosku o ponowny wpis o\u015brodka o nazwie: O\u015brodek Intensywnej Rehabilitacji Dzieci \u0022Micha\u0142kowo\u0022 Tomasz \u0106wiertnia, ul. Klimczoka 80, 43-360 Bystra do rejestru o\u015brodk\u00f3w, w kt\u00f3rych mog\u0105 odbywa\u0107 si\u0119 turnusy rehabilitacyjne."},{"id":"273","name":"NUMER_UCHWALY_ZARZADU","description":"Numer uchwa\u0142y","value":"1736\/212\/V\/2017"},{"id":"278","name":"Numer posiedzenia zarz\u0105du","description":"Numer posiedzenia zarz\u0105du","value":"212"},{"id":"261","name":"Na podstawie","description":"podstawa prawna","value":"art. 14 ust 1 pkt 2 i art. 41 ust 1 ustawy z dnia 5 czerwca 1998 roku o samorz\u0105dzie  wojew\u00f3dztwa \r\n(tekst jednolity: Dz. U. z 2016 r., poz. 486 z p\u00f3\u017an. zm.), art. 10 d ust. 2  oraz art. 35 ust. 1 pkt. 9 ustawy  \r\nz dnia 27 sierpnia 1997 roku o rehabilitacji zawodowej i  spo\u0142ecznej oraz zatrudnianiu os\u00f3b niepe\u0142nosprawnych (tekst jednolity Dz. U. z 2016 r. poz. 2046 z p\u00f3\u017an. zm.), \u00a7 14 rozporz\u0105dzenia Ministra Pracy i Polityki Spo\u0142ecznej z dnia 15 listopada 2007 roku w sprawie turnus\u00f3w rehabilitacyjnych (Dz. U. z 2007 r., Nr 230, poz. 1694).\r\n"}],"components":[{"id":"bf6d5eba-d119-11e7-80a9-005056b46601","type":"ContentWYSIWYG","name":"Tre\u015b\u0107","description":"Tre\u015b\u0107 strony","content":{"content":"","promotion":false}},{"id":"bf6dbc25-d119-11e7-80a9-005056b46601","type":"Gallery","name":"Galeria","description":"Galeria"},{"id":"bf6e1f6b-d119-11e7-80a9-005056b46601","type":"Attachment","name":"Za\u0142\u0105czniki","description":"Za\u0142\u0105czniki do strony","content":[{"src":"\/resource\/87941\/Tre%25C5%259B%25C4%2587+uchwa%25C5%2582y.rtf","extension":"RTF","name":"e10a8efc2a7ae32eb05e8a50042cb14e.rtf","size":"51.75 KB"},{"src":"\/resource\/87944\/Za%25C5%2582%25C4%2585cznik+do+uchwa%25C5%2582y.rtf","extension":"RTF","name":"44fb5e2d9c144bbfe666d60620fdff6c.rtf","size":"284.72 KB"}]},{"id":"eba03b25-d9a7-11e7-b355-005056b70dba","type":"PageTitle","name":"","description":"Tytu\u0142 strony","content":{"title":"Uchwa\u0142a zarz\u0105du nr 1736\/212\/V\/2017 z dnia 2017-08-22"}},{"id":"eba07701-d9a7-11e7-b355-005056b70dba","type":"PageDescription","name":"","description":"Zajawka strony","content":[]},{"id":"1b1a7940-ff78-11e7-b81e-005056b7801d","type":"SectionDescription","name":"","description":"Zajawka sekcji","content":[]}]}

Uchwała zarządu nr 1736/212/V/2017 z dnia 2017-08-22

Urząd Marszałkowski Województwa Śląskiego

Uchwała Zarządu

pozytywnego zaopiniowanie wniosku o ponowny wpis ośrodka o nazwie: Ośrodek Intensywnej Rehabilitacji Dzieci "Michałkowo" Tomasz Ćwiertnia, ul. Klimczoka 80, 43-360 Bystra do rejestru ośrodków, w których mogą odbywać się turnusy rehabilitacyjne.

Numer uchwały

Numer posiedzenia zarządu

art. 14 ust 1 pkt 2 i art. 41 ust 1 ustawy z dnia 5 czerwca 1998 roku o samorządzie  województwa 
(tekst jednolity: Dz. U. z 2016 r., poz. 486 z późn. zm.), art. 10 d ust. 2  oraz art. 35 ust. 1 pkt. 9 ustawy  
z dnia 27 sierpnia 1997 roku o rehabilitacji zawodowej i  społecznej oraz zatrudnianiu osób niepełnosprawnych (tekst jednolity Dz. U. z 2016 r. poz. 2046 z późn. zm.), § 14 rozporządzenia Ministra Pracy i Polityki Społecznej z dnia 15 listopada 2007 roku w sprawie turnusów rehabilitacyjnych (Dz. U. z 2007 r., Nr 230, poz. 1694).

Treść

Treść strony

Załączniki

Załączniki do strony

Tytuł strony
