{"id":47991,"name":"uchwala-zarzadu-nr-1737441vi2023-z-dnia-2023-08-09","title":"Uchwa\u0142a zarz\u0105du nr 1737\/441\/VI\/2023 z dnia 2023-08-09","desc":"","header":"Uchwa\u0142a zarz\u0105du nr 1737\/441\/VI\/2023 z dnia 2023-08-09","lead":"","keywords":"","changes":"Publikacja uchwa\u0142y","menu":"","path":"\/samorzad_wojewodztwa\/zarzad_wojewodztwa\/uchwaly_zarzadu\/uchwala-zarzadu-nr-1737441vi2023-z-dnia-2023-08-09.html","url":"\/samorzad_wojewodztwa\/zarzad_wojewodztwa\/uchwaly_zarzadu\/uchwala-zarzadu-nr-1737441vi2023-z-dnia-2023-08-09.html","infoOwner":"Urz\u0105d Marsza\u0142kowski Wojew\u00f3dztwa \u015al\u0105skiego","dateFirstPublicate":"2023-08-28 13:23:22","dateLastVersionPublicate":"2023-08-28 13:23:22","dateAvailableFrom":"","dateAvailableTo":"","type":"Uchwa\u0142a Zarz\u0105du","pageParams":[{"id":"263","name":"Data posiedzenia","description":"Data posiedzenia","value":"2023-08-09"},{"id":"235","name":"W sprawie","description":"W sprawie","value":"Zawarcia aneksu nr 3 do umowy nr 3288\/IR\/2021 z dnia 5 sierpnia 2021 r. z firm\u0105 Us\u0142ug Inwestycyjnych Szczotka J\u00f3zef, z siedzib\u0105 43-426 Gumna, ul. Miodowa 31, dotycz\u0105cej pe\u0142nienia Nadzoru Inwestorskiego dla zadania pn. \u201ePrzebudowa wraz ze zmian\u0105 sposobu u\u017cytkowania pomieszcze\u0144 parteru budynku Szko\u0142y Podstawowej Zespo\u0142u Szk\u00f3\u0142 Specjalnych w Skoczowie\u201d"},{"id":"273","name":"NUMER_UCHWALY_ZARZADU","description":"Numer uchwa\u0142y","value":"1737\/441\/VI\/2023"},{"id":"278","name":"Numer posiedzenia zarz\u0105du","description":"Numer posiedzenia zarz\u0105du","value":"441"},{"id":"261","name":"Na podstawie","description":"podstawa prawna","value":"art. 14 ust. 1, pkt 1 oraz art. 41, ust.1 ustawy o samorz\u0105dzie wojew\u00f3dztwa z dnia 5.06.1998 r. (t. j. Dz. U. z 2022 r. poz. 2094, z po\u017an. zm.),"}],"components":[{"id":"bf6d5eba-d119-11e7-80a9-005056b46601","type":"ContentWYSIWYG","name":"Tre\u015b\u0107","description":"Tre\u015b\u0107 strony","content":{"content":"","promotion":false}},{"id":"bf6dbc25-d119-11e7-80a9-005056b46601","type":"Gallery","name":"Galeria","description":"Galeria"},{"id":"bf6e1f6b-d119-11e7-80a9-005056b46601","type":"Attachment","name":"Za\u0142\u0105czniki","description":"Za\u0142\u0105czniki do strony","content":[{"src":"\/resource\/68439\/%2528+Aneks+nr+3%2529++Uchwa%25C5%2582a+nr+++++1737.+441.VI.2023+Zarz%25C4%2585du+Wojew%25C3%25B3dztwa+%25C5%259Al%25C4%2585skiego+z+dnia++9+sierpnia+2023+roku.doc","extension":"DOC","name":"0cd7e550dff9f7aada5c79c84df0b2d3.doc","size":"57.5 KB"},{"src":"\/resource\/68439\/%2528Aneks+nr+3%2529+Za%25C5%2582%25C4%2585cznik+do+Uchwa%25C5%2582y+Nr++++++1737.441.+VI.+2023+Zarz%25C4%2585du+Wojew%25C3%25B3dztwa+%25C5%259Al%25C4%2585skiego+z+dnia++9+sierpnia+2023+roku.doc","extension":"DOC","name":"adec2428f535c1f55459d950f04a468f.doc","size":"97.5 KB"}]},{"id":"eba03b25-d9a7-11e7-b355-005056b70dba","type":"PageTitle","name":"","description":"Tytu\u0142 strony","content":{"title":"Uchwa\u0142a zarz\u0105du nr 1737\/441\/VI\/2023 z dnia 2023-08-09"}},{"id":"eba07701-d9a7-11e7-b355-005056b70dba","type":"PageDescription","name":"","description":"Zajawka strony","content":[]},{"id":"1b1a7940-ff78-11e7-b81e-005056b7801d","type":"SectionDescription","name":"","description":"Zajawka sekcji","content":[]}]}

Uchwała zarządu nr 1737/441/VI/2023 z dnia 2023-08-09

Publikacja uchwały

Urząd Marszałkowski Województwa Śląskiego

Uchwała Zarządu

Zawarcia aneksu nr 3 do umowy nr 3288/IR/2021 z dnia 5 sierpnia 2021 r. z firmą Usług Inwestycyjnych Szczotka Józef, z siedzibą 43-426 Gumna, ul. Miodowa 31, dotyczącej pełnienia Nadzoru Inwestorskiego dla zadania pn. „Przebudowa wraz ze zmianą sposobu użytkowania pomieszczeń parteru budynku Szkoły Podstawowej Zespołu Szkół Specjalnych w Skoczowie”

Numer uchwały

Numer posiedzenia zarządu

art. 14 ust. 1, pkt 1 oraz art. 41, ust.1 ustawy o samorządzie województwa z dnia 5.06.1998 r. (t. j. Dz. U. z 2022 r. poz. 2094, z poźn. zm.),

Treść

Treść strony

Załączniki

Załączniki do strony

Tytuł strony
