{"id":3453,"name":"uchwala-zarzadu-nr-1749-275-v-2018-z-dnia-2018-07-31","title":"Uchwa\u0142a zarz\u0105du nr 1749\/275\/V\/2018 z dnia 2018-07-31","desc":"","header":"Uchwa\u0142a zarz\u0105du nr 1749\/275\/V\/2018 z dnia 2018-07-31","lead":"","keywords":"","changes":"Dodanie Uchwa\u0142y","menu":"","path":"\/samorzad_wojewodztwa\/zarzad_wojewodztwa\/uchwaly_zarzadu\/uchwala-zarzadu-nr-1749-275-v-2018-z-dnia-2018-07-31.html","url":"\/samorzad_wojewodztwa\/zarzad_wojewodztwa\/uchwaly_zarzadu\/uchwala-zarzadu-nr-1749-275-v-2018-z-dnia-2018-07-31.html","infoOwner":"Urz\u0105d Marsza\u0142kowski Wojew\u00f3dztwa \u015al\u0105skiego","dateFirstPublicate":"2018-08-08 13:24:50","dateLastVersionPublicate":"2018-08-08 13:24:50","dateAvailableFrom":"","dateAvailableTo":"","type":"Uchwa\u0142a Zarz\u0105du","pageParams":[{"id":"263","name":"Data posiedzenia","description":"Data posiedzenia","value":"2018-07-31"},{"id":"235","name":"W sprawie","description":"W sprawie","value":"Zmiany uchwa\u0142y Zarz\u0105du Wojew\u00f3dztwa \u015al\u0105skiego nr 933\/254\/V\/2018 z dn. 24.04.2018 r. w sprawie przyj\u0119cia Pakietu aplikacyjnego w ramach konkursu nr RPSL.04.01.01-IZ.01-24-256\/18 oraz zmiany uchwa\u0142y Zarz\u0105du Wojew\u00f3dztwa \u015al\u0105skiego nr 934\/254\/V\/2018 z dn. 24.04.2018 r. w sprawie przyj\u0119cia Pakietu aplikacyjnego w ramach konkursu nr RPSL.04.03.01-IZ.01-24-257\/18 w ramach Regionalnego Programu Operacyjnego Wojew\u00f3dztwa \u015al\u0105skiego na lata 2014-2020."},{"id":"273","name":"NUMER_UCHWALY_ZARZADU","description":"Numer uchwa\u0142y","value":"1749\/275\/V\/2018"},{"id":"278","name":"Numer posiedzenia zarz\u0105du","description":"Numer posiedzenia zarz\u0105du","value":"275"},{"id":"261","name":"Na podstawie","description":"podstawa prawna","value":"art. 41 ust. 2 pkt 4 ustawy z dnia 5 czerwca 1998 r. o samorz\u0105dzie wojew\u00f3dztwa (tekst jednolity Dz. U. z 2018 r. poz. 913 z p\u00f3\u017an. zm.) art. 9 ust. 1 pkt 2, art. 38, art. 39, art. 40, art. 41 ustawy z dnia 11 lipca 2014 r. o zasadach realizacji program\u00f3w w zakresie polityki sp\u00f3jno\u015bci finansowanych w perspektywie finansowej 2014-2020 (tekst jednolity Dz. U. z 2017 r. poz. 1460 z p\u00f3\u017an. zm.)."}],"components":[{"id":"bf6d5eba-d119-11e7-80a9-005056b46601","type":"ContentWYSIWYG","name":"Tre\u015b\u0107","description":"Tre\u015b\u0107 strony","content":{"content":"","promotion":false}},{"id":"bf6dbc25-d119-11e7-80a9-005056b46601","type":"Gallery","name":"Galeria","description":"Galeria"},{"id":"bf6e1f6b-d119-11e7-80a9-005056b46601","type":"Attachment","name":"Za\u0142\u0105czniki","description":"Za\u0142\u0105czniki do strony","content":[{"src":"\/resource\/5817\/Uchwa%25C5%2582a+Zarz%25C4%2585du+Wojew%25C3%25B3dztwa+nr+1749_275_V_2018+z+dnia+31.07.2018+r.rtf","extension":"RTF","name":"c4b877c8521ffc1b2d9e40b0288aabd5.rtf","size":"84.86 KB"},{"src":"\/resource\/5817\/Za%25C5%2582%25C4%2585cznik+nr+1+do+Uchwa%25C5%2582y+Zarz%25C4%2585du+Wojew%25C3%25B3dztwa+nr+1749_275_V_2018+z+dnia+31.07.2018+r.rtf","extension":"RTF","name":"7d9402525493add6ed6a0c2e1ac48ae3.rtf","size":"2.48 MB"},{"src":"\/resource\/5817\/Za%25C5%2582%25C4%2585cznik+nr+2+do+Uchwa%25C5%2582y+Zarz%25C4%2585du+Wojew%25C3%25B3dztwa+nr+1749_275_V_2018+z+dnia+31.07.2018+r.rtf","extension":"RTF","name":"283bb94d57d189ae0ce92024ceeeef76.rtf","size":"5.47 MB"},{"src":"\/resource\/5817\/Za%25C5%2582%25C4%2585cznik+nr+3+do+Uchwa%25C5%2582u+Zarz%25C4%2585du+Wojew%25C3%25B3dztwa+nr+1749_275_V_2018+z+dnia+31.07.2018+r.rtf","extension":"RTF","name":"e2068cf8e7f18aad58716f138ef498f9.rtf","size":"5.41 MB"},{"src":"\/resource\/5817\/Za%25C5%2582%25C4%2585cznik+nr+4+do+Uchwa%25C5%2582y+Zarz%25C4%2585du+Wojew%25C3%25B3dztwa+nr+1749_275_V_2018+z+dnia+31.07.2018+r..rtf","extension":"RTF","name":"b14e745018873e53c1a1a1c911ddafd5.rtf","size":"5.11 MB"},{"src":"\/resource\/5817\/Za%25C5%2582%25C4%2585cznik+nr+5+do+Uchwa%25C5%2582y+Zarz%25C4%2585du+Wojew%25C3%25B3dztwa+nr+1749_275_V_2018+z+dnia+31.07.2018+r..rtf","extension":"RTF","name":"45afabdc7ede15774ebe9c3d1dde7cee.rtf","size":"5.2 MB"}]},{"id":"eba03b25-d9a7-11e7-b355-005056b70dba","type":"PageTitle","name":"","description":"Tytu\u0142 strony","content":{"title":"Uchwa\u0142a zarz\u0105du nr 1749\/275\/V\/2018 z dnia 2018-07-31"}},{"id":"eba07701-d9a7-11e7-b355-005056b70dba","type":"PageDescription","name":"","description":"Zajawka strony","content":[]},{"id":"1b1a7940-ff78-11e7-b81e-005056b7801d","type":"SectionDescription","name":"","description":"Zajawka sekcji","content":[]}]}

Uchwała zarządu nr 1749/275/V/2018 z dnia 2018-07-31

Dodanie Uchwały

Urząd Marszałkowski Województwa Śląskiego

Uchwała Zarządu

Zmiany uchwały Zarządu Województwa Śląskiego nr 933/254/V/2018 z dn. 24.04.2018 r. w sprawie przyjęcia Pakietu aplikacyjnego w ramach konkursu nr RPSL.04.01.01-IZ.01-24-256/18 oraz zmiany uchwały Zarządu Województwa Śląskiego nr 934/254/V/2018 z dn. 24.04.2018 r. w sprawie przyjęcia Pakietu aplikacyjnego w ramach konkursu nr RPSL.04.03.01-IZ.01-24-257/18 w ramach Regionalnego Programu Operacyjnego Województwa Śląskiego na lata 2014-2020.

Numer uchwały

Numer posiedzenia zarządu

art. 41 ust. 2 pkt 4 ustawy z dnia 5 czerwca 1998 r. o samorządzie województwa (tekst jednolity Dz. U. z 2018 r. poz. 913 z późn. zm.) art. 9 ust. 1 pkt 2, art. 38, art. 39, art. 40, art. 41 ustawy z dnia 11 lipca 2014 r. o zasadach realizacji programów w zakresie polityki spójności finansowanych w perspektywie finansowej 2014-2020 (tekst jednolity Dz. U. z 2017 r. poz. 1460 z późn. zm.).

Treść

Treść strony

Załączniki

Załączniki do strony

Tytuł strony
