{"id":47933,"name":"uchwala-zarzadu-nr-1750441vi2023-z-dnia-2023-08-09","title":"Uchwa\u0142a zarz\u0105du nr 1750\/441\/VI\/2023 z dnia 2023-08-09","desc":"","header":"Uchwa\u0142a zarz\u0105du nr 1750\/441\/VI\/2023 z dnia 2023-08-09","lead":"","keywords":"","changes":"Poprawa numeracji opisu za\u0142\u0105cznika","menu":"","path":"\/samorzad_wojewodztwa\/zarzad_wojewodztwa\/uchwaly_zarzadu\/uchwala-zarzadu-nr-1750441vi2023-z-dnia-2023-08-09.html","url":"\/samorzad_wojewodztwa\/zarzad_wojewodztwa\/uchwaly_zarzadu\/uchwala-zarzadu-nr-1750441vi2023-z-dnia-2023-08-09.html","infoOwner":"Urz\u0105d Marsza\u0142kowski Wojew\u00f3dztwa \u015al\u0105skiego","dateFirstPublicate":"2023-08-24 14:01:58","dateLastVersionPublicate":"2023-08-31 09:06:36","dateAvailableFrom":"","dateAvailableTo":"","type":"Uchwa\u0142a Zarz\u0105du","pageParams":[{"id":"263","name":"Data posiedzenia","description":"Data posiedzenia","value":"2023-08-09"},{"id":"235","name":"W sprawie","description":"W sprawie","value":"zawarcia z Muzeum \u201cG\u00f3rno\u015bl\u0105ski Park Etnograficzny\u201d umowy dotacji oraz\r\nzatwierdzenia programu rzeczowo-finansowego dla realizacji projektu pn.: \u201eSkarbiec dziedzictwa \u2013 nowa przestrze\u0144 dla aktywnej edukacji i kultury w Muzeum G\u00f3rno\u015bl\u0105ski Park Etnograficzny w Chorzowie\u201d"},{"id":"273","name":"NUMER_UCHWALY_ZARZADU","description":"Numer uchwa\u0142y","value":"1750\/441\/VI\/2023"},{"id":"278","name":"Numer posiedzenia zarz\u0105du","description":"Numer posiedzenia zarz\u0105du","value":"441"},{"id":"261","name":"Na podstawie","description":"podstawa prawna","value":"na podstawie art. 41 ust. 1 ustawy z dnia 5 czerwca 1998 roku o samorz\u0105dzie wojew\u00f3dztwa (t.j. Dz. U. z 2022 r. poz. 2094 z p\u00f3\u017an. zm.) oraz art. 250 ustawy z dnia 27 sierpnia 2009 r. o finansach publicznych (tj. Dz. U. z 2023 r. poz. 1270 z p\u00f3\u017an. zm.)"}],"components":[{"id":"bf6d5eba-d119-11e7-80a9-005056b46601","type":"ContentWYSIWYG","name":"Tre\u015b\u0107","description":"Tre\u015b\u0107 strony","content":{"content":"","promotion":false}},{"id":"bf6dbc25-d119-11e7-80a9-005056b46601","type":"Gallery","name":"Galeria","description":"Galeria"},{"id":"bf6e1f6b-d119-11e7-80a9-005056b46601","type":"Attachment","name":"Za\u0142\u0105czniki","description":"Za\u0142\u0105czniki do strony","content":[{"src":"\/resource\/68378\/Za%25C5%2582.+nr+1+-+uchwa%25C5%2582a+-+GPE.docx","extension":"DOCX","name":"738a8148b8ce725c9b534e434574fc22.docx","size":"23.35 KB"},{"src":"\/resource\/68378\/Umowa+dotacji+dla+GPE+Skansen+na+2023.docx","extension":"DOCX","name":"eff251189925491791bcf0988b02ff66.docx","size":"40.3 KB"},{"src":"\/resource\/68378\/program+rzeczowo-finansowy.pdf","extension":"PDF","name":"685ef7b80357dd1692f5de7a66a1bc1e.pdf","size":"63.67 KB"}]},{"id":"eba03b25-d9a7-11e7-b355-005056b70dba","type":"PageTitle","name":"","description":"Tytu\u0142 strony","content":{"title":"Uchwa\u0142a zarz\u0105du nr 1750\/441\/VI\/2023 z dnia 2023-08-09"}},{"id":"eba07701-d9a7-11e7-b355-005056b70dba","type":"PageDescription","name":"","description":"Zajawka strony","content":[]},{"id":"1b1a7940-ff78-11e7-b81e-005056b7801d","type":"SectionDescription","name":"","description":"Zajawka sekcji","content":[]}]}

Uchwała zarządu nr 1750/441/VI/2023 z dnia 2023-08-09

Poprawa numeracji opisu załącznika

Urząd Marszałkowski Województwa Śląskiego

Uchwała Zarządu

zawarcia z Muzeum “Górnośląski Park Etnograficzny” umowy dotacji oraz
zatwierdzenia programu rzeczowo-finansowego dla realizacji projektu pn.: „Skarbiec dziedzictwa – nowa przestrzeń dla aktywnej edukacji i kultury w Muzeum Górnośląski Park Etnograficzny w Chorzowie”

Numer uchwały

Numer posiedzenia zarządu

na podstawie art. 41 ust. 1 ustawy z dnia 5 czerwca 1998 roku o samorządzie województwa (t.j. Dz. U. z 2022 r. poz. 2094 z późn. zm.) oraz art. 250 ustawy z dnia 27 sierpnia 2009 r. o finansach publicznych (tj. Dz. U. z 2023 r. poz. 1270 z późn. zm.)

Treść

Treść strony

Załączniki

Załączniki do strony

Tytuł strony
