{"id":3357,"name":"uchwala-zarzadu-nr-1756-275-v-2018-z-dnia-2018-07-31","title":"Uchwa\u0142a zarz\u0105du nr 1756\/275\/V\/2018 z dnia 2018-07-31","desc":"","header":"Uchwa\u0142a zarz\u0105du nr 1756\/275\/V\/2018 z dnia 2018-07-31","lead":"","keywords":"","changes":"dodanie Uchwa\u0142y Zarz\u0105du","menu":"","path":"\/samorzad_wojewodztwa\/zarzad_wojewodztwa\/uchwaly_zarzadu\/uchwala-zarzadu-nr-1756-275-v-2018-z-dnia-2018-07-31.html","url":"\/samorzad_wojewodztwa\/zarzad_wojewodztwa\/uchwaly_zarzadu\/uchwala-zarzadu-nr-1756-275-v-2018-z-dnia-2018-07-31.html","infoOwner":"Urz\u0105d Marsza\u0142kowski Wojew\u00f3dztwa \u015al\u0105skiego","dateFirstPublicate":"2018-08-01 11:42:59","dateLastVersionPublicate":"2018-08-01 11:46:20","dateAvailableFrom":"2018-08-01 11:42:52","dateAvailableTo":"","type":"Uchwa\u0142a Zarz\u0105du","pageParams":[{"id":"263","name":"Data posiedzenia","description":"Data posiedzenia","value":"2018-07-31"},{"id":"235","name":"W sprawie","description":"W sprawie","value":"Og\u0142oszenia konkursu ofert na realizacj\u0119 zadania z zakresu zdrowia publicznego w 2018 r. pod nazw\u0105: \u201ePromocja zdrowia psychicznego i zapobieganie zaburzeniom psychicznym - II edycja\u201d."},{"id":"273","name":"NUMER_UCHWALY_ZARZADU","description":"Numer uchwa\u0142y","value":"1756\/275\/V\/2018"},{"id":"278","name":"Numer posiedzenia zarz\u0105du","description":"Numer posiedzenia zarz\u0105du","value":"275"},{"id":"261","name":"Na podstawie","description":"podstawa prawna","value":"art. 41 ust. 1 ustawy z dnia 5 czerwca 1998 r. o samorz\u0105dzie wojew\u00f3dztwa  (Dz. U. z 2018 r. poz. 913 z p\u00f3\u017an. zm.) oraz art. 14 ust. 1 w zwi\u0105zku z art. 13 pkt 3 ustawy z dnia 11 wrze\u015bnia 2015 r. o zdrowiu publicznym (Dz. U. z 2017 r. poz. 2237 z p\u00f3\u017an. zm.)."}],"components":[{"id":"bf6d5eba-d119-11e7-80a9-005056b46601","type":"ContentWYSIWYG","name":"Tre\u015b\u0107","description":"Tre\u015b\u0107 strony","content":{"content":"","promotion":false}},{"id":"bf6dbc25-d119-11e7-80a9-005056b46601","type":"Gallery","name":"Galeria","description":"Galeria"},{"id":"bf6e1f6b-d119-11e7-80a9-005056b46601","type":"Attachment","name":"Za\u0142\u0105czniki","description":"Za\u0142\u0105czniki do strony","content":[{"src":"\/resource\/5589\/1756.rtf","extension":"RTF","name":"e80a167215fcd3be4cbb7b5d4fb43037.rtf","size":"60.9 KB"},{"src":"\/resource\/5589\/1756+-+Za%25C5%2582%25C4%2585cznik+nr+1.rtf","extension":"RTF","name":"060facd9fbd69a354fed22c49394cfb3.rtf","size":"3.91 MB"},{"src":"\/resource\/5589\/1756+-+Za%25C5%2582%25C4%2585cznik+nr+2.rtf","extension":"RTF","name":"7817bb394152b148066f27b8429b2a5a.rtf","size":"443.03 KB"},{"src":"\/resource\/5589\/1756+-+Za%25C5%2582%25C4%2585cznik+nr+3.rtf","extension":"RTF","name":"a0e4a737ad64211c727a2fef256f1d03.rtf","size":"3.95 MB"}]},{"id":"eba03b25-d9a7-11e7-b355-005056b70dba","type":"PageTitle","name":"","description":"Tytu\u0142 strony","content":{"title":"Uchwa\u0142a zarz\u0105du nr 1756\/275\/V\/2018 z dnia 2018-07-31"}},{"id":"eba07701-d9a7-11e7-b355-005056b70dba","type":"PageDescription","name":"","description":"Zajawka strony","content":[]},{"id":"1b1a7940-ff78-11e7-b81e-005056b7801d","type":"SectionDescription","name":"","description":"Zajawka sekcji","content":[]}]}

Uchwała zarządu nr 1756/275/V/2018 z dnia 2018-07-31

dodanie Uchwały Zarządu

Urząd Marszałkowski Województwa Śląskiego

Uchwała Zarządu

Ogłoszenia konkursu ofert na realizację zadania z zakresu zdrowia publicznego w 2018 r. pod nazwą: „Promocja zdrowia psychicznego i zapobieganie zaburzeniom psychicznym - II edycja”.

Numer uchwały

Numer posiedzenia zarządu

art. 41 ust. 1 ustawy z dnia 5 czerwca 1998 r. o samorządzie województwa  (Dz. U. z 2018 r. poz. 913 z późn. zm.) oraz art. 14 ust. 1 w związku z art. 13 pkt 3 ustawy z dnia 11 września 2015 r. o zdrowiu publicznym (Dz. U. z 2017 r. poz. 2237 z późn. zm.).

Treść

Treść strony

Załączniki

Załączniki do strony

Tytuł strony
