{"id":64484,"name":"uchwala-zarzadu-nr-1763214v2017-z-dnia-2017-08-29","title":"Uchwa\u0142a zarz\u0105du nr 1763\/214\/V\/2017 z dnia 2017-08-29","desc":"","header":"Uchwa\u0142a zarz\u0105du nr 1763\/214\/V\/2017 z dnia 2017-08-29","lead":"","keywords":"","changes":"Migracja danych","menu":"","path":"\/samorzad_wojewodztwa\/zarzad_wojewodztwa\/uchwaly_zarzadu\/uchwala-zarzadu-nr-1763214v2017-z-dnia-2017-08-29.html","url":"\/samorzad_wojewodztwa\/zarzad_wojewodztwa\/uchwaly_zarzadu\/uchwala-zarzadu-nr-1763214v2017-z-dnia-2017-08-29.html","infoOwner":"Urz\u0105d Marsza\u0142kowski Wojew\u00f3dztwa \u015al\u0105skiego","dateFirstPublicate":"2017-08-31 15:08:49","dateLastVersionPublicate":"2017-08-31 15:08:49","dateAvailableFrom":"","dateAvailableTo":"","type":"Uchwa\u0142a Zarz\u0105du","pageParams":[{"id":"263","name":"Data posiedzenia","description":"Data posiedzenia","value":"2017-08-29 15:08:49"},{"id":"235","name":"W sprawie","description":"W sprawie","value":"Zmiany uchwa\u0142y nr 1290\/201\/V\/2017 z dnia 27.06.2017 r. w sprawie przyj\u0119cia Pakietu aplikacyjnego  w ramach konkursu nr RPSL.11.02.01-IZ.01-24-178\/17 Regionalnego Programu Operacyjnego Wojew\u00f3dztwa \u015al\u0105skiego na lata 2014-2020 \r\ndla Osi Priorytetowej XI Wzmocnienie potencja\u0142u edukacyjnego, Dzia\u0142ania 11.2 Dostosowanie oferty kszta\u0142cenia zawodowego do potrzeb lokalnego rynku pracy Poddzia\u0142ania 11.2.1 Wsparcie szkolnictwa zawodowego - ZIT Subregionu Centralnego\r\n\r\n"},{"id":"273","name":"NUMER_UCHWALY_ZARZADU","description":"Numer uchwa\u0142y","value":"1763\/214\/V\/2017"},{"id":"278","name":"Numer posiedzenia zarz\u0105du","description":"Numer posiedzenia zarz\u0105du","value":"214"},{"id":"261","name":"Na podstawie","description":"podstawa prawna","value":"art. 41 ust. 2 pkt 4 ustawy z dnia 5 czerwca 1998 r. o samorz\u0105dzie wojew\u00f3dztwa (t.j. Dz. U. \r\nz 2016 r. poz. 486 z p\u00f3\u017an. zm.), art. 9 ust. 1 pkt 2, art. 38 ust. 1 pkt 1, art. 40, art. 41 Ustawy z dnia 11 lipca\r\n2014 r. o zasadach realizacji program\u00f3w zakresie polityki sp\u00f3jno\u015bci finansowanych w perspektywie finansowej 2014-2020 (tekst jednolity: Dz. U. z 2017 r. poz. 1460).\r\n\r\n"}],"components":[{"id":"bf6d5eba-d119-11e7-80a9-005056b46601","type":"ContentWYSIWYG","name":"Tre\u015b\u0107","description":"Tre\u015b\u0107 strony","content":{"content":"","promotion":false}},{"id":"bf6dbc25-d119-11e7-80a9-005056b46601","type":"Gallery","name":"Galeria","description":"Galeria"},{"id":"bf6e1f6b-d119-11e7-80a9-005056b46601","type":"Attachment","name":"Za\u0142\u0105czniki","description":"Za\u0142\u0105czniki do strony","content":[{"src":"\/resource\/87485\/Tre%25C5%259B%25C4%2587+uchwa%25C5%2582y.rtf","extension":"RTF","name":"703567a387d8eacf5c795a62508c8f3b.rtf","size":"130.05 KB"},{"src":"\/resource\/87488\/Za%25C5%2582%25C4%2585cznik+do+uchwa%25C5%2582y.rtf","extension":"RTF","name":"66815e7ba819df069c216db999d90437.rtf","size":"1 MB"},{"src":"\/resource\/87491\/Za%25C5%2582%25C4%2585cznik+do+uchwa%25C5%2582y.rtf","extension":"RTF","name":"b3a63f0d8ec9b14bdd93fdde4b505873.rtf","size":"57.27 KB"}]},{"id":"eba03b25-d9a7-11e7-b355-005056b70dba","type":"PageTitle","name":"","description":"Tytu\u0142 strony","content":{"title":"Uchwa\u0142a zarz\u0105du nr 1763\/214\/V\/2017 z dnia 2017-08-29"}},{"id":"eba07701-d9a7-11e7-b355-005056b70dba","type":"PageDescription","name":"","description":"Zajawka strony","content":[]},{"id":"1b1a7940-ff78-11e7-b81e-005056b7801d","type":"SectionDescription","name":"","description":"Zajawka sekcji","content":[]}]}

Uchwała zarządu nr 1763/214/V/2017 z dnia 2017-08-29

Urząd Marszałkowski Województwa Śląskiego

Uchwała Zarządu

Zmiany uchwały nr 1290/201/V/2017 z dnia 27.06.2017 r. w sprawie przyjęcia Pakietu aplikacyjnego  w ramach konkursu nr RPSL.11.02.01-IZ.01-24-178/17 Regionalnego Programu Operacyjnego Województwa Śląskiego na lata 2014-2020 
dla Osi Priorytetowej XI Wzmocnienie potencjału edukacyjnego, Działania 11.2 Dostosowanie oferty kształcenia zawodowego do potrzeb lokalnego rynku pracy Poddziałania 11.2.1 Wsparcie szkolnictwa zawodowego - ZIT Subregionu Centralnego

Numer uchwały

Numer posiedzenia zarządu

art. 41 ust. 2 pkt 4 ustawy z dnia 5 czerwca 1998 r. o samorządzie województwa (t.j. Dz. U. 
z 2016 r. poz. 486 z późn. zm.), art. 9 ust. 1 pkt 2, art. 38 ust. 1 pkt 1, art. 40, art. 41 Ustawy z dnia 11 lipca
2014 r. o zasadach realizacji programów zakresie polityki spójności finansowanych w perspektywie finansowej 2014-2020 (tekst jednolity: Dz. U. z 2017 r. poz. 1460).

Treść

Treść strony

Załączniki

Załączniki do strony

Tytuł strony
