{"id":64463,"name":"uchwala-zarzadu-nr-1768214v2017-z-dnia-2017-08-29","title":"Uchwa\u0142a zarz\u0105du nr 1768\/214\/V\/2017 z dnia 2017-08-29","desc":"","header":"Uchwa\u0142a zarz\u0105du nr 1768\/214\/V\/2017 z dnia 2017-08-29","lead":"","keywords":"","changes":"Migracja danych","menu":"","path":"\/samorzad_wojewodztwa\/zarzad_wojewodztwa\/uchwaly_zarzadu\/uchwala-zarzadu-nr-1768214v2017-z-dnia-2017-08-29.html","url":"\/samorzad_wojewodztwa\/zarzad_wojewodztwa\/uchwaly_zarzadu\/uchwala-zarzadu-nr-1768214v2017-z-dnia-2017-08-29.html","infoOwner":"Urz\u0105d Marsza\u0142kowski Wojew\u00f3dztwa \u015al\u0105skiego","dateFirstPublicate":"2017-09-01 10:27:22","dateLastVersionPublicate":"2017-09-01 10:27:22","dateAvailableFrom":"","dateAvailableTo":"","type":"Uchwa\u0142a Zarz\u0105du","pageParams":[{"id":"263","name":"Data posiedzenia","description":"Data posiedzenia","value":"2017-08-29 10:27:21"},{"id":"235","name":"W sprawie","description":"W sprawie","value":"wyra\u017cenia zgody na przyst\u0105pienie przez Wojew\u00f3dzki Urz\u0105d Pracy w Katowicach do konkursu uzupe\u0142niaj\u0105cego nr POWR.02.04.00-IP.03-00-006\/17 w ramach Osi priorytetowej II Efektywne Polityki Publiczne na Rynku Pracy, Gospodarki i Edukacji, Dzia\u0142anie 2.4 Modernizacja publicznych i niepublicznych s\u0142u\u017cb zatrudnienia oraz lepsze dostosowanie ich do potrzeb rynku pracy, Program Operacyjny Wiedza Edukacja Rozw\u00f3j 2014-2020 oraz udzielenia pe\u0142nomocnictwa Dyrektorowi oraz Wicedyrektorom Wojew\u00f3dzkiego Urz\u0119du Pracy w Katowicach w zwi\u0105zku z przygotowaniem, z\u0142o\u017ceniem wniosku o dofinansowanie, podpisaniem umowy partnerskiej i umowy o dofinansowanie, realizacj\u0105 i rozliczeniem projektu partnerskiego dotycz\u0105cego szkole\u0144 kluczowych i merytorycznych pracownik\u00f3w Instytucji Rynku Pracy pod roboczym tytu\u0142em \u0022Porozumienie WUP makroregionu IV na rzecz podnoszenia kompetencji pracownik\u00f3w Instytucji Rynku Pracy\u0022.\r\n\r\n\r\n"},{"id":"273","name":"NUMER_UCHWALY_ZARZADU","description":"Numer uchwa\u0142y","value":"1768\/214\/V\/2017"},{"id":"278","name":"Numer posiedzenia zarz\u0105du","description":"Numer posiedzenia zarz\u0105du","value":"214"},{"id":"261","name":"Na podstawie","description":"podstawa prawna","value":"art. 41 ust. 1 oraz art. 56 ust. 2 ustawy z dnia 5 czerwca 1998 r. o samorz\u0105dzie wojew\u00f3dztwa (tekst jednolity: Dz. U. z 2016r., poz. 486 z p\u00f3\u017an. zm.), oraz art. 8 ust. 1 w zwi\u0105zku z art.8 ust. 3 ustawy z dnia 20 kwietnia 2004 r. o promocji zatrudnienia i instytucjach rynku pracy (tekst jednolity: Dz. U. z 2017 r., poz. 1065 z p\u00f3\u017an. zm.)  "}],"components":[{"id":"bf6d5eba-d119-11e7-80a9-005056b46601","type":"ContentWYSIWYG","name":"Tre\u015b\u0107","description":"Tre\u015b\u0107 strony","content":{"content":"","promotion":false}},{"id":"bf6dbc25-d119-11e7-80a9-005056b46601","type":"Gallery","name":"Galeria","description":"Galeria"},{"id":"bf6e1f6b-d119-11e7-80a9-005056b46601","type":"Attachment","name":"Za\u0142\u0105czniki","description":"Za\u0142\u0105czniki do strony","content":[{"src":"\/resource\/87422\/Tre%25C5%259B%25C4%2587+uchwa%25C5%2582y.rtf","extension":"RTF","name":"4c83820411a85dd630f558c459e577fa.rtf","size":"90.04 KB"},{"src":"\/resource\/87425\/Za%25C5%2582%25C4%2585cznik+do+uchwa%25C5%2582y.rtf","extension":"RTF","name":"ece01e248db5d30271c9981fffdc2c9f.rtf","size":"64.84 KB"},{"src":"\/resource\/87428\/Za%25C5%2582%25C4%2585cznik+do+uchwa%25C5%2582y.rtf","extension":"RTF","name":"4be4f08b495543886b2aa4eb7a182bb7.rtf","size":"43.83 KB"},{"src":"\/resource\/87431\/Za%25C5%2582%25C4%2585cznik+do+uchwa%25C5%2582y.rtf","extension":"RTF","name":"b4333364be8fd693a21bd16748a1ce3a.rtf","size":"43.71 KB"},{"src":"\/resource\/87434\/Za%25C5%2582%25C4%2585cznik+do+uchwa%25C5%2582y.rtf","extension":"RTF","name":"d57230e6a144aaefbe9a48b95a8e3539.rtf","size":"43.58 KB"}]},{"id":"eba03b25-d9a7-11e7-b355-005056b70dba","type":"PageTitle","name":"","description":"Tytu\u0142 strony","content":{"title":"Uchwa\u0142a zarz\u0105du nr 1768\/214\/V\/2017 z dnia 2017-08-29"}},{"id":"eba07701-d9a7-11e7-b355-005056b70dba","type":"PageDescription","name":"","description":"Zajawka strony","content":[]},{"id":"1b1a7940-ff78-11e7-b81e-005056b7801d","type":"SectionDescription","name":"","description":"Zajawka sekcji","content":[]}]}

Uchwała zarządu nr 1768/214/V/2017 z dnia 2017-08-29

Urząd Marszałkowski Województwa Śląskiego

Uchwała Zarządu

wyrażenia zgody na przystąpienie przez Wojewódzki Urząd Pracy w Katowicach do konkursu uzupełniającego nr POWR.02.04.00-IP.03-00-006/17 w ramach Osi priorytetowej II Efektywne Polityki Publiczne na Rynku Pracy, Gospodarki i Edukacji, Działanie 2.4 Modernizacja publicznych i niepublicznych służb zatrudnienia oraz lepsze dostosowanie ich do potrzeb rynku pracy, Program Operacyjny Wiedza Edukacja Rozwój 2014-2020 oraz udzielenia pełnomocnictwa Dyrektorowi oraz Wicedyrektorom Wojewódzkiego Urzędu Pracy w Katowicach w związku z przygotowaniem, złożeniem wniosku o dofinansowanie, podpisaniem umowy partnerskiej i umowy o dofinansowanie, realizacją i rozliczeniem projektu partnerskiego dotyczącego szkoleń kluczowych i merytorycznych pracowników Instytucji Rynku Pracy pod roboczym tytułem "Porozumienie WUP makroregionu IV na rzecz podnoszenia kompetencji pracowników Instytucji Rynku Pracy".

Numer uchwały

Numer posiedzenia zarządu

art. 41 ust. 1 oraz art. 56 ust. 2 ustawy z dnia 5 czerwca 1998 r. o samorządzie województwa (tekst jednolity: Dz. U. z 2016r., poz. 486 z późn. zm.), oraz art. 8 ust. 1 w związku z art.8 ust. 3 ustawy z dnia 20 kwietnia 2004 r. o promocji zatrudnienia i instytucjach rynku pracy (tekst jednolity: Dz. U. z 2017 r., poz. 1065 z późn. zm.)

Treść

Treść strony

Załączniki

Załączniki do strony

Tytuł strony
