{"id":47879,"name":"uchwala-zarzadu-nr-1777442vi2023-z-dnia-2023-08-16","title":"Uchwa\u0142a zarz\u0105du nr 1777\/442\/VI\/2023 z dnia 2023-08-16","desc":"","header":"Uchwa\u0142a zarz\u0105du nr 1777\/442\/VI\/2023 z dnia 2023-08-16","lead":"","keywords":"","changes":"Dodanie artyku\u0142u","menu":"","path":"\/samorzad_wojewodztwa\/zarzad_wojewodztwa\/uchwaly_zarzadu\/uchwala-zarzadu-nr-1777442vi2023-z-dnia-2023-08-16.html","url":"\/samorzad_wojewodztwa\/zarzad_wojewodztwa\/uchwaly_zarzadu\/uchwala-zarzadu-nr-1777442vi2023-z-dnia-2023-08-16.html","infoOwner":"Urz\u0105d Marsza\u0142kowski Wojew\u00f3dztwa \u015al\u0105skiego","dateFirstPublicate":"2023-08-22 13:24:01","dateLastVersionPublicate":"2023-08-22 13:24:01","dateAvailableFrom":"","dateAvailableTo":"","type":"Uchwa\u0142a Zarz\u0105du","pageParams":[{"id":"263","name":"Data posiedzenia","description":"Data posiedzenia","value":"2023-08-16"},{"id":"235","name":"W sprawie","description":"W sprawie","value":"przyj\u0119cia projektu uchwa\u0142y Sejmiku Wojew\u00f3dztwa \u015al\u0105skiego w sprawie przyj\u0119cia o\u015bwiadczenia dotycz\u0105cego priorytetowej realizacji Programu Fundusze Europejskie dla \u015al\u0105skiego 2021-2027."},{"id":"273","name":"NUMER_UCHWALY_ZARZADU","description":"Numer uchwa\u0142y","value":"1777\/442\/VI\/2023"},{"id":"278","name":"Numer posiedzenia zarz\u0105du","description":"Numer posiedzenia zarz\u0105du","value":"442"},{"id":"261","name":"Na podstawie","description":"podstawa prawna","value":"art. 41 ust. 1  ustawy z dnia 5 czerwca 1998 roku o samorz\u0105dzie wojew\u00f3dztwa (tekst jedn. Dz. U. z 2022 r. poz. 2094 z p\u00f3\u017an. zm.) w zw. z art. 9 Rozporz\u0105dzenia Parlamentu Europejskiego i Rady (UE) 2021\/1060 z dnia 24 czerwca 2021 r. ustanawiaj\u0105ce wsp\u00f3lne przepisy dotycz\u0105ce Europejskiego Funduszu Rozwoju Regionalnego, Europejskiego Funduszu Spo\u0142ecznego Plus, Funduszu Sp\u00f3jno\u015bci, Funduszu na rzecz Sprawiedliwej Transformacji i Europejskiego Funduszu Morskiego, Rybackiego i Akwakultury, a tak\u017ce przepisy finansowe na potrzeby tych funduszy oraz na potrzeby Funduszu Azylu, Migracji i Integracji, Funduszu Bezpiecze\u0144stwa Wewn\u0119trznego i Instrumentu Wsparcia Finansowego na rzecz Zarz\u0105dzania Granicami i Polityki Wizowej (Dz.U.UE.L.2021.231.159)"}],"components":[{"id":"bf6d5eba-d119-11e7-80a9-005056b46601","type":"ContentWYSIWYG","name":"Tre\u015b\u0107","description":"Tre\u015b\u0107 strony","content":{"content":"","promotion":false}},{"id":"bf6dbc25-d119-11e7-80a9-005056b46601","type":"Gallery","name":"Galeria","description":"Galeria"},{"id":"bf6e1f6b-d119-11e7-80a9-005056b46601","type":"Attachment","name":"Za\u0142\u0105czniki","description":"Za\u0142\u0105czniki do strony","content":[{"src":"\/resource\/68324\/Uchwa%25C5%2582a+nr+1777_442_VI_2023+Zarz%25C4%2585du+Wojew%25C3%25B3dztwa+%25C5%259Al%25C4%2585skiego+z+dnia+16.08.2023+r..docx","extension":"DOCX","name":"d26e17424542f3a7118d9ab78c095ee8.docx","size":"28.86 KB"},{"src":"\/resource\/68324\/Za%25C5%2582%25C4%2585cznik+do+Uchwa%25C5%2582y+Zarz%25C4%2585du+Wojew%25C3%25B3dztwa+%25C5%259Al%25C4%2585skiego+nr+1777_442_VI_2023+z+dnia+16.08.2023+r..docx","extension":"DOCX","name":"3f80bc5faeaea8d9c5f4df88c8d0e4df.docx","size":"31.65 KB"}]},{"id":"eba03b25-d9a7-11e7-b355-005056b70dba","type":"PageTitle","name":"","description":"Tytu\u0142 strony","content":{"title":"Uchwa\u0142a zarz\u0105du nr 1777\/442\/VI\/2023 z dnia 2023-08-16"}},{"id":"eba07701-d9a7-11e7-b355-005056b70dba","type":"PageDescription","name":"","description":"Zajawka strony","content":[]},{"id":"1b1a7940-ff78-11e7-b81e-005056b7801d","type":"SectionDescription","name":"","description":"Zajawka sekcji","content":[]}]}

Uchwała zarządu nr 1777/442/VI/2023 z dnia 2023-08-16

Dodanie artykułu

Urząd Marszałkowski Województwa Śląskiego

Uchwała Zarządu

przyjęcia projektu uchwały Sejmiku Województwa Śląskiego w sprawie przyjęcia oświadczenia dotyczącego priorytetowej realizacji Programu Fundusze Europejskie dla Śląskiego 2021-2027.

Numer uchwały

Numer posiedzenia zarządu

art. 41 ust. 1  ustawy z dnia 5 czerwca 1998 roku o samorządzie województwa (tekst jedn. Dz. U. z 2022 r. poz. 2094 z późn. zm.) w zw. z art. 9 Rozporządzenia Parlamentu Europejskiego i Rady (UE) 2021/1060 z dnia 24 czerwca 2021 r. ustanawiające wspólne przepisy dotyczące Europejskiego Funduszu Rozwoju Regionalnego, Europejskiego Funduszu Społecznego Plus, Funduszu Spójności, Funduszu na rzecz Sprawiedliwej Transformacji i Europejskiego Funduszu Morskiego, Rybackiego i Akwakultury, a także przepisy finansowe na potrzeby tych funduszy oraz na potrzeby Funduszu Azylu, Migracji i Integracji, Funduszu Bezpieczeństwa Wewnętrznego i Instrumentu Wsparcia Finansowego na rzecz Zarządzania Granicami i Polityki Wizowej (Dz.U.UE.L.2021.231.159)

Treść

Treść strony

Załączniki

Załączniki do strony

Tytuł strony
