{"id":47827,"name":"uchwala-zarzadu-nr-1778442vi2023-z-dnia-2023-08-16","title":"Uchwa\u0142a zarz\u0105du nr 1778\/442\/VI\/2023 z dnia 2023-08-16","desc":"","header":"Uchwa\u0142a zarz\u0105du nr 1778\/442\/VI\/2023 z dnia 2023-08-16","lead":"","keywords":"","changes":"Dodanie artyku\u0142u","menu":"","path":"\/samorzad_wojewodztwa\/zarzad_wojewodztwa\/uchwaly_zarzadu\/uchwala-zarzadu-nr-1778442vi2023-z-dnia-2023-08-16.html","url":"\/samorzad_wojewodztwa\/zarzad_wojewodztwa\/uchwaly_zarzadu\/uchwala-zarzadu-nr-1778442vi2023-z-dnia-2023-08-16.html","infoOwner":"Urz\u0105d Marsza\u0142kowski Wojew\u00f3dztwa \u015al\u0105skiego","dateFirstPublicate":"2023-08-21 09:59:43","dateLastVersionPublicate":"2023-08-21 09:59:43","dateAvailableFrom":"","dateAvailableTo":"","type":"Uchwa\u0142a Zarz\u0105du","pageParams":[{"id":"263","name":"Data posiedzenia","description":"Data posiedzenia","value":"2023-08-16"},{"id":"235","name":"W sprawie","description":"W sprawie","value":"Wyra\u017cenia zgody na przygotowanie projektu na lata 2024-2026 pn. \u201eRegionalne Obserwatorium Procesu Transformacji 2.0 (ROPT 2.0)\u201d realizowanego przez Wojew\u00f3dztwo \u015al\u0105skie w ramach Programu Fundusze Europejskie dla \u015al\u0105skiego 2021-2027"},{"id":"273","name":"NUMER_UCHWALY_ZARZADU","description":"Numer uchwa\u0142y","value":"1778\/442\/VI\/2023"},{"id":"278","name":"Numer posiedzenia zarz\u0105du","description":"Numer posiedzenia zarz\u0105du","value":"442"},{"id":"261","name":"Na podstawie","description":"podstawa prawna","value":"art. 41 ust. 1 ustawy z dnia 5 czerwca 1998 r. o samorz\u0105dzie wojew\u00f3dztwa (t.j. Dz. U. z 2023 r., poz. 579, z p\u00f3\u017an. zm.), \u00a7 2 ust. 1, ust. 3 oraz \u00a7 4 ust. 5 \u201eZasad prowadzenia dzia\u0142a\u0144 projektowych przez jednostki organizacyjne Wojew\u00f3dztwa \u015al\u0105skiego\u0022 przyj\u0119tych przez Zarz\u0105d Wojew\u00f3dztwa \u015al\u0105skiego Uchwa\u0142\u0105 nr 170\/14\/VI\/2019 z dnia 30 stycznia 2019 r."}],"components":[{"id":"bf6d5eba-d119-11e7-80a9-005056b46601","type":"ContentWYSIWYG","name":"Tre\u015b\u0107","description":"Tre\u015b\u0107 strony","content":{"content":"","promotion":false}},{"id":"bf6dbc25-d119-11e7-80a9-005056b46601","type":"Gallery","name":"Galeria","description":"Galeria"},{"id":"bf6e1f6b-d119-11e7-80a9-005056b46601","type":"Attachment","name":"Za\u0142\u0105czniki","description":"Za\u0142\u0105czniki do strony","content":[{"src":"\/resource\/68271\/Uchwa%25C5%2582a+Zarz%25C4%2585du+nr+1778_442_VI_2023+z+dnia+16.08.2023+r..docx","extension":"DOCX","name":"2ce6f030d2987b393fe557c184dfd7e5.docx","size":"29.78 KB"}]},{"id":"eba03b25-d9a7-11e7-b355-005056b70dba","type":"PageTitle","name":"","description":"Tytu\u0142 strony","content":{"title":"Uchwa\u0142a zarz\u0105du nr 1778\/442\/VI\/2023 z dnia 2023-08-16"}},{"id":"eba07701-d9a7-11e7-b355-005056b70dba","type":"PageDescription","name":"","description":"Zajawka strony","content":[]},{"id":"1b1a7940-ff78-11e7-b81e-005056b7801d","type":"SectionDescription","name":"","description":"Zajawka sekcji","content":[]}]}

Uchwała zarządu nr 1778/442/VI/2023 z dnia 2023-08-16

Dodanie artykułu

Urząd Marszałkowski Województwa Śląskiego

Uchwała Zarządu

Wyrażenia zgody na przygotowanie projektu na lata 2024-2026 pn. „Regionalne Obserwatorium Procesu Transformacji 2.0 (ROPT 2.0)” realizowanego przez Województwo Śląskie w ramach Programu Fundusze Europejskie dla Śląskiego 2021-2027

Numer uchwały

Numer posiedzenia zarządu

art. 41 ust. 1 ustawy z dnia 5 czerwca 1998 r. o samorządzie województwa (t.j. Dz. U. z 2023 r., poz. 579, z późn. zm.), § 2 ust. 1, ust. 3 oraz § 4 ust. 5 „Zasad prowadzenia działań projektowych przez jednostki organizacyjne Województwa Śląskiego" przyjętych przez Zarząd Województwa Śląskiego Uchwałą nr 170/14/VI/2019 z dnia 30 stycznia 2019 r.

Treść

Treść strony

Załączniki

Załączniki do strony

Tytuł strony
