{"id":47832,"name":"uchwala-zarzadu-nr-1789442vi2023-z-dnia-2023-08-16","title":"Uchwa\u0142a zarz\u0105du nr 1789\/442\/VI\/2023 z dnia 2023-08-16","desc":"","header":"Uchwa\u0142a zarz\u0105du nr 1789\/442\/VI\/2023 z dnia 2023-08-16","lead":"","keywords":"","changes":"publikacja uchwa\u0142y","menu":"","path":"\/samorzad_wojewodztwa\/zarzad_wojewodztwa\/uchwaly_zarzadu\/uchwala-zarzadu-nr-1789442vi2023-z-dnia-2023-08-16.html","url":"\/samorzad_wojewodztwa\/zarzad_wojewodztwa\/uchwaly_zarzadu\/uchwala-zarzadu-nr-1789442vi2023-z-dnia-2023-08-16.html","infoOwner":"Urz\u0105d Marsza\u0142kowski Wojew\u00f3dztwa \u015al\u0105skiego","dateFirstPublicate":"2023-08-21 11:35:48","dateLastVersionPublicate":"2023-08-21 11:35:48","dateAvailableFrom":"2023-08-21 11:12:12","dateAvailableTo":"","type":"Uchwa\u0142a Zarz\u0105du","pageParams":[{"id":"263","name":"Data posiedzenia","description":"Data posiedzenia","value":"2023-08-16"},{"id":"235","name":"W sprawie","description":"W sprawie","value":"przyj\u0119cia Regulaminu wyboru projekt\u00f3w wraz z za\u0142\u0105cznikami dla naboru nr FESL.07.02-IZ.01-047\/23 w ramach programu Fundusze Europejskiego dla \u015al\u0105skiego 2021-2027, Dzia\u0142ania 7.2 Aktywna integracja, typy: \r\n1. Aktywizacja spo\u0142eczno-zawodowa os\u00f3b i rodzin,\r\n2. Proces reintegracji spo\u0142ecznej i zawodowej prowadzony przez podmioty reintegracyjne, \r\nspos\u00f3b wyboru: konkurencyjny."},{"id":"273","name":"NUMER_UCHWALY_ZARZADU","description":"Numer uchwa\u0142y","value":"1789\/442\/VI\/2023"},{"id":"278","name":"Numer posiedzenia zarz\u0105du","description":"Numer posiedzenia zarz\u0105du","value":"442"},{"id":"261","name":"Na podstawie","description":"podstawa prawna","value":"- art. 41 ust. 2 pkt 4 ustawy z dnia z dnia 5 czerwca 1998 r. o samorz\u0105dzie wojew\u00f3dztwa (t. j. Dz. U. z 2022 r., poz. 2094 z p\u00f3\u017an. zm.);\r\n- art. 8 ust. 1 pkt 2, art. 44 ust. 1, art. 50, art. 51 ust. 1, ust. 2 ustawy z dnia 28 kwietnia 2022 r. o zasadach realizacji zada\u0144 finansowanych ze \u015brodk\u00f3w europejskich w perspektywie finansowej  2021-2027 (Dz. U. z 2022 poz. 1079)."}],"components":[{"id":"bf6d5eba-d119-11e7-80a9-005056b46601","type":"ContentWYSIWYG","name":"Tre\u015b\u0107","description":"Tre\u015b\u0107 strony","content":{"content":"","promotion":false}},{"id":"bf6dbc25-d119-11e7-80a9-005056b46601","type":"Gallery","name":"Galeria","description":"Galeria"},{"id":"bf6e1f6b-d119-11e7-80a9-005056b46601","type":"Attachment","name":"Za\u0142\u0105czniki","description":"Za\u0142\u0105czniki do strony","content":[{"src":"\/resource\/68276\/Uchwa%25C5%2582a+Zarz%25C4%2585du+nr+1789_442_VI_2023.rtf","extension":"RTF","name":"b305c5450e2d191373d6ee8627eb8e61.rtf","size":"82.43 KB"},{"src":"\/resource\/68276\/Regulamin+wyboru+projekt%25C3%25B3w+_+7.2.rtf","extension":"RTF","name":"bf130b90d01cd90d839b11d3738a47e1.rtf","size":"1.99 MB"},{"src":"\/resource\/68276\/Za%25C5%2582%25C4%2585czniki+do+Regulaminu+wyboru+projekt%25C3%25B3w+_+7.2.zip","extension":"ZIP","name":"3796e21f72f75af257dd98bb43f99e5d.zip","size":"9.43 MB"},{"src":"\/resource\/68276\/za%25C5%2582%25C4%2585czniki+do+umowy.zip","extension":"ZIP","name":"f1595fb5a242586aa4dc87215597983b.zip","size":"663.86 KB"}]},{"id":"eba03b25-d9a7-11e7-b355-005056b70dba","type":"PageTitle","name":"","description":"Tytu\u0142 strony","content":{"title":"Uchwa\u0142a zarz\u0105du nr 1789\/442\/VI\/2023 z dnia 2023-08-16"}},{"id":"eba07701-d9a7-11e7-b355-005056b70dba","type":"PageDescription","name":"","description":"Zajawka strony","content":[]},{"id":"1b1a7940-ff78-11e7-b81e-005056b7801d","type":"SectionDescription","name":"","description":"Zajawka sekcji","content":[]}]}

Uchwała zarządu nr 1789/442/VI/2023 z dnia 2023-08-16

publikacja uchwały

Urząd Marszałkowski Województwa Śląskiego

Uchwała Zarządu

przyjęcia Regulaminu wyboru projektów wraz z załącznikami dla naboru nr FESL.07.02-IZ.01-047/23 w ramach programu Fundusze Europejskiego dla Śląskiego 2021-2027, Działania 7.2 Aktywna integracja, typy: 
1. Aktywizacja społeczno-zawodowa osób i rodzin,
2. Proces reintegracji społecznej i zawodowej prowadzony przez podmioty reintegracyjne, 
sposób wyboru: konkurencyjny.

Numer uchwały

Numer posiedzenia zarządu

- art. 41 ust. 2 pkt 4 ustawy z dnia z dnia 5 czerwca 1998 r. o samorządzie województwa (t. j. Dz. U. z 2022 r., poz. 2094 z późn. zm.);
- art. 8 ust. 1 pkt 2, art. 44 ust. 1, art. 50, art. 51 ust. 1, ust. 2 ustawy z dnia 28 kwietnia 2022 r. o zasadach realizacji zadań finansowanych ze środków europejskich w perspektywie finansowej  2021-2027 (Dz. U. z 2022 poz. 1079).

Treść

Treść strony

Załączniki

Załączniki do strony

Tytuł strony
