{"id":48078,"name":"uchwala-zarzadu-nr-1797443vi2023-z-dnia-2023-08-23","title":"Uchwa\u0142a zarz\u0105du nr 1797\/443\/VI\/2023 z dnia 2023-08-23","desc":"","header":"Uchwa\u0142a zarz\u0105du nr 1797\/443\/VI\/2023 z dnia 2023-08-23","lead":"","keywords":"","changes":"Dodanie artyku\u0142u","menu":"","path":"\/samorzad_wojewodztwa\/zarzad_wojewodztwa\/uchwaly_zarzadu\/uchwala-zarzadu-nr-1797443vi2023-z-dnia-2023-08-23.html","url":"\/samorzad_wojewodztwa\/zarzad_wojewodztwa\/uchwaly_zarzadu\/uchwala-zarzadu-nr-1797443vi2023-z-dnia-2023-08-23.html","infoOwner":"Urz\u0105d Marsza\u0142kowski Wojew\u00f3dztwa \u015al\u0105skiego","dateFirstPublicate":"2023-08-31 10:15:38","dateLastVersionPublicate":"2023-08-31 10:15:38","dateAvailableFrom":"","dateAvailableTo":"","type":"Uchwa\u0142a Zarz\u0105du","pageParams":[{"id":"263","name":"Data posiedzenia","description":"Data posiedzenia","value":"2023-08-23"},{"id":"235","name":"W sprawie","description":"W sprawie","value":"przyj\u0119cia pakietu aplikacyjnego dla naboru nr FESL.05.08-IP.02-052\/23 realizowanego w spos\u00f3b niekonkurencyjny w ramach programu Fundusze Europejskie dla \u015al\u0105skiego 2021 2027, Priorytetu FESL.05 Fundusze Europejskie dla rynku pracy, Dzia\u0142ania FESL.05.08 Budowanie sieci wsp\u00f3\u0142pracy mi\u0119dzyinstytucjonalnej i promocji w zakresie poradnictwa zawodowego"},{"id":"273","name":"NUMER_UCHWALY_ZARZADU","description":"Numer uchwa\u0142y","value":"1797\/443\/VI\/2023"},{"id":"278","name":"Numer posiedzenia zarz\u0105du","description":"Numer posiedzenia zarz\u0105du","value":"443"},{"id":"261","name":"Na podstawie","description":"podstawa prawna","value":"Na podstawie: art. 41 ust. 2 pkt 4 ustawy z dnia 5 czerwca 1998 r. o samorz\u0105dzie wojew\u00f3dztwa (tekst jednolity Dz. U. z 2022 r. poz. 2094 z p\u00f3\u017an. zm.), art. 8 ust.1 pkt 2, art. 44 ust. 1 i 2, art. 45 ust. 2, art. 50 ust.1 i 2 pkt 1 ustawy z dnia 28 kwietnia 2022 r. o zasadach realizacji zada\u0144 finansowanych ze \u015brodk\u00f3w europejskich w perspektywie finansowej 2021-2027 (Dz. U. z 2022 r. poz. 1079 z p\u00f3\u017an. zm.), \u00a7 1 ust. 1 pkt 10 oraz \u00a7 2 ust. 1 pkt 3 i 4 Porozumienia nr 38\/RT\/2023 z dnia 4 kwietnia 2023 r. w sprawie powierzenia zada\u0144 zwi\u0105zanych z realizacj\u0105 programu Fundusze Europejskie dla \u015al\u0105skiego 2021-2027 zawartego pomi\u0119dzy Zarz\u0105dem Wojew\u00f3dztwa \u015al\u0105skiego a Wojew\u00f3dzkim Urz\u0119dem Pracy w Katowicach"}],"components":[{"id":"bf6d5eba-d119-11e7-80a9-005056b46601","type":"ContentWYSIWYG","name":"Tre\u015b\u0107","description":"Tre\u015b\u0107 strony","content":{"content":"","promotion":false}},{"id":"bf6dbc25-d119-11e7-80a9-005056b46601","type":"Gallery","name":"Galeria","description":"Galeria"},{"id":"bf6e1f6b-d119-11e7-80a9-005056b46601","type":"Attachment","name":"Za\u0142\u0105czniki","description":"Za\u0142\u0105czniki do strony","content":[{"src":"\/resource\/68530\/Uchwa%25C5%2582a+nr+1797_443_VI_2023+Zarz%25C4%2585du+Wojew%25C3%25B3dztwa+%25C5%259Al%25C4%2585skiego+z+23+sierpnia+2023+r.%25281%2529.rtf","extension":"RTF","name":"06f03b3dd96bce449af871bc9cb3dd04.rtf","size":"132.67 KB"},{"src":"\/resource\/68530\/Za%25C5%2582%25C4%2585cznik+nr+1+do+Uchwa%25C5%2582y+nr+1797_443_VI_2023+Zarz%25C4%2585du+Wojew%25C3%25B3dztwa+%25C5%259Al%25C4%2585skiego+z+23+sierpnia+2023+r..doc","extension":"DOC","name":"f325bb8f5a0e6c12722469676bf3842d.doc","size":"166 KB"},{"src":"\/resource\/68530\/Za%25C5%2582%25C4%2585cznik+nr+2+do+Uchwa%25C5%2582y+nr+1797_443_VI_2023+Zarz%25C4%2585du+Wojew%25C3%25B3dztwa+%25C5%259Al%25C4%2585skiego+z+23+sierpnia+2023+r..docx","extension":"DOCX","name":"7ad55719ac11acdda820b65c781fde7c.docx","size":"184.69 KB"},{"src":"\/resource\/68530\/Za%25C5%2582%25C4%2585cznik+nr+1+do+za%25C5%2582%25C4%2585cznika+nr+2+do+Uchwa%25C5%2582y+nr+1797_443_VI_2023+Zarz%25C4%2585du+Wojew%25C3%25B3dztwa+%25C5%259Al%25C4%2585skiego+z+23+sierpnia+2023+r..docx","extension":"DOCX","name":"7a50b64b1ef54231c4f51b0f9d16db8b.docx","size":"47.32 KB"},{"src":"\/resource\/68530\/Za%25C5%2582%25C4%2585cznik+nr+2+do+za%25C5%2582%25C4%2585cznika+nr+2+do+Uchwa%25C5%2582y+nr+1797_443_VI_2023+Zarz%25C4%2585du+Wojew%25C3%25B3dztwa+%25C5%259Al%25C4%2585skiego+z+23+sierpnia+2023+r..docx","extension":"DOCX","name":"f7b84a3a33f1ca4a43ca19d9f607a95b.docx","size":"45.86 KB"},{"src":"\/resource\/68530\/Za%25C5%2582%25C4%2585cznik+nr+3+do+za%25C5%2582%25C4%2585cznika+nr+2+do+Uchwa%25C5%2582y+nr+1797_443_VI_2023+Zarz%25C4%2585du+Wojew%25C3%25B3dztwa+%25C5%259Al%25C4%2585skiego+z+23+sierpnia+2023+r..docx","extension":"DOCX","name":"ce67d63480461157ad34ce77e5c1e393.docx","size":"130.69 KB"},{"src":"\/resource\/68530\/Za%25C5%2582%25C4%2585cznik+nr+4+do+za%25C5%2582%25C4%2585cznika+nr+2+do+Uchwa%25C5%2582y+nr+1797_443_VI_2023+Zarz%25C4%2585du+Wojew%25C3%25B3dztwa+%25C5%259Al%25C4%2585skiego+z+23+sierpnia+2023+r..pdf","extension":"PDF","name":"65ce2ae0966c8046c942e6079788eeea.pdf","size":"2.9 MB"},{"src":"\/resource\/68530\/Za%25C5%2582%25C4%2585cznik+nr+5+do+za%25C5%2582%25C4%2585cznika+nr+2+do+Uchwa%25C5%2582y+nr+1797_443_VI_2023+Zarz%25C4%2585du+Wojew%25C3%25B3dztwa+%25C5%259Al%25C4%2585skiego+z+23+sierpnia+2023+r..docx","extension":"DOCX","name":"64a29424d3b09458b643229fda892056.docx","size":"897.89 KB"},{"src":"\/resource\/68530\/Za%25C5%2582%25C4%2585cznik+nr+6+do+za%25C5%2582%25C4%2585cznika+nr+2+do+Uchwa%25C5%2582y+nr+1797_443_VI_2023+Zarz%25C4%2585du+Wojew%25C3%25B3dztwa+%25C5%259Al%25C4%2585skiego+z+23+sierpnia+2023+r..docx","extension":"DOCX","name":"ebb7a61ac1b74f279aa42be69aa68a1a.docx","size":"59.32 KB"},{"src":"\/resource\/68530\/Za%25C5%2582%25C4%2585cznik+do+za%25C5%2582.+nr+5+do+za%25C5%2582.+nr+2+do+Uchwa%25C5%2582y+nr+1797_443_VI_2023+Zarz%25C4%2585du+Wojew%25C3%25B3dztwa+%25C5%259Al%25C4%2585skiego+z+23+sierpnia+2023+r..docx","extension":"DOCX","name":"aac0b2ea363b77cd3bec3c04a7bf04b5.docx","size":"952.52 KB"},{"src":"\/resource\/68530\/Za%25C5%2582%25C4%2585cznik+nr+2+do+za%25C5%2582.+nr+5+do+za%25C5%2582.+nr+2+do+Uchwa%25C5%2582y+nr+1797_443_VI_2023+Zarz%25C4%2585du+Wojew%25C3%25B3dztwa+%25C5%259Al%25C4%2585skiego+z+23+sierpnia+2023+r..docx","extension":"DOCX","name":"7855a35273b1ac88709b10170549782a.docx","size":"869.75 KB"},{"src":"\/resource\/68530\/Za%25C5%2582%25C4%2585cznik+nr+3+do+za%25C5%2582.+nr+5+do+za%25C5%2582.+nr+2+do+Uchwa%25C5%2582y+nr+1797_443_VI_2023+Zarz%25C4%2585du+Wojew%25C3%25B3dztwa+%25C5%259Al%25C4%2585skiego+z+23+sierpnia+2023+r..docx","extension":"DOCX","name":"dfa952c6b83d557e65a3a8bf862878fa.docx","size":"1.14 MB"},{"src":"\/resource\/68530\/Za%25C5%2582%25C4%2585cznik+nr+4+do+za%25C5%2582.+nr+5+do+za%25C5%2582.+nr+2+do+Uchwa%25C5%2582y+nr+1797_443_VI_2023+Zarz%25C4%2585du+Wojew%25C3%25B3dztwa+%25C5%259Al%25C4%2585skiego+z+23+sierpnia+2023+r..docx","extension":"DOCX","name":"19287ddf2a9c2f7f79842af8050c7dbe.docx","size":"871.29 KB"},{"src":"\/resource\/68530\/Za%25C5%2582%25C4%2585cznik+nr+5+do+za%25C5%2582.+nr+5+do+za%25C5%2582.+nr+2+do+Uchwa%25C5%2582y+nr+1797_443_VI_2023+Zarz%25C4%2585du+Wojew%25C3%25B3dztwa+%25C5%259Al%25C4%2585skiego+z+23+sierpnia+2023+r..docx","extension":"DOCX","name":"013d41d609e4b71143efc09139f3f925.docx","size":"863.75 KB"},{"src":"\/resource\/68530\/Za%25C5%2582%25C4%2585cznik+nr+6+do+za%25C5%2582.+nr+5+do+za%25C5%2582.+nr+2+do+Uchwa%25C5%2582y+nr+1797_443_VI_2023+Zarz%25C4%2585du+Wojew%25C3%25B3dztwa+%25C5%259Al%25C4%2585skiego+z+23+sierpnia+2023+r..docx","extension":"DOCX","name":"d66f39813ff184ca5cb0ad693142305b.docx","size":"865.04 KB"}]},{"id":"eba03b25-d9a7-11e7-b355-005056b70dba","type":"PageTitle","name":"","description":"Tytu\u0142 strony","content":{"title":"Uchwa\u0142a zarz\u0105du nr 1797\/443\/VI\/2023 z dnia 2023-08-23"}},{"id":"eba07701-d9a7-11e7-b355-005056b70dba","type":"PageDescription","name":"","description":"Zajawka strony","content":[]},{"id":"1b1a7940-ff78-11e7-b81e-005056b7801d","type":"SectionDescription","name":"","description":"Zajawka sekcji","content":[]}]}

Uchwała zarządu nr 1797/443/VI/2023 z dnia 2023-08-23

Dodanie artykułu

Urząd Marszałkowski Województwa Śląskiego

Uchwała Zarządu

przyjęcia pakietu aplikacyjnego dla naboru nr FESL.05.08-IP.02-052/23 realizowanego w sposób niekonkurencyjny w ramach programu Fundusze Europejskie dla Śląskiego 2021 2027, Priorytetu FESL.05 Fundusze Europejskie dla rynku pracy, Działania FESL.05.08 Budowanie sieci współpracy międzyinstytucjonalnej i promocji w zakresie poradnictwa zawodowego

Numer uchwały

Numer posiedzenia zarządu

Na podstawie: art. 41 ust. 2 pkt 4 ustawy z dnia 5 czerwca 1998 r. o samorządzie województwa (tekst jednolity Dz. U. z 2022 r. poz. 2094 z późn. zm.), art. 8 ust.1 pkt 2, art. 44 ust. 1 i 2, art. 45 ust. 2, art. 50 ust.1 i 2 pkt 1 ustawy z dnia 28 kwietnia 2022 r. o zasadach realizacji zadań finansowanych ze środków europejskich w perspektywie finansowej 2021-2027 (Dz. U. z 2022 r. poz. 1079 z późn. zm.), § 1 ust. 1 pkt 10 oraz § 2 ust. 1 pkt 3 i 4 Porozumienia nr 38/RT/2023 z dnia 4 kwietnia 2023 r. w sprawie powierzenia zadań związanych z realizacją programu Fundusze Europejskie dla Śląskiego 2021-2027 zawartego pomiędzy Zarządem Województwa Śląskiego a Wojewódzkim Urzędem Pracy w Katowicach

Treść

Treść strony

Załączniki

Załączniki do strony

Tytuł strony
