{"id":64412,"name":"uchwala-zarzadu-nr-1800214v2017-z-dnia-2017-08-29","title":"Uchwa\u0142a zarz\u0105du nr 1800\/214\/V\/2017 z dnia 2017-08-29","desc":"","header":"Uchwa\u0142a zarz\u0105du nr 1800\/214\/V\/2017 z dnia 2017-08-29","lead":"","keywords":"","changes":"Migracja danych","menu":"","path":"\/samorzad_wojewodztwa\/zarzad_wojewodztwa\/uchwaly_zarzadu\/uchwala-zarzadu-nr-1800214v2017-z-dnia-2017-08-29.html","url":"\/samorzad_wojewodztwa\/zarzad_wojewodztwa\/uchwaly_zarzadu\/uchwala-zarzadu-nr-1800214v2017-z-dnia-2017-08-29.html","infoOwner":"Urz\u0105d Marsza\u0142kowski Wojew\u00f3dztwa \u015al\u0105skiego","dateFirstPublicate":"2017-09-05 10:44:02","dateLastVersionPublicate":"2017-09-05 10:44:02","dateAvailableFrom":"","dateAvailableTo":"","type":"Uchwa\u0142a Zarz\u0105du","pageParams":[{"id":"263","name":"Data posiedzenia","description":"Data posiedzenia","value":"2017-08-29 10:44:02"},{"id":"235","name":"W sprawie","description":"W sprawie","value":"w sprawie:\r\n\r\nwyra\u017cenia zgody na udzia\u0142 reprezentacji Wojew\u00f3dztwa \u015al\u0105skiego na Do\u017cynkach Prezydenckich w Spale w dniach 16-17 wrze\u015bnia 2017 r., zawarcia umowy z gmin\u0105 Krzy\u017canowice okre\u015blaj\u0105cej warunki udzia\u0142u wsp\u00f3lnej reprezentacji wojew\u00f3dztwa \u015bl\u0105skiego na Do\u017cynkach Prezydenckich w Spale, prezentacji wojew\u00f3dztwa \u015bl\u0105skiego \r\nna Do\u017cynkach Prezydenckich w Spale, przyj\u0119cia projekt\u00f3w um\u00f3w dotycz\u0105cych: okre\u015blenia warunk\u00f3w udzia\u0142u wsp\u00f3lnej reprezentacji wojew\u00f3dztwa \u015bl\u0105skiego na Do\u017cynkach Prezydenckich w Spale oraz wykonania us\u0142ugi kulturalnej polegaj\u0105cej na prezentacji wojew\u00f3dztwa \u015bl\u0105skiego na Do\u017cynkach Prezydenckich w Spale. \r\n"},{"id":"273","name":"NUMER_UCHWALY_ZARZADU","description":"Numer uchwa\u0142y","value":"1800\/214\/V\/2017"},{"id":"278","name":"Numer posiedzenia zarz\u0105du","description":"Numer posiedzenia zarz\u0105du","value":"214"},{"id":"261","name":"Na podstawie","description":"podstawa prawna","value":"art. 11 ust. 2 pkt 7 oraz art. 41 ust. 1 ustawy z dnia 5 czerwca 1998 roku o samorz\u0105dzie wojew\u00f3dztwa (tekst jednolity: Dz. U. z 2016 r., poz. 486 z p\u00f3\u017an. zm.), oraz art. 216 ust. 2 pkt. 4 ustawy z dnia 27 sierpnia 2009 r. o finansach publicznych (Dz. U. z 2016 r. poz. 1870, z p\u00f3\u017an. zm.).\r\n\r\n"}],"components":[{"id":"bf6d5eba-d119-11e7-80a9-005056b46601","type":"ContentWYSIWYG","name":"Tre\u015b\u0107","description":"Tre\u015b\u0107 strony","content":{"content":"","promotion":false}},{"id":"bf6dbc25-d119-11e7-80a9-005056b46601","type":"Gallery","name":"Galeria","description":"Galeria"},{"id":"bf6e1f6b-d119-11e7-80a9-005056b46601","type":"Attachment","name":"Za\u0142\u0105czniki","description":"Za\u0142\u0105czniki do strony","content":[{"src":"\/resource\/87206\/Tre%25C5%259B%25C4%2587+uchwa%25C5%2582y.rtf","extension":"RTF","name":"a06b843756c5cf6d1945aff53acb0534.rtf","size":"95.35 KB"},{"src":"\/resource\/87209\/Za%25C5%2582%25C4%2585cznik+do+uchwa%25C5%2582y.rtf","extension":"RTF","name":"29e6b7ce1fb8dab27cada4ec192430a5.rtf","size":"202.23 KB"}]},{"id":"eba03b25-d9a7-11e7-b355-005056b70dba","type":"PageTitle","name":"","description":"Tytu\u0142 strony","content":{"title":"Uchwa\u0142a zarz\u0105du nr 1800\/214\/V\/2017 z dnia 2017-08-29"}},{"id":"eba07701-d9a7-11e7-b355-005056b70dba","type":"PageDescription","name":"","description":"Zajawka strony","content":[]},{"id":"1b1a7940-ff78-11e7-b81e-005056b7801d","type":"SectionDescription","name":"","description":"Zajawka sekcji","content":[]}]}

Uchwała zarządu nr 1800/214/V/2017 z dnia 2017-08-29

Urząd Marszałkowski Województwa Śląskiego

Uchwała Zarządu

w sprawie:

wyrażenia zgody na udział reprezentacji Województwa Śląskiego na Dożynkach Prezydenckich w Spale w dniach 16-17 września 2017 r., zawarcia umowy z gminą Krzyżanowice określającej warunki udziału wspólnej reprezentacji województwa śląskiego na Dożynkach Prezydenckich w Spale, prezentacji województwa śląskiego 
na Dożynkach Prezydenckich w Spale, przyjęcia projektów umów dotyczących: określenia warunków udziału wspólnej reprezentacji województwa śląskiego na Dożynkach Prezydenckich w Spale oraz wykonania usługi kulturalnej polegającej na prezentacji województwa śląskiego na Dożynkach Prezydenckich w Spale.

Numer uchwały

Numer posiedzenia zarządu

art. 11 ust. 2 pkt 7 oraz art. 41 ust. 1 ustawy z dnia 5 czerwca 1998 roku o samorządzie województwa (tekst jednolity: Dz. U. z 2016 r., poz. 486 z późn. zm.), oraz art. 216 ust. 2 pkt. 4 ustawy z dnia 27 sierpnia 2009 r. o finansach publicznych (Dz. U. z 2016 r. poz. 1870, z późn. zm.).

Treść

Treść strony

Załączniki

Załączniki do strony

Tytuł strony
