{"id":48005,"name":"uchwala-zarzadu-nr-1807443vi2023-z-dnia-2023-08-23","title":"Uchwa\u0142a zarz\u0105du nr 1807\/443\/VI\/2023 z dnia 2023-08-23","desc":"","header":"Uchwa\u0142a zarz\u0105du nr 1807\/443\/VI\/2023 z dnia 2023-08-23","lead":"","keywords":"","changes":"dodanie uchwa\u0142y","menu":"","path":"\/samorzad_wojewodztwa\/zarzad_wojewodztwa\/uchwaly_zarzadu\/uchwala-zarzadu-nr-1807443vi2023-z-dnia-2023-08-23.html","url":"\/samorzad_wojewodztwa\/zarzad_wojewodztwa\/uchwaly_zarzadu\/uchwala-zarzadu-nr-1807443vi2023-z-dnia-2023-08-23.html","infoOwner":"Urz\u0105d Marsza\u0142kowski Wojew\u00f3dztwa \u015al\u0105skiego","dateFirstPublicate":"2023-08-29 08:37:05","dateLastVersionPublicate":"2023-08-29 08:37:05","dateAvailableFrom":"2023-08-29 08:26:37","dateAvailableTo":"","type":"Uchwa\u0142a Zarz\u0105du","pageParams":[{"id":"263","name":"Data posiedzenia","description":"Data posiedzenia","value":"2023-08-23"},{"id":"235","name":"W sprawie","description":"W sprawie","value":"Wyra\u017cenie zgody na udzia\u0142 reprezentacji Wojew\u00f3dztwa \u015al\u0105skiego w Do\u017cynkach Prezydenckich w Warszawie w dniach 23-24 wrze\u015bnia 2023 r., zawarcie umowy z Gmin\u0105 Kamienica Polska okre\u015blaj\u0105cej warunki udzia\u0142u wsp\u00f3lnej reprezentacji Wojew\u00f3dztwa \u015al\u0105skiego w Do\u017cynkach Prezydenckich w Warszawie - przyj\u0119cie projektu umowy dotycz\u0105cej okre\u015blenia warunk\u00f3w udzia\u0142u wsp\u00f3lnej reprezentacji Wojew\u00f3dztwa \u015al\u0105skiego w Do\u017cynkach Prezydenckich w Warszawie"},{"id":"273","name":"NUMER_UCHWALY_ZARZADU","description":"Numer uchwa\u0142y","value":"1807\/443\/VI\/2023"},{"id":"278","name":"Numer posiedzenia zarz\u0105du","description":"Numer posiedzenia zarz\u0105du","value":"443"},{"id":"261","name":"Na podstawie","description":"podstawa prawna","value":"art. 11 ust 2 pkt 7 oraz art. 41 ust 1 ustawy z dnia 5 czerwca 1998 r. o samorz\u0105dzie wojew\u00f3dztwa (tekst jednolity: Dz. U. z 2022 r. poz. 2094  p\u00f3\u017an. zm.) oraz art. 216 ust. 2 pkt 4 ustawy z dnia 27 sierpnia 2009 r. o finansach publicznych (tekst jednolity: Dz. U. z 2023 r. poz. 1270 z p\u00f3\u017an. zm.)"}],"components":[{"id":"bf6d5eba-d119-11e7-80a9-005056b46601","type":"ContentWYSIWYG","name":"Tre\u015b\u0107","description":"Tre\u015b\u0107 strony","content":{"content":"","promotion":false}},{"id":"bf6dbc25-d119-11e7-80a9-005056b46601","type":"Gallery","name":"Galeria","description":"Galeria"},{"id":"bf6e1f6b-d119-11e7-80a9-005056b46601","type":"Attachment","name":"Za\u0142\u0105czniki","description":"Za\u0142\u0105czniki do strony","content":[{"src":"\/resource\/68454\/02.+Uchwa%25C5%2582a+Zarz%25C4%2585du+do%25C5%25BCynki+Prez-2023+RTF.rtf","extension":"RTF","name":"845931134a460483ebb8861359a125a7.rtf","size":"92.83 KB"},{"src":"\/resource\/68454\/Za%25C5%2582%25C4%2585cznik+do+Uchwa%25C5%2582y_Umowa-+do%25C5%25BCynki+prezydenckie_2023%25283%2529.docx","extension":"DOCX","name":"76defe8f55abf1b5c2d1636b58665590.docx","size":"39.43 KB"}]},{"id":"eba03b25-d9a7-11e7-b355-005056b70dba","type":"PageTitle","name":"","description":"Tytu\u0142 strony","content":{"title":"Uchwa\u0142a zarz\u0105du nr 1807\/443\/VI\/2023 z dnia 2023-08-23"}},{"id":"eba07701-d9a7-11e7-b355-005056b70dba","type":"PageDescription","name":"","description":"Zajawka strony","content":[]},{"id":"1b1a7940-ff78-11e7-b81e-005056b7801d","type":"SectionDescription","name":"","description":"Zajawka sekcji","content":[]}]}

Uchwała zarządu nr 1807/443/VI/2023 z dnia 2023-08-23

dodanie uchwały

Urząd Marszałkowski Województwa Śląskiego

Uchwała Zarządu

Wyrażenie zgody na udział reprezentacji Województwa Śląskiego w Dożynkach Prezydenckich w Warszawie w dniach 23-24 września 2023 r., zawarcie umowy z Gminą Kamienica Polska określającej warunki udziału wspólnej reprezentacji Województwa Śląskiego w Dożynkach Prezydenckich w Warszawie - przyjęcie projektu umowy dotyczącej określenia warunków udziału wspólnej reprezentacji Województwa Śląskiego w Dożynkach Prezydenckich w Warszawie

Numer uchwały

Numer posiedzenia zarządu

art. 11 ust 2 pkt 7 oraz art. 41 ust 1 ustawy z dnia 5 czerwca 1998 r. o samorządzie województwa (tekst jednolity: Dz. U. z 2022 r. poz. 2094  późn. zm.) oraz art. 216 ust. 2 pkt 4 ustawy z dnia 27 sierpnia 2009 r. o finansach publicznych (tekst jednolity: Dz. U. z 2023 r. poz. 1270 z późn. zm.)

Treść

Treść strony

Załączniki

Załączniki do strony

Tytuł strony
