{"id":64547,"name":"uchwala-zarzadu-nr-1810214v2017-z-dnia-2017-08-29","title":"Uchwa\u0142a zarz\u0105du nr 1810\/214\/V\/2017 z dnia 2017-08-29","desc":"","header":"Uchwa\u0142a zarz\u0105du nr 1810\/214\/V\/2017 z dnia 2017-08-29","lead":"","keywords":"","changes":"Migracja danych","menu":"","path":"\/samorzad_wojewodztwa\/zarzad_wojewodztwa\/uchwaly_zarzadu\/uchwala-zarzadu-nr-1810214v2017-z-dnia-2017-08-29.html","url":"\/samorzad_wojewodztwa\/zarzad_wojewodztwa\/uchwaly_zarzadu\/uchwala-zarzadu-nr-1810214v2017-z-dnia-2017-08-29.html","infoOwner":"Urz\u0105d Marsza\u0142kowski Wojew\u00f3dztwa \u015al\u0105skiego","dateFirstPublicate":"2017-08-30 11:42:46","dateLastVersionPublicate":"2017-08-30 11:42:46","dateAvailableFrom":"","dateAvailableTo":"","type":"Uchwa\u0142a Zarz\u0105du","pageParams":[{"id":"263","name":"Data posiedzenia","description":"Data posiedzenia","value":"2017-08-29 11:42:46"},{"id":"235","name":"W sprawie","description":"W sprawie","value":"zawarcia Aneksu nr 1 do Porozumienia nr 10\/KT\/2017 z dnia 23 marca 2017 roku w sprawie powierzenia Komunikacyjnemu Zwi\u0105zkowi Komunalnemu G\u00f3rno\u015bl\u0105skiego Okr\u0119gu Przemys\u0142owego zadania w\u0142asnego Wojew\u00f3dztwa \u015al\u0105skiego polegaj\u0105cego na organizowaniu i zarz\u0105dzaniu publicznym transportem zbiorowym w zakresie wojew\u00f3dzkich przewoz\u00f3w pasa\u017cerskich na terenie wojew\u00f3dztwa \u015bl\u0105skiego"},{"id":"273","name":"NUMER_UCHWALY_ZARZADU","description":"Numer uchwa\u0142y","value":"1810\/214\/V\/2017"},{"id":"278","name":"Numer posiedzenia zarz\u0105du","description":"Numer posiedzenia zarz\u0105du","value":"214"},{"id":"261","name":"Na podstawie","description":"podstawa prawna","value":"art. 41 ust.1  w zwi\u0105zku z art. 8 ust. 1, ustawy z dnia 5 czerwca 1998 roku o samorz\u0105dzie wojew\u00f3dztwa\r\n(tekst jednolity Dz. U. z 2016 r., poz. 486 z p\u00f3\u017an.zm.),\r\nart. 10 ust. 2 ustawy z dnia 8 marca 1990 o samorz\u0105dzie gminnym \r\n( tekst jednolity Dz. U. z 2016 r., poz. 446 z p\u00f3\u017an.zm.)\r\nart. 220 i art. 250 ustawy z dnia 27 sierpnia 2009 r. o finansach publicznych\r\n( tekst jednolity Dz. U. z 2016 r., poz. 1870 z p\u00f3\u017an.zm.).\r\n"}],"components":[{"id":"bf6d5eba-d119-11e7-80a9-005056b46601","type":"ContentWYSIWYG","name":"Tre\u015b\u0107","description":"Tre\u015b\u0107 strony","content":{"content":"","promotion":false}},{"id":"bf6dbc25-d119-11e7-80a9-005056b46601","type":"Gallery","name":"Galeria","description":"Galeria"},{"id":"bf6e1f6b-d119-11e7-80a9-005056b46601","type":"Attachment","name":"Za\u0142\u0105czniki","description":"Za\u0142\u0105czniki do strony","content":[{"src":"\/resource\/87659\/Tre%25C5%259B%25C4%2587+uchwa%25C5%2582y.docx","extension":"DOCX","name":"22fd8e46910066e6590e1318a18bb999.docx","size":"21.6 KB"},{"src":"\/resource\/87662\/Za%25C5%2582%25C4%2585cznik+do+uchwa%25C5%2582y.doc","extension":"DOC","name":"ed7954408a1c6b5f22385e2a5267d006.doc","size":"36 KB"}]},{"id":"eba03b25-d9a7-11e7-b355-005056b70dba","type":"PageTitle","name":"","description":"Tytu\u0142 strony","content":{"title":"Uchwa\u0142a zarz\u0105du nr 1810\/214\/V\/2017 z dnia 2017-08-29"}},{"id":"eba07701-d9a7-11e7-b355-005056b70dba","type":"PageDescription","name":"","description":"Zajawka strony","content":[]},{"id":"1b1a7940-ff78-11e7-b81e-005056b7801d","type":"SectionDescription","name":"","description":"Zajawka sekcji","content":[]}]}

Uchwała zarządu nr 1810/214/V/2017 z dnia 2017-08-29

Urząd Marszałkowski Województwa Śląskiego

Uchwała Zarządu

zawarcia Aneksu nr 1 do Porozumienia nr 10/KT/2017 z dnia 23 marca 2017 roku w sprawie powierzenia Komunikacyjnemu Związkowi Komunalnemu Górnośląskiego Okręgu Przemysłowego zadania własnego Województwa Śląskiego polegającego na organizowaniu i zarządzaniu publicznym transportem zbiorowym w zakresie wojewódzkich przewozów pasażerskich na terenie województwa śląskiego

Numer uchwały

Numer posiedzenia zarządu

art. 41 ust.1  w związku z art. 8 ust. 1, ustawy z dnia 5 czerwca 1998 roku o samorządzie województwa
(tekst jednolity Dz. U. z 2016 r., poz. 486 z późn.zm.),
art. 10 ust. 2 ustawy z dnia 8 marca 1990 o samorządzie gminnym 
( tekst jednolity Dz. U. z 2016 r., poz. 446 z późn.zm.)
art. 220 i art. 250 ustawy z dnia 27 sierpnia 2009 r. o finansach publicznych
( tekst jednolity Dz. U. z 2016 r., poz. 1870 z późn.zm.).

Treść

Treść strony

Załączniki

Załączniki do strony

Tytuł strony
