{"id":48254,"name":"uchwala-zarzadu-nr-1848444vi2023-z-dnia-2023-08-30","title":"Uchwa\u0142a Zarz\u0105du nr 1848\/444\/VI\/2023 z dnia 2023-08-30","desc":"","header":"Uchwa\u0142a Zarz\u0105du nr 1848\/444\/VI\/2023 z dnia 2023-08-30","lead":"","keywords":"","changes":"dodanie uchwa\u0142y","menu":"","path":"\/samorzad_wojewodztwa\/zarzad_wojewodztwa\/uchwaly_zarzadu\/uchwala-zarzadu-nr-1848444vi2023-z-dnia-2023-08-30.html","url":"\/samorzad_wojewodztwa\/zarzad_wojewodztwa\/uchwaly_zarzadu\/uchwala-zarzadu-nr-1848444vi2023-z-dnia-2023-08-30.html","infoOwner":"Urz\u0105d Marsza\u0142kowski Wojew\u00f3dztwa \u015al\u0105skiego","dateFirstPublicate":"2023-09-06 10:35:30","dateLastVersionPublicate":"2023-09-06 10:35:30","dateAvailableFrom":"","dateAvailableTo":"","type":"Uchwa\u0142a Zarz\u0105du","pageParams":[{"id":"263","name":"Data posiedzenia","description":"Data posiedzenia","value":"2023-08-30"},{"id":"235","name":"W sprawie","description":"W sprawie","value":"udzielenia pe\u0142nomocnictw dyrektorowi i zast\u0119pcom dyrektora Departamentu Europejskiego Funduszu Rozwoju Regionalnego"},{"id":"273","name":"NUMER_UCHWALY_ZARZADU","description":"Numer uchwa\u0142y","value":"1848\/444\/VI\/2023"},{"id":"278","name":"Numer posiedzenia zarz\u0105du","description":"Numer posiedzenia zarz\u0105du","value":"444"},{"id":"261","name":"Na podstawie","description":"podstawa prawna","value":"art. 41 ust. 2 pkt 4 ustawy z dnia 5 czerwca 1998 r. o samorz\u0105dzie wojew\u00f3dztwa \r\n(t.j. Dz. U. z 2022 r. poz. 2094 z p\u00f3\u017an. zm.), art. 8 ust. 1 pkt 2 i ust. 2 ustawy z dnia 28 kwietnia \r\n2022 r. o zasadach realizacji zada\u0144 finansowanych ze \u015brodk\u00f3w europejskich w perspektywie finansowej 2021-2027 (Dz. U. z 2022 r. poz. 1079) oraz Kontraktu Programowego dla Wojew\u00f3dztwa \u015al\u0105skiego z dnia 27 czerwca 2022 r."}],"components":[{"id":"bf6d5eba-d119-11e7-80a9-005056b46601","type":"ContentWYSIWYG","name":"Tre\u015b\u0107","description":"Tre\u015b\u0107 strony","content":{"content":"","promotion":false}},{"id":"bf6dbc25-d119-11e7-80a9-005056b46601","type":"Gallery","name":"Galeria","description":"Galeria"},{"id":"bf6e1f6b-d119-11e7-80a9-005056b46601","type":"Attachment","name":"Za\u0142\u0105czniki","description":"Za\u0142\u0105czniki do strony","content":[{"src":"\/resource\/68709\/Uchwa%25C5%2582a+nr+1848_444_VI_2023+Zarz%25C4%2585du+Wojew%25C3%25B3dztwa+%25C5%259Al%25C4%2585skiego+z+dnia+30.08.2023.rtf","extension":"RTF","name":"3e4859c7a0d04529e4c0b8b130ca4ed1.rtf","size":"132.7 KB"},{"src":"\/resource\/68709\/Za%25C5%2582%25C4%2585cznik+nr+1+do+uchwa%25C5%2582y+nr+1848+_444+_VI_2023+Zarz%25C4%2585du+Wojew%25C3%25B3dztwa+%25C5%259Al%25C4%2585skiego+z+dnia+30.08.2023+r..rtf","extension":"RTF","name":"29c4ed47a99c1a12dc8bc0ab591d5da8.rtf","size":"411.72 KB"},{"src":"\/resource\/68709\/Za%25C5%2582%25C4%2585cznik+nr+2+do+uchwa%25C5%2582y+nr+1848+_444+_VI_2023+Zarz%25C4%2585du+Wojew%25C3%25B3dztwa+%25C5%259Al%25C4%2585skiego+z+dnia+30.08.2023+r..rtf","extension":"RTF","name":"8526789f59f25ee074998dba7469c6f8.rtf","size":"411.83 KB"},{"src":"\/resource\/68709\/Za%25C5%2582%25C4%2585cznik+nr+3+do+uchwa%25C5%2582y+nr+1848+_444+_VI_2023+Zarz%25C4%2585du+Wojew%25C3%25B3dztwa+%25C5%259Al%25C4%2585skiego+z+dnia+30.08.2023+r..rtf","extension":"RTF","name":"11d2a5b9c4551930e868145b55f484f0.rtf","size":"412.26 KB"},{"src":"\/resource\/68709\/Za%25C5%2582%25C4%2585cznik+nr+4+do+uchwa%25C5%2582y+nr+1848_444_VI_2023+Zarz%25C4%2585du+Wojew%25C3%25B3dztwa+%25C5%259Al%25C4%2585skiego+z+dnia+30.08.2023+r..rtf","extension":"RTF","name":"d3ff2aedfdb87d7beb083514df0a5f38.rtf","size":"412.33 KB"},{"src":"\/resource\/68709\/Za%25C5%2582%25C4%2585cznik+nr+5+do+uchwa%25C5%2582y+nr+1848+_444_VI_2023+Zarz%25C4%2585du+Wojew%25C3%25B3dztwa+%25C5%259Al%25C4%2585skiego+z+dnia+30.08.2023+r..rtf","extension":"RTF","name":"47e0b91f30fba1b1735b3b5c9b115bcd.rtf","size":"412.27 KB"}]},{"id":"eba03b25-d9a7-11e7-b355-005056b70dba","type":"PageTitle","name":"","description":"Tytu\u0142 strony","content":{"title":"Uchwa\u0142a Zarz\u0105du nr 1848\/444\/VI\/2023 z dnia 2023-08-30"}},{"id":"eba07701-d9a7-11e7-b355-005056b70dba","type":"PageDescription","name":"","description":"Zajawka strony","content":[]},{"id":"1b1a7940-ff78-11e7-b81e-005056b7801d","type":"SectionDescription","name":"","description":"Zajawka sekcji","content":[]}]}

Uchwała Zarządu nr 1848/444/VI/2023 z dnia 2023-08-30

dodanie uchwały

Urząd Marszałkowski Województwa Śląskiego

Uchwała Zarządu

udzielenia pełnomocnictw dyrektorowi i zastępcom dyrektora Departamentu Europejskiego Funduszu Rozwoju Regionalnego

Numer uchwały

Numer posiedzenia zarządu

art. 41 ust. 2 pkt 4 ustawy z dnia 5 czerwca 1998 r. o samorządzie województwa 
(t.j. Dz. U. z 2022 r. poz. 2094 z późn. zm.), art. 8 ust. 1 pkt 2 i ust. 2 ustawy z dnia 28 kwietnia 
2022 r. o zasadach realizacji zadań finansowanych ze środków europejskich w perspektywie finansowej 2021-2027 (Dz. U. z 2022 r. poz. 1079) oraz Kontraktu Programowego dla Województwa Śląskiego z dnia 27 czerwca 2022 r.

Treść

Treść strony

Załączniki

Załączniki do strony

Tytuł strony
