{"id":64223,"name":"uchwala-zarzadu-nr-1863216v2017-z-dnia-2017-09-12","title":"Uchwa\u0142a zarz\u0105du nr 1863\/216\/V\/2017 z dnia 2017-09-12","desc":"","header":"Uchwa\u0142a zarz\u0105du nr 1863\/216\/V\/2017 z dnia 2017-09-12","lead":"","keywords":"","changes":"Migracja danych","menu":"","path":"\/samorzad_wojewodztwa\/zarzad_wojewodztwa\/uchwaly_zarzadu\/uchwala-zarzadu-nr-1863216v2017-z-dnia-2017-09-12.html","url":"\/samorzad_wojewodztwa\/zarzad_wojewodztwa\/uchwaly_zarzadu\/uchwala-zarzadu-nr-1863216v2017-z-dnia-2017-09-12.html","infoOwner":"Urz\u0105d Marsza\u0142kowski Wojew\u00f3dztwa \u015al\u0105skiego","dateFirstPublicate":"2017-09-15 07:51:07","dateLastVersionPublicate":"2017-09-15 07:51:07","dateAvailableFrom":"","dateAvailableTo":"","type":"Uchwa\u0142a Zarz\u0105du","pageParams":[{"id":"263","name":"Data posiedzenia","description":"Data posiedzenia","value":"2017-09-12 07:51:07"},{"id":"235","name":"W sprawie","description":"W sprawie","value":"wydania decyzji utrzymuj\u0105cej w mocy decyzj\u0119 Zarz\u0105du Wojew\u00f3dztwa \u015al\u0105skiego nr 1939\/FR\/2013 z  dnia 3  listopada 2015r., dotycz\u0105cej odmowy stwierdzenia nadp\u0142aty z tytu\u0142u pomniejszenia przez IZ RPO WSL 2007-2013 p\u0142atno\u015bci ze \u015brodk\u00f3w europejskich w ramach projektu pn.: \u0022Budowa Ujsolskiego Parku Turystyki Aktywnej i Rekreacji\u0022 realizowanego przez Beneficjenta Gmin\u0119 Ujso\u0142y"},{"id":"273","name":"NUMER_UCHWALY_ZARZADU","description":"Numer uchwa\u0142y","value":"1863\/216\/V\/2017"},{"id":"278","name":"Numer posiedzenia zarz\u0105du","description":"Numer posiedzenia zarz\u0105du","value":"216"},{"id":"261","name":"Na podstawie","description":"podstawa prawna","value":"art. 104 i art. 138 \u00a7 1 pkt 1 ustawy z dnia 14 czerwca 1960 r. Kodeks post\u0119powania administracyjnego (t. j. Dz. U. z 2016 r., poz. 23 z p\u00f3\u017an. zm.), art. 41 ust. 1 i ust. 2 pkt 4 ustawy z dnia 5 czerwca 1998 r. o samorz\u0105dzie wojew\u00f3dztwa (t. j. Dz. U. z 2016 r., poz. 486 z p\u00f3\u017an. zm.), art. 72 \u00a7 1 pkt 2, art. 73 \u00a7 1 pkt 2 oraz art. 75 \u00a71 ustawy z dnia 29 sierpnia 1997r. Ordynacja podatkowa (t.j. Dz.U. z 2017 poz. 201 z p\u00f3\u017an. zm.), w zw. z art. 60 pkt 6, art. 61 ust. 3 pkt 2, art. 67 i art. 207 ust.1 pkt 2 ustawy z dnia 27 sierpnia 2009 r. o finansach publicznych (t. j. Dz. U. z 2016 r., poz. 1870 z p\u00f3\u017an. zm.) oraz w zw. z art. 25 pkt 1 i art. 26 ust. 1 pkt 15 i 15a ustawy z dnia 6 grudnia 2006 r. o zasadach prowadzenia polityki rozwoju (t.j. Dz.U. z 2017 r., poz. 1376), art. 2 pkt 7 i art. 98 Rozporz\u0105dzenia Rady (WE) nr 1083\/2006 z dnia 11 lipca 2006 r. ustanawiaj\u0105cego przepisy og\u00f3lne dotycz\u0105ce Europejskiego Funduszu Rozwoju Regionalnego, Europejskiego Funduszu Spo\u0142ecznego oraz Funduszu Sp\u00f3jno\u015bci i uchylaj\u0105cego rozporz\u0105dzenie (WE) nr 1260\/1999 (Dz. U. UE. L Nr 210 z 2006 r., str. 25 z p\u00f3\u017an. zm.) w zw. z art. 152 Rozporz\u0105dzenia Parlamentu Europejskiego i Rady (UE) nr 1303\/2013 z dnia 17 grudnia 2013 r. ustanawiaj\u0105cego wsp\u00f3lne przepisy dotycz\u0105ce Europejskiego Funduszu Rozwoju Regionalnego, Europejskiego Funduszu Spo\u0142ecznego, Funduszu Sp\u00f3jno\u015bci, Europejskiego Funduszu Rolnego na rzecz Rozwoju Obszar\u00f3w Wiejskich oraz Europejskiego Funduszu Morskiego i Rybackiego oraz ustanawiaj\u0105cego przepisy og\u00f3lne dotycz\u0105ce Europejskiego Funduszu Rozwoju Regionalnego, Europejskiego Funduszu Spo\u0142ecznego, Funduszu Sp\u00f3jno\u015bci i Europejskiego Funduszu Morskiego i Rybackiego oraz uchylaj\u0105cego rozporz\u0105dzenie Rady (WE) nr 1083\/2006 (Dz. U. UE. L Nr 347 z 2013 r., str. 320)"}],"components":[{"id":"bf6d5eba-d119-11e7-80a9-005056b46601","type":"ContentWYSIWYG","name":"Tre\u015b\u0107","description":"Tre\u015b\u0107 strony","content":{"content":"","promotion":false}},{"id":"bf6dbc25-d119-11e7-80a9-005056b46601","type":"Gallery","name":"Galeria","description":"Galeria"},{"id":"bf6e1f6b-d119-11e7-80a9-005056b46601","type":"Attachment","name":"Za\u0142\u0105czniki","description":"Za\u0142\u0105czniki do strony","content":[{"src":"\/resource\/86852\/Tre%25C5%259B%25C4%2587+uchwa%25C5%2582y.rtf","extension":"RTF","name":"249b68ffa969524ca0559321a1930c3f.rtf","size":"85.3 KB"}]},{"id":"eba03b25-d9a7-11e7-b355-005056b70dba","type":"PageTitle","name":"","description":"Tytu\u0142 strony","content":{"title":"Uchwa\u0142a zarz\u0105du nr 1863\/216\/V\/2017 z dnia 2017-09-12"}},{"id":"eba07701-d9a7-11e7-b355-005056b70dba","type":"PageDescription","name":"","description":"Zajawka strony","content":[]},{"id":"1b1a7940-ff78-11e7-b81e-005056b7801d","type":"SectionDescription","name":"","description":"Zajawka sekcji","content":[]}]}

Uchwała zarządu nr 1863/216/V/2017 z dnia 2017-09-12

Urząd Marszałkowski Województwa Śląskiego

Uchwała Zarządu

wydania decyzji utrzymującej w mocy decyzję Zarządu Województwa Śląskiego nr 1939/FR/2013 z  dnia 3  listopada 2015r., dotyczącej odmowy stwierdzenia nadpłaty z tytułu pomniejszenia przez IZ RPO WSL 2007-2013 płatności ze środków europejskich w ramach projektu pn.: "Budowa Ujsolskiego Parku Turystyki Aktywnej i Rekreacji" realizowanego przez Beneficjenta Gminę Ujsoły

Numer uchwały

Numer posiedzenia zarządu

art. 104 i art. 138 § 1 pkt 1 ustawy z dnia 14 czerwca 1960 r. Kodeks postępowania administracyjnego (t. j. Dz. U. z 2016 r., poz. 23 z późn. zm.), art. 41 ust. 1 i ust. 2 pkt 4 ustawy z dnia 5 czerwca 1998 r. o samorządzie województwa (t. j. Dz. U. z 2016 r., poz. 486 z późn. zm.), art. 72 § 1 pkt 2, art. 73 § 1 pkt 2 oraz art. 75 §1 ustawy z dnia 29 sierpnia 1997r. Ordynacja podatkowa (t.j. Dz.U. z 2017 poz. 201 z późn. zm.), w zw. z art. 60 pkt 6, art. 61 ust. 3 pkt 2, art. 67 i art. 207 ust.1 pkt 2 ustawy z dnia 27 sierpnia 2009 r. o finansach publicznych (t. j. Dz. U. z 2016 r., poz. 1870 z późn. zm.) oraz w zw. z art. 25 pkt 1 i art. 26 ust. 1 pkt 15 i 15a ustawy z dnia 6 grudnia 2006 r. o zasadach prowadzenia polityki rozwoju (t.j. Dz.U. z 2017 r., poz. 1376), art. 2 pkt 7 i art. 98 Rozporządzenia Rady (WE) nr 1083/2006 z dnia 11 lipca 2006 r. ustanawiającego przepisy ogólne dotyczące Europejskiego Funduszu Rozwoju Regionalnego, Europejskiego Funduszu Społecznego oraz Funduszu Spójności i uchylającego rozporządzenie (WE) nr 1260/1999 (Dz. U. UE. L Nr 210 z 2006 r., str. 25 z późn. zm.) w zw. z art. 152 Rozporządzenia Parlamentu Europejskiego i Rady (UE) nr 1303/2013 z dnia 17 grudnia 2013 r. ustanawiającego wspólne przepisy dotyczące Europejskiego Funduszu Rozwoju Regionalnego, Europejskiego Funduszu Społecznego, Funduszu Spójności, Europejskiego Funduszu Rolnego na rzecz Rozwoju Obszarów Wiejskich oraz Europejskiego Funduszu Morskiego i Rybackiego oraz ustanawiającego przepisy ogólne dotyczące Europejskiego Funduszu Rozwoju Regionalnego, Europejskiego Funduszu Społecznego, Funduszu Spójności i Europejskiego Funduszu Morskiego i Rybackiego oraz uchylającego rozporządzenie Rady (WE) nr 1083/2006 (Dz. U. UE. L Nr 347 z 2013 r., str. 320)

Treść

Treść strony

Załączniki

Załączniki do strony

Tytuł strony
