{"id":64244,"name":"uchwala-zarzadu-nr-1876216v2017-z-dnia-2017-09-12","title":"Uchwa\u0142a zarz\u0105du nr 1876\/216\/V\/2017 z dnia 2017-09-12","desc":"","header":"Uchwa\u0142a zarz\u0105du nr 1876\/216\/V\/2017 z dnia 2017-09-12","lead":"","keywords":"","changes":"Migracja danych","menu":"","path":"\/samorzad_wojewodztwa\/zarzad_wojewodztwa\/uchwaly_zarzadu\/uchwala-zarzadu-nr-1876216v2017-z-dnia-2017-09-12.html","url":"\/samorzad_wojewodztwa\/zarzad_wojewodztwa\/uchwaly_zarzadu\/uchwala-zarzadu-nr-1876216v2017-z-dnia-2017-09-12.html","infoOwner":"Urz\u0105d Marsza\u0142kowski Wojew\u00f3dztwa \u015al\u0105skiego","dateFirstPublicate":"2017-09-14 09:06:58","dateLastVersionPublicate":"2017-09-14 09:06:58","dateAvailableFrom":"","dateAvailableTo":"","type":"Uchwa\u0142a Zarz\u0105du","pageParams":[{"id":"263","name":"Data posiedzenia","description":"Data posiedzenia","value":"2017-09-12 09:06:58"},{"id":"235","name":"W sprawie","description":"W sprawie","value":"udzielenia pe\u0142nomocnictwa Panu Adamowi Hajdudze - kierownikowi referatu promocji dziedzictwa industrialnego w Wydziale Kultury Urz\u0119du Marsza\u0142kowskiego Wojew\u00f3dztwa \u015al\u0105skiego"},{"id":"273","name":"NUMER_UCHWALY_ZARZADU","description":"Numer uchwa\u0142y","value":"1876\/216\/V\/2017"},{"id":"278","name":"Numer posiedzenia zarz\u0105du","description":"Numer posiedzenia zarz\u0105du","value":"216"},{"id":"261","name":"Na podstawie","description":"podstawa prawna","value":"art. 76.1. ust. 3 ustawy z dnia 5 czerwca 1998 o samorz\u0105dzie wojew\u00f3dztwa (tekst jednolity: Dz. U. 2016 poz. 486 z p\u00f3\u017an. zm. ), Ustawa z dnia 15 wrze\u015bnia 2000 r. o zasadach przyst\u0119powania jednostek samorz\u0105du terytorialnego do mi\u0119dzynarodowych zrzesze\u0144 spo\u0142eczno\u015bci lokalnych i regionalnych (Dz. U. z 2000 r., Nr 91, poz. 1009), uchwa\u0142a Nr III\/39\/1\/2009 Sejmiku Wojew\u00f3dztwa \u015al\u0105skiego z dnia 10 czerwca 2009 r. w sprawie przyst\u0105pienia Wojew\u00f3dztwa \u015al\u0105skiego do \u0022Europejskiego Szlaku Dziedzictwa Przemys\u0142owego\u0022 - ERIH, decyzja z dnia 18 sierpnia 2009 r. Ministra Spraw Zagranicznych w sprawie udzielenia zgody na przyst\u0105pienie Wojew\u00f3dztwa \u015al\u0105skiego do \u0022Europejskiego Szlaku Dziedzictwa Przemys\u0142owego\u0022"}],"components":[{"id":"bf6d5eba-d119-11e7-80a9-005056b46601","type":"ContentWYSIWYG","name":"Tre\u015b\u0107","description":"Tre\u015b\u0107 strony","content":{"content":"","promotion":false}},{"id":"bf6dbc25-d119-11e7-80a9-005056b46601","type":"Gallery","name":"Galeria","description":"Galeria"},{"id":"bf6e1f6b-d119-11e7-80a9-005056b46601","type":"Attachment","name":"Za\u0142\u0105czniki","description":"Za\u0142\u0105czniki do strony","content":[{"src":"\/resource\/86894\/Tre%25C5%259B%25C4%2587+uchwa%25C5%2582y.doc","extension":"DOC","name":"69c1d40cf846ddb596fa2064376c5d3c.doc","size":"45 KB"}]},{"id":"eba03b25-d9a7-11e7-b355-005056b70dba","type":"PageTitle","name":"","description":"Tytu\u0142 strony","content":{"title":"Uchwa\u0142a zarz\u0105du nr 1876\/216\/V\/2017 z dnia 2017-09-12"}},{"id":"eba07701-d9a7-11e7-b355-005056b70dba","type":"PageDescription","name":"","description":"Zajawka strony","content":[]},{"id":"1b1a7940-ff78-11e7-b81e-005056b7801d","type":"SectionDescription","name":"","description":"Zajawka sekcji","content":[]}]}

Uchwała zarządu nr 1876/216/V/2017 z dnia 2017-09-12

Urząd Marszałkowski Województwa Śląskiego

Uchwała Zarządu

udzielenia pełnomocnictwa Panu Adamowi Hajdudze - kierownikowi referatu promocji dziedzictwa industrialnego w Wydziale Kultury Urzędu Marszałkowskiego Województwa Śląskiego

Numer uchwały

Numer posiedzenia zarządu

art. 76.1. ust. 3 ustawy z dnia 5 czerwca 1998 o samorządzie województwa (tekst jednolity: Dz. U. 2016 poz. 486 z późn. zm. ), Ustawa z dnia 15 września 2000 r. o zasadach przystępowania jednostek samorządu terytorialnego do międzynarodowych zrzeszeń społeczności lokalnych i regionalnych (Dz. U. z 2000 r., Nr 91, poz. 1009), uchwała Nr III/39/1/2009 Sejmiku Województwa Śląskiego z dnia 10 czerwca 2009 r. w sprawie przystąpienia Województwa Śląskiego do "Europejskiego Szlaku Dziedzictwa Przemysłowego" - ERIH, decyzja z dnia 18 sierpnia 2009 r. Ministra Spraw Zagranicznych w sprawie udzielenia zgody na przystąpienie Województwa Śląskiego do "Europejskiego Szlaku Dziedzictwa Przemysłowego"

Treść

Treść strony

Załączniki

Załączniki do strony

Tytuł strony
