{"id":48786,"name":"uchwala-zarzadu-nr-1921446vi2023-z-dnia-2023-09-14","title":"Uchwa\u0142a zarz\u0105du nr 1921\/446\/VI\/2023 z dnia 2023-09-14","desc":"","header":"Uchwa\u0142a zarz\u0105du nr 1921\/446\/VI\/2023 z dnia 2023-09-14","lead":"","keywords":"","changes":"Dodanie artyku\u0142u","menu":"","path":"\/samorzad_wojewodztwa\/zarzad_wojewodztwa\/uchwaly_zarzadu\/uchwala-zarzadu-nr-1921446vi2023-z-dnia-2023-09-14.html","url":"\/samorzad_wojewodztwa\/zarzad_wojewodztwa\/uchwaly_zarzadu\/uchwala-zarzadu-nr-1921446vi2023-z-dnia-2023-09-14.html","infoOwner":"Urz\u0105d Marsza\u0142kowski Wojew\u00f3dztwa \u015al\u0105skiego","dateFirstPublicate":"2023-09-21 12:32:33","dateLastVersionPublicate":"2023-09-21 12:32:33","dateAvailableFrom":"","dateAvailableTo":"","type":"Uchwa\u0142a Zarz\u0105du","pageParams":[{"id":"263","name":"Data posiedzenia","description":"Data posiedzenia","value":"2023-09-14"},{"id":"235","name":"W sprawie","description":"W sprawie","value":"udzielenia pe\u0142nomocnictw dyrekcji Departamentu Rozwoju i Transformacji Regionu w Urz\u0119dzie Marsza\u0142kowskim Wojew\u00f3dztwa \u015al\u0105skiego"},{"id":"273","name":"NUMER_UCHWALY_ZARZADU","description":"Numer uchwa\u0142y","value":"1921\/446\/VI\/2023"},{"id":"278","name":"Numer posiedzenia zarz\u0105du","description":"Numer posiedzenia zarz\u0105du","value":"446"},{"id":"261","name":"Na podstawie","description":"podstawa prawna","value":"art. 41 ust. 2 pkt 4 oraz art. 57 ust. 5 ustawy z dnia 5 czerwca 1998 r. o samorz\u0105dzie wojew\u00f3dztwa (t.j. Dz.U. 2022 r. poz. 2094 z p\u00f3\u017an. zm.), art. 25 pkt 1, art. 26 ust. 1 oraz art. 28a ustawy z dnia 6 grudnia 2006 r. o zasadach prowadzenia polityki rozwoju (t.j. Dz.U. 2023 r. poz. 1259 z p\u00f3\u017an. zm.) oraz art. 8 ust. 1 ustawy z dnia 28 kwietnia 2022 r. o zasadach realizacji zada\u0144 finansowanych ze \u015brodk\u00f3w europejskich w perspektywie finansowej 2021-2027 (Dz.U. 2022 r. poz. 1079)"}],"components":[{"id":"bf6d5eba-d119-11e7-80a9-005056b46601","type":"ContentWYSIWYG","name":"Tre\u015b\u0107","description":"Tre\u015b\u0107 strony","content":{"content":"","promotion":false}},{"id":"bf6dbc25-d119-11e7-80a9-005056b46601","type":"Gallery","name":"Galeria","description":"Galeria"},{"id":"bf6e1f6b-d119-11e7-80a9-005056b46601","type":"Attachment","name":"Za\u0142\u0105czniki","description":"Za\u0142\u0105czniki do strony","content":[{"src":"\/resource\/69272\/01.+uchwa%25C5%2582a+ZW+nr+1921_446_VI_2023+z+14.09.23+r..rtf","extension":"RTF","name":"877d5043f1467ad97473c04fa75bf5e5.rtf","size":"128 KB"},{"src":"\/resource\/69272\/03.+za%25C5%2582%25C4%2585cznik+do+uchwa%25C5%2582y+ZW+nr+1921_446_VI_2023+z+14.09.23+r._Sta%25C5%259B.docx","extension":"DOCX","name":"0fe1daa4792496781be59afb27a34378.docx","size":"43.93 KB"},{"src":"\/resource\/69272\/02.+za%25C5%2582%25C4%2585cznik+do+uchwa%25C5%2582y+ZW+nr+1921_446_VI_2023+z+14.09.23+r._Koczar-Sikora.docx","extension":"DOCX","name":"feb8fb446a7860dc8de23eaf590e3a67.docx","size":"43.85 KB"},{"src":"\/resource\/69272\/04.+za%25C5%2582%25C4%2585cznik+do+uchwa%25C5%2582y+ZW+nr+1921_446_VI_2023+z+14.09.23+r._Szafir.docx","extension":"DOCX","name":"77d2f7b1e7d422379b56e156dddbce0e.docx","size":"43.95 KB"}]},{"id":"eba03b25-d9a7-11e7-b355-005056b70dba","type":"PageTitle","name":"","description":"Tytu\u0142 strony","content":{"title":"Uchwa\u0142a zarz\u0105du nr 1921\/446\/VI\/2023 z dnia 2023-09-14"}},{"id":"eba07701-d9a7-11e7-b355-005056b70dba","type":"PageDescription","name":"","description":"Zajawka strony","content":[]},{"id":"1b1a7940-ff78-11e7-b81e-005056b7801d","type":"SectionDescription","name":"","description":"Zajawka sekcji","content":[]}]}

Uchwała zarządu nr 1921/446/VI/2023 z dnia 2023-09-14

Dodanie artykułu

Urząd Marszałkowski Województwa Śląskiego

Uchwała Zarządu

udzielenia pełnomocnictw dyrekcji Departamentu Rozwoju i Transformacji Regionu w Urzędzie Marszałkowskim Województwa Śląskiego

Numer uchwały

Numer posiedzenia zarządu

art. 41 ust. 2 pkt 4 oraz art. 57 ust. 5 ustawy z dnia 5 czerwca 1998 r. o samorządzie województwa (t.j. Dz.U. 2022 r. poz. 2094 z późn. zm.), art. 25 pkt 1, art. 26 ust. 1 oraz art. 28a ustawy z dnia 6 grudnia 2006 r. o zasadach prowadzenia polityki rozwoju (t.j. Dz.U. 2023 r. poz. 1259 z późn. zm.) oraz art. 8 ust. 1 ustawy z dnia 28 kwietnia 2022 r. o zasadach realizacji zadań finansowanych ze środków europejskich w perspektywie finansowej 2021-2027 (Dz.U. 2022 r. poz. 1079)

Treść

Treść strony

Załączniki

Załączniki do strony

Tytuł strony
