{"id":9411,"name":"uchwala-zarzadu-nr-1932-64-vi-2019-z-dnia-2019-08-28","title":"Uchwa\u0142a zarz\u0105du nr 1932\/64\/VI\/2019 z dnia 2019-08-28","desc":"","header":"Uchwa\u0142a zarz\u0105du nr 1932\/64\/VI\/2019 z dnia 2019-08-28","lead":"","keywords":"","changes":"Dodanie uchwa\u0142y","menu":"","path":"\/samorzad_wojewodztwa\/zarzad_wojewodztwa\/uchwaly_zarzadu\/uchwala-zarzadu-nr-1932-64-vi-2019-z-dnia-2019-08-28.html","url":"\/samorzad_wojewodztwa\/zarzad_wojewodztwa\/uchwaly_zarzadu\/uchwala-zarzadu-nr-1932-64-vi-2019-z-dnia-2019-08-28.html","infoOwner":"Urz\u0105d Marsza\u0142kowski Wojew\u00f3dztwa \u015al\u0105skiego","dateFirstPublicate":"2019-08-30 13:04:36","dateLastVersionPublicate":"2019-08-30 13:04:36","dateAvailableFrom":"2019-08-30 13:02:10","dateAvailableTo":"","type":"Uchwa\u0142a Zarz\u0105du","pageParams":[{"id":"263","name":"Data posiedzenia","description":"Data posiedzenia","value":"2019-08-28"},{"id":"235","name":"W sprawie","description":"W sprawie","value":"wykazania nadwy\u017cki rekompensaty wykonawczej za rok 2018 oraz przyj\u0119cia sprawozdania z wydatkowania nadwy\u017cki rekompensaty z 2017 roku udzielonej przez Wojew\u00f3dztwo \u015al\u0105skie Stadionowi \u015al\u0105skiemu sp. z o. o. na podstawie umowy wykonawczej nr 2243\/GP\/2015 z dnia 28.09.2015r."},{"id":"273","name":"NUMER_UCHWALY_ZARZADU","description":"Numer uchwa\u0142y","value":"1932\/64\/VI\/2019"},{"id":"278","name":"Numer posiedzenia zarz\u0105du","description":"Numer posiedzenia zarz\u0105du","value":"64"},{"id":"261","name":"Na podstawie","description":"podstawa prawna","value":"art. 41 ust. 1 ustawy z dnia 5 czerwca 1998 r. o samorz\u0105dzie wojew\u00f3dztwa (tekst jednolity Dz. U. z 2019, poz. 512 z p\u00f3\u017an. zm.)"}],"components":[{"id":"bf6d5eba-d119-11e7-80a9-005056b46601","type":"ContentWYSIWYG","name":"Tre\u015b\u0107","description":"Tre\u015b\u0107 strony","content":{"content":"","promotion":false}},{"id":"bf6dbc25-d119-11e7-80a9-005056b46601","type":"Gallery","name":"Galeria","description":"Galeria"},{"id":"bf6e1f6b-d119-11e7-80a9-005056b46601","type":"Attachment","name":"Za\u0142\u0105czniki","description":"Za\u0142\u0105czniki do strony","content":[{"src":"\/resource\/18317\/02.+Uchwa%25C5%2582a+Zarz%25C4%2585du+-+przeniesienie.doc","extension":"DOC","name":"6a78b3ebdc1dc9375f5cfdccfcaf89f2.doc","size":"38 KB"}]},{"id":"eba03b25-d9a7-11e7-b355-005056b70dba","type":"PageTitle","name":"","description":"Tytu\u0142 strony","content":{"title":"Uchwa\u0142a zarz\u0105du nr 1932\/64\/VI\/2019 z dnia 2019-08-28"}},{"id":"eba07701-d9a7-11e7-b355-005056b70dba","type":"PageDescription","name":"","description":"Zajawka strony","content":[]},{"id":"1b1a7940-ff78-11e7-b81e-005056b7801d","type":"SectionDescription","name":"","description":"Zajawka sekcji","content":[]}]}

Uchwała zarządu nr 1932/64/VI/2019 z dnia 2019-08-28

Dodanie uchwały

Urząd Marszałkowski Województwa Śląskiego

Uchwała Zarządu

wykazania nadwyżki rekompensaty wykonawczej za rok 2018 oraz przyjęcia sprawozdania z wydatkowania nadwyżki rekompensaty z 2017 roku udzielonej przez Województwo Śląskie Stadionowi Śląskiemu sp. z o. o. na podstawie umowy wykonawczej nr 2243/GP/2015 z dnia 28.09.2015r.

Numer uchwały

Numer posiedzenia zarządu

art. 41 ust. 1 ustawy z dnia 5 czerwca 1998 r. o samorządzie województwa (tekst jednolity Dz. U. z 2019, poz. 512 z późn. zm.)

Treść

Treść strony

Załączniki

Załączniki do strony

Tytuł strony
