{"id":101132,"name":"uchwala-zarzadu-nr-201067iv2011-z-dnia-2011-08-02","title":"Uchwa\u0142a zarz\u0105du nr 2010\/67\/IV\/2011 z dnia 2011-08-02","desc":"","header":"Uchwa\u0142a zarz\u0105du nr 2010\/67\/IV\/2011 z dnia 2011-08-02","lead":"","keywords":"","changes":"Migracja danych","menu":"","path":"\/samorzad_wojewodztwa\/zarzad_wojewodztwa\/uchwaly_zarzadu\/uchwala-zarzadu-nr-201067iv2011-z-dnia-2011-08-02.html","url":"\/samorzad_wojewodztwa\/zarzad_wojewodztwa\/uchwaly_zarzadu\/uchwala-zarzadu-nr-201067iv2011-z-dnia-2011-08-02.html","infoOwner":"Urz\u0105d Marsza\u0142kowski Wojew\u00f3dztwa \u015al\u0105skiego","dateFirstPublicate":"2011-08-05 10:23:17","dateLastVersionPublicate":"2011-08-05 10:23:17","dateAvailableFrom":"","dateAvailableTo":"","type":"Uchwa\u0142a Zarz\u0105du","pageParams":[{"id":"263","name":"Data posiedzenia","description":"Data posiedzenia","value":"2011-08-02 10:23:16"},{"id":"235","name":"W sprawie","description":"W sprawie","value":"Przyznania dofinansowania dla projektu systemowego realizowanego przez Urz\u0105d Marsza\u0142kowski Wojew\u00f3dztwa \u015al\u0105skiego (Wydzia\u0142 Edukacji\/Regionalny O\u015brodek Doskonalenia Nauczycieli \u0022WOM\u0022 w Katowicach) pt. \u0022Klucz do uczenia si\u0119- rozw\u00f3j umiej\u0119tno\u015bci zawodowych nauczycieli wychowania przedszkolnego i edukacji wczesnoszkolnej\u0022 w ramach Programu Operacyjnego Kapita\u0142 Ludzki 2007- 2013, w Priorytecie IX Rozw\u00f3j wykszta\u0142cenia i kompetencji w regionach Dzia\u0142aniu 9.4 Wysoko wykwalifikowane kadry systemu o\u015bwiaty."},{"id":"273","name":"NUMER_UCHWALY_ZARZADU","description":"Numer uchwa\u0142y","value":"2010\/67\/IV\/2011"},{"id":"278","name":"Numer posiedzenia zarz\u0105du","description":"Numer posiedzenia zarz\u0105du","value":"67"},{"id":"261","name":"Na podstawie","description":"podstawa prawna","value":"art. 41 ust. 1 ustawy z dnia 05 czerwca 1998 r. o samorz\u0105dzie wojew\u00f3dztwa (t.j. Dz. U. Nr 142 \r\nz 2001 r. poz. 1590 z p\u00f3\u017an. zm.); art. 28 ust. 1 pkt 2 oraz ust. 2 Ustawy  z dnia 6 grudnia 2006r. o zasadach prowadzenia polityki rozwoju (t.j. Dz.U. z 2009 r. Nr 84 poz. 712 z p\u00f3\u017an. zm.); \u00a7 3 ust 2 Porozumienia w sprawie realizacji komponentu regionalnego w ramach Programu Operacyjnego Kapita\u0142 Ludzki nr KL\/\u015aL\/2007\/1 z dnia 22 czerwca 2007 r.\r\n"}],"components":[{"id":"bf6d5eba-d119-11e7-80a9-005056b46601","type":"ContentWYSIWYG","name":"Tre\u015b\u0107","description":"Tre\u015b\u0107 strony","content":{"content":"","promotion":false}},{"id":"bf6dbc25-d119-11e7-80a9-005056b46601","type":"Gallery","name":"Galeria","description":"Galeria"},{"id":"bf6e1f6b-d119-11e7-80a9-005056b46601","type":"Attachment","name":"Za\u0142\u0105czniki","description":"Za\u0142\u0105czniki do strony","content":[{"src":"\/resource\/148880\/Tre%25C5%259B%25C4%2587+uchwa%25C5%2582y.rtf","extension":"RTF","name":"9aaa59e0af04ae28e5d14b611b1df15a.rtf","size":"47.97 KB"},{"src":"\/resource\/148883\/Za%25C5%2582%25C4%2585cznik+do+uchwa%25C5%2582y.rar","extension":"RAR","name":"b9e29b073ff20a76b7901ed318484544.rar","size":"6.53 MB"},{"src":"\/resource\/148886\/Za%25C5%2582%25C4%2585cznik+do+uchwa%25C5%2582y.rtf","extension":"RTF","name":"760e8fcbe6b2e5128245e6badc8481d9.rtf","size":"160.93 KB"}]},{"id":"eba03b25-d9a7-11e7-b355-005056b70dba","type":"PageTitle","name":"","description":"Tytu\u0142 strony","content":{"title":"Uchwa\u0142a zarz\u0105du nr 2010\/67\/IV\/2011 z dnia 2011-08-02"}},{"id":"eba07701-d9a7-11e7-b355-005056b70dba","type":"PageDescription","name":"","description":"Zajawka strony","content":[]},{"id":"1b1a7940-ff78-11e7-b81e-005056b7801d","type":"SectionDescription","name":"","description":"Zajawka sekcji","content":[]}]}

Uchwała zarządu nr 2010/67/IV/2011 z dnia 2011-08-02

Urząd Marszałkowski Województwa Śląskiego

Uchwała Zarządu

Przyznania dofinansowania dla projektu systemowego realizowanego przez Urząd Marszałkowski Województwa Śląskiego (Wydział Edukacji/Regionalny Ośrodek Doskonalenia Nauczycieli "WOM" w Katowicach) pt. "Klucz do uczenia się- rozwój umiejętności zawodowych nauczycieli wychowania przedszkolnego i edukacji wczesnoszkolnej" w ramach Programu Operacyjnego Kapitał Ludzki 2007- 2013, w Priorytecie IX Rozwój wykształcenia i kompetencji w regionach Działaniu 9.4 Wysoko wykwalifikowane kadry systemu oświaty.

Numer uchwały

Numer posiedzenia zarządu

art. 41 ust. 1 ustawy z dnia 05 czerwca 1998 r. o samorządzie województwa (t.j. Dz. U. Nr 142 
z 2001 r. poz. 1590 z późn. zm.); art. 28 ust. 1 pkt 2 oraz ust. 2 Ustawy  z dnia 6 grudnia 2006r. o zasadach prowadzenia polityki rozwoju (t.j. Dz.U. z 2009 r. Nr 84 poz. 712 z późn. zm.); § 3 ust 2 Porozumienia w sprawie realizacji komponentu regionalnego w ramach Programu Operacyjnego Kapitał Ludzki nr KL/ŚL/2007/1 z dnia 22 czerwca 2007 r.

Treść

Treść strony

Załączniki

Załączniki do strony

Tytuł strony
