{"id":3782,"name":"uchwala-zarzadu-nr-2064-283-v-2018-z-dnia-2018-09-04","title":"Uchwa\u0142a zarz\u0105du nr 2064\/283\/V\/2018 z dnia 2018-09-04","desc":"","header":"Uchwa\u0142a zarz\u0105du nr 2064\/283\/V\/2018 z dnia 2018-09-04","lead":"","keywords":"","changes":"dodanie uchwa\u0142y","menu":"","path":"\/samorzad_wojewodztwa\/zarzad_wojewodztwa\/uchwaly_zarzadu\/uchwala-zarzadu-nr-2064-283-v-2018-z-dnia-2018-09-04.html","url":"\/samorzad_wojewodztwa\/zarzad_wojewodztwa\/uchwaly_zarzadu\/uchwala-zarzadu-nr-2064-283-v-2018-z-dnia-2018-09-04.html","infoOwner":"Urz\u0105d Marsza\u0142kowski Wojew\u00f3dztwa \u015al\u0105skiego","dateFirstPublicate":"2018-09-06 12:43:24","dateLastVersionPublicate":"2018-09-06 12:43:24","dateAvailableFrom":"2018-09-06 12:18:53","dateAvailableTo":"","type":"Uchwa\u0142a Zarz\u0105du","pageParams":[{"id":"263","name":"Data posiedzenia","description":"Data posiedzenia","value":"2018-09-04"},{"id":"235","name":"W sprawie","description":"W sprawie","value":"przyj\u0119cia projektu uchwa\u0142y Sejmiku Wojew\u00f3dztwa \u015al\u0105skiego w sprawie zmian Wieloletniej Prognozy Finansowej Wojew\u00f3dztwa \u015al\u0105skiego na lata 2018\u20132030"},{"id":"273","name":"NUMER_UCHWALY_ZARZADU","description":"Numer uchwa\u0142y","value":"2064\/283\/V\/2018"},{"id":"278","name":"Numer posiedzenia zarz\u0105du","description":"Numer posiedzenia zarz\u0105du","value":"283"},{"id":"261","name":"Na podstawie","description":"podstawa prawna","value":"art. 41 ust. 2 pkt 3 ustawy z dnia 5 czerwca 1998 roku o samorz\u0105dzie wojew\u00f3dztwa (tekst jednolity: Dz. U. z 2018 r. poz. 913 z p\u00f3\u017an. zm.) oraz art. 230 ust. 1 ustawy z dnia 27 sierpnia 2009 roku o finansach publicznych (tekst jednolity: Dz. U. z 2017 r. poz. 2077 z p\u00f3\u017an. zm.) w zwi\u0105zku z \u00a7 2 i 3 Rozporz\u0105dzenia Ministra Finans\u00f3w z dnia 10 stycznia 2013 roku w sprawie wieloletniej prognozy finansowej jednostki samorz\u0105du terytorialnego (tekst jednolity: Dz. U. z 2015 r. poz. 92)"}],"components":[{"id":"bf6d5eba-d119-11e7-80a9-005056b46601","type":"ContentWYSIWYG","name":"Tre\u015b\u0107","description":"Tre\u015b\u0107 strony","content":{"content":"","promotion":false}},{"id":"bf6dbc25-d119-11e7-80a9-005056b46601","type":"Gallery","name":"Galeria","description":"Galeria"},{"id":"bf6e1f6b-d119-11e7-80a9-005056b46601","type":"Attachment","name":"Za\u0142\u0105czniki","description":"Za\u0142\u0105czniki do strony","content":[{"src":"\/resource\/6567\/Uchwa%25C5%2582a+Zarz%25C4%2585du+2064+283+V+2018.rtf","extension":"RTF","name":"013b888c17bfca88febdf748a17180b0.rtf","size":"89.91 KB"},{"src":"\/resource\/6567\/3.+Uchwa%25C5%2582a+nr+2.doc","extension":"DOC","name":"404ebab18acec4dff63d3c4b1a4ac972.doc","size":"66 KB"},{"src":"\/resource\/6567\/WPF+-+Za%25C5%2582%25C4%2585cznik+1+-+Prognoza.xls","extension":"XLS","name":"988d21e70609367a4cc21233cf67f473.xls","size":"89.5 KB"},{"src":"\/resource\/6567\/WPF+-+Za%25C5%2582%25C4%2585cznik+2+-+Wykaz+przedsi%25C4%2599wzi%25C4%2599%25C4%2587.xls","extension":"XLS","name":"92d220899cfa18171a3aa19e59f25bdc.xls","size":"157.5 KB"}]},{"id":"eba03b25-d9a7-11e7-b355-005056b70dba","type":"PageTitle","name":"","description":"Tytu\u0142 strony","content":{"title":"Uchwa\u0142a zarz\u0105du nr 2064\/283\/V\/2018 z dnia 2018-09-04"}},{"id":"eba07701-d9a7-11e7-b355-005056b70dba","type":"PageDescription","name":"","description":"Zajawka strony","content":[]},{"id":"1b1a7940-ff78-11e7-b81e-005056b7801d","type":"SectionDescription","name":"","description":"Zajawka sekcji","content":[]}]}

Uchwała zarządu nr 2064/283/V/2018 z dnia 2018-09-04

dodanie uchwały

Urząd Marszałkowski Województwa Śląskiego

Uchwała Zarządu

przyjęcia projektu uchwały Sejmiku Województwa Śląskiego w sprawie zmian Wieloletniej Prognozy Finansowej Województwa Śląskiego na lata 2018–2030

Numer uchwały

Numer posiedzenia zarządu

art. 41 ust. 2 pkt 3 ustawy z dnia 5 czerwca 1998 roku o samorządzie województwa (tekst jednolity: Dz. U. z 2018 r. poz. 913 z późn. zm.) oraz art. 230 ust. 1 ustawy z dnia 27 sierpnia 2009 roku o finansach publicznych (tekst jednolity: Dz. U. z 2017 r. poz. 2077 z późn. zm.) w związku z § 2 i 3 Rozporządzenia Ministra Finansów z dnia 10 stycznia 2013 roku w sprawie wieloletniej prognozy finansowej jednostki samorządu terytorialnego (tekst jednolity: Dz. U. z 2015 r. poz. 92)

Treść

Treść strony

Załączniki

Załączniki do strony

Tytuł strony
