{"id":100898,"name":"uchwala-zarzadu-nr-208769iv2011-z-dnia-2011-08-09","title":"Uchwa\u0142a zarz\u0105du nr 2087\/69\/IV\/2011 z dnia 2011-08-09","desc":"","header":"Uchwa\u0142a zarz\u0105du nr 2087\/69\/IV\/2011 z dnia 2011-08-09","lead":"","keywords":"","changes":"Migracja danych","menu":"","path":"\/samorzad_wojewodztwa\/zarzad_wojewodztwa\/uchwaly_zarzadu\/uchwala-zarzadu-nr-208769iv2011-z-dnia-2011-08-09.html","url":"\/samorzad_wojewodztwa\/zarzad_wojewodztwa\/uchwaly_zarzadu\/uchwala-zarzadu-nr-208769iv2011-z-dnia-2011-08-09.html","infoOwner":"Urz\u0105d Marsza\u0142kowski Wojew\u00f3dztwa \u015al\u0105skiego","dateFirstPublicate":"2011-08-12 09:40:28","dateLastVersionPublicate":"2011-08-12 09:40:28","dateAvailableFrom":"","dateAvailableTo":"","type":"Uchwa\u0142a Zarz\u0105du","pageParams":[{"id":"263","name":"Data posiedzenia","description":"Data posiedzenia","value":"2011-08-09 09:40:28"},{"id":"235","name":"W sprawie","description":"W sprawie","value":"Przyznania dofinansowania dla projektu systemowego realizowanego przez Wojew\u00f3dzki Urz\u0105d Pracy w Katowicach pt. \u0022W poszukiwaniu pracy - alternatywne formy zatrudnienia os\u00f3b niepe\u0142nosprawnych\u0022 w ramach Programu Operacyjnego Kapita\u0142 Ludzki 2007-2013, Priorytetu VI Rynek pracy otwarty dla wszystkich, Dzia\u0142ania 6.1 Poprawa dost\u0119pu do zatrudnienia oraz wspieranie aktywno\u015bci zawodowej w regionie, Poddzia\u0142ania 6.1.1 Wsparcie os\u00f3b pozostaj\u0105cych bez zatrudnienia na regionalnym rynku pracy."},{"id":"273","name":"NUMER_UCHWALY_ZARZADU","description":"Numer uchwa\u0142y","value":"2087\/69\/IV\/2011"},{"id":"278","name":"Numer posiedzenia zarz\u0105du","description":"Numer posiedzenia zarz\u0105du","value":"69"},{"id":"261","name":"Na podstawie","description":"podstawa prawna","value":"art. 41 ust. 1 ustawy z dnia 05 czerwca 1998 r. o samorz\u0105dzie wojew\u00f3dztwa (t.j. Dz. U. Nr 142 \r\nz 2001 r. poz. 1590 z p\u00f3\u017an. zm.); art. 28 ust. 1 pkt 2 oraz ust. 2 Ustawy  z dnia 6 grudnia 2006r. o zasadach prowadzenia polityki rozwoju (t.j. Dz.U. z 2009 r. Nr 84 poz. 712 z p\u00f3\u017an. zm.); \u00a7 3 ust 2 Porozumienia w sprawie realizacji komponentu regionalnego w ramach Programu Operacyjnego Kapita\u0142 Ludzki nr KL\/\u015aL\/2007\/1 z dnia 22 czerwca 2007 r.\r\n\r\n"}],"components":[{"id":"bf6d5eba-d119-11e7-80a9-005056b46601","type":"ContentWYSIWYG","name":"Tre\u015b\u0107","description":"Tre\u015b\u0107 strony","content":{"content":"","promotion":false}},{"id":"bf6dbc25-d119-11e7-80a9-005056b46601","type":"Gallery","name":"Galeria","description":"Galeria"},{"id":"bf6e1f6b-d119-11e7-80a9-005056b46601","type":"Attachment","name":"Za\u0142\u0105czniki","description":"Za\u0142\u0105czniki do strony","content":[{"src":"\/resource\/148565\/Tre%25C5%259B%25C4%2587+uchwa%25C5%2582y.rtf","extension":"RTF","name":"5705b3203611e808a0789b0af10fb8a1.rtf","size":"48.72 KB"}]},{"id":"eba03b25-d9a7-11e7-b355-005056b70dba","type":"PageTitle","name":"","description":"Tytu\u0142 strony","content":{"title":"Uchwa\u0142a zarz\u0105du nr 2087\/69\/IV\/2011 z dnia 2011-08-09"}},{"id":"eba07701-d9a7-11e7-b355-005056b70dba","type":"PageDescription","name":"","description":"Zajawka strony","content":[]},{"id":"1b1a7940-ff78-11e7-b81e-005056b7801d","type":"SectionDescription","name":"","description":"Zajawka sekcji","content":[]}]}

Uchwała zarządu nr 2087/69/IV/2011 z dnia 2011-08-09

Urząd Marszałkowski Województwa Śląskiego

Uchwała Zarządu

Przyznania dofinansowania dla projektu systemowego realizowanego przez Wojewódzki Urząd Pracy w Katowicach pt. "W poszukiwaniu pracy - alternatywne formy zatrudnienia osób niepełnosprawnych" w ramach Programu Operacyjnego Kapitał Ludzki 2007-2013, Priorytetu VI Rynek pracy otwarty dla wszystkich, Działania 6.1 Poprawa dostępu do zatrudnienia oraz wspieranie aktywności zawodowej w regionie, Poddziałania 6.1.1 Wsparcie osób pozostających bez zatrudnienia na regionalnym rynku pracy.

Numer uchwały

Numer posiedzenia zarządu

art. 41 ust. 1 ustawy z dnia 05 czerwca 1998 r. o samorządzie województwa (t.j. Dz. U. Nr 142 
z 2001 r. poz. 1590 z późn. zm.); art. 28 ust. 1 pkt 2 oraz ust. 2 Ustawy  z dnia 6 grudnia 2006r. o zasadach prowadzenia polityki rozwoju (t.j. Dz.U. z 2009 r. Nr 84 poz. 712 z późn. zm.); § 3 ust 2 Porozumienia w sprawie realizacji komponentu regionalnego w ramach Programu Operacyjnego Kapitał Ludzki nr KL/ŚL/2007/1 z dnia 22 czerwca 2007 r.

Treść

Treść strony

Załączniki

Załączniki do strony

Tytuł strony
