{"id":15063,"name":"uchwala-zarzadu-nr-2109-166-vi-2020-z-dnia-2020-09-16","title":"Uchwa\u0142a zarz\u0105du nr 2109\/166\/VI\/2020 z dnia 2020-09-16","desc":"","header":"Uchwa\u0142a zarz\u0105du nr 2109\/166\/VI\/2020 z dnia 2020-09-16","lead":"","keywords":"","changes":"Dodanie Uchwa\u0142y","menu":"","path":"\/samorzad_wojewodztwa\/zarzad_wojewodztwa\/uchwaly_zarzadu\/uchwala-zarzadu-nr-2109-166-vi-2020-z-dnia-2020-09-16.html","url":"\/samorzad_wojewodztwa\/zarzad_wojewodztwa\/uchwaly_zarzadu\/uchwala-zarzadu-nr-2109-166-vi-2020-z-dnia-2020-09-16.html","infoOwner":"Urz\u0105d Marsza\u0142kowski Wojew\u00f3dztwa \u015al\u0105skiego","dateFirstPublicate":"2020-09-17 13:50:46","dateLastVersionPublicate":"2020-09-17 13:50:46","dateAvailableFrom":"","dateAvailableTo":"","type":"Uchwa\u0142a Zarz\u0105du","pageParams":[{"id":"263","name":"Data posiedzenia","description":"Data posiedzenia","value":"2020-09-16"},{"id":"235","name":"W sprawie","description":"W sprawie","value":"wszcz\u0119cia z urz\u0119du post\u0119powania administracyjnego w sprawie zwrotu nieprawid\u0142owo wykorzystanego dofinansowania przez Andrzeja Motyla (Motyl) prowadz\u0105cego dzia\u0142alno\u015b\u0107 gospodarcz\u0105 pod firm\u0105 1. Firma handlowo-us\u0142ugowa Andrzej Motyl 2. Handlowa sp\u00f3\u0142ka cywilna \u0022Centrum - 4\u0022 Andrzej Motyl, (adres: ul. Towarowa 1, 41-400 Mys\u0142owice NIP: 2220013276, REGON: 271889124) otrzymanego na podstawie umowy nr UDA-RPSL.08.01.03-24-07AB\/17-00 z dnia 2 sierpnia 2018 r. o dofinansowanie projektu pn. \u201eUtworzenie nowych miejsc w niepublicznym \u017c\u0142obku Motylek w Mys\u0142owicach\u201d w ramach Regionalnego Programu Operacyjnego Wojew\u00f3dztwa \u015al\u0105skiego na lata 2014-2020 wsp\u00f3\u0142finansowanego ze \u015brodk\u00f3w Europejskiego Funduszu Spo\u0142ecznego"},{"id":"273","name":"NUMER_UCHWALY_ZARZADU","description":"Numer uchwa\u0142y","value":"2109\/166\/VI\/2020"},{"id":"278","name":"Numer posiedzenia zarz\u0105du","description":"Numer posiedzenia zarz\u0105du","value":"166"},{"id":"261","name":"Na podstawie","description":"podstawa prawna","value":"art. 41 ust. 1 i ust. 2 pkt 4 ustawy z dnia 5 czerwca 1998 r. o samorz\u0105dzie wojew\u00f3dztwa (tekst jednolity: Dz. U. z 2019 r., poz. 512 z p\u00f3\u017an. zm.), art. 60 pkt 6 w zw. z art. 61 ust. 1 pkt 2 lit. a, art. 207 ust. 1 oraz ust. 9 w zw. z art. 67 ustawy z dnia 27 sierpnia 2009 r. o finansach publicznych (tekst jednolity: Dz. U. z 2019 r., poz. 869 z p\u00f3\u017an. zm.), art. 61 \u00a7 1 ustawy z dnia 14 czerwca 1960 r. \u2013 Kodeks post\u0119powania administracyjnego (tekst jednolity: Dz. U. z 2020 r., poz. 256 z p\u00f3\u017an. zm.), art. 9 ust. 1 pkt 2 oraz ust. 2 pkt 9 ustawy z dnia 11 lipca 2014 r. o zasadach realizacji program\u00f3w w zakresie polityki sp\u00f3jno\u015bci finansowanych w perspektywie finansowej 2014-2020 (tekst jednolity: Dz. U. z 2020 r., poz. 818), \u00a7 15 umowy nr UDA-RPSL.08.01.03-24-07AB\/17-00 z dnia 2 sierpnia 2018 r. o dofinansowanie projektu pn. \u201eUtworzenie nowych miejsc w niepublicznym \u017c\u0142obku Motylek w Mys\u0142owicach\u201d, w ramach Regionalnego Programu Operacyjnego Wojew\u00f3dztwa \u015al\u0105skiego na lata 2014-2020 wsp\u00f3\u0142finansowanego ze \u015brodk\u00f3w Europejskiego Funduszu Spo\u0142ecznego z aneksem z dnia 22 pa\u017adziernika 2018 r."}],"components":[{"id":"bf6d5eba-d119-11e7-80a9-005056b46601","type":"ContentWYSIWYG","name":"Tre\u015b\u0107","description":"Tre\u015b\u0107 strony","content":{"content":"","promotion":false}},{"id":"bf6dbc25-d119-11e7-80a9-005056b46601","type":"Gallery","name":"Galeria","description":"Galeria"},{"id":"bf6e1f6b-d119-11e7-80a9-005056b46601","type":"Attachment","name":"Za\u0142\u0105czniki","description":"Za\u0142\u0105czniki do strony","content":[{"src":"\/resource\/30086\/Uchwa%25C5%2582a+nr+2109_166_VI_2020.rtf","extension":"RTF","name":"b1e2529dfd52936224b5c4a8c08539e4.rtf","size":"101.13 KB"}]},{"id":"eba03b25-d9a7-11e7-b355-005056b70dba","type":"PageTitle","name":"","description":"Tytu\u0142 strony","content":{"title":"Uchwa\u0142a zarz\u0105du nr 2109\/166\/VI\/2020 z dnia 2020-09-16"}},{"id":"eba07701-d9a7-11e7-b355-005056b70dba","type":"PageDescription","name":"","description":"Zajawka strony","content":[]},{"id":"1b1a7940-ff78-11e7-b81e-005056b7801d","type":"SectionDescription","name":"","description":"Zajawka sekcji","content":[]}]}

Uchwała zarządu nr 2109/166/VI/2020 z dnia 2020-09-16

Dodanie Uchwały

Urząd Marszałkowski Województwa Śląskiego

Uchwała Zarządu

wszczęcia z urzędu postępowania administracyjnego w sprawie zwrotu nieprawidłowo wykorzystanego dofinansowania przez Andrzeja Motyla (Motyl) prowadzącego działalność gospodarczą pod firmą 1. Firma handlowo-usługowa Andrzej Motyl 2. Handlowa spółka cywilna "Centrum - 4" Andrzej Motyl, (adres: ul. Towarowa 1, 41-400 Mysłowice NIP: 2220013276, REGON: 271889124) otrzymanego na podstawie umowy nr UDA-RPSL.08.01.03-24-07AB/17-00 z dnia 2 sierpnia 2018 r. o dofinansowanie projektu pn. „Utworzenie nowych miejsc w niepublicznym żłobku Motylek w Mysłowicach” w ramach Regionalnego Programu Operacyjnego Województwa Śląskiego na lata 2014-2020 współfinansowanego ze środków Europejskiego Funduszu Społecznego

Numer uchwały

Numer posiedzenia zarządu

art. 41 ust. 1 i ust. 2 pkt 4 ustawy z dnia 5 czerwca 1998 r. o samorządzie województwa (tekst jednolity: Dz. U. z 2019 r., poz. 512 z późn. zm.), art. 60 pkt 6 w zw. z art. 61 ust. 1 pkt 2 lit. a, art. 207 ust. 1 oraz ust. 9 w zw. z art. 67 ustawy z dnia 27 sierpnia 2009 r. o finansach publicznych (tekst jednolity: Dz. U. z 2019 r., poz. 869 z późn. zm.), art. 61 § 1 ustawy z dnia 14 czerwca 1960 r. – Kodeks postępowania administracyjnego (tekst jednolity: Dz. U. z 2020 r., poz. 256 z późn. zm.), art. 9 ust. 1 pkt 2 oraz ust. 2 pkt 9 ustawy z dnia 11 lipca 2014 r. o zasadach realizacji programów w zakresie polityki spójności finansowanych w perspektywie finansowej 2014-2020 (tekst jednolity: Dz. U. z 2020 r., poz. 818), § 15 umowy nr UDA-RPSL.08.01.03-24-07AB/17-00 z dnia 2 sierpnia 2018 r. o dofinansowanie projektu pn. „Utworzenie nowych miejsc w niepublicznym żłobku Motylek w Mysłowicach”, w ramach Regionalnego Programu Operacyjnego Województwa Śląskiego na lata 2014-2020 współfinansowanego ze środków Europejskiego Funduszu Społecznego z aneksem z dnia 22 października 2018 r.

Treść

Treść strony

Załączniki

Załączniki do strony

Tytuł strony
