{"id":41879,"name":"uchwala-zarzadu-nr-211399vi2023-z-dnia-2023-02-09","title":"Uchwa\u0142a zarz\u0105du nr 211\/399\/VI\/2023 z dnia 2023-02-09","desc":"","header":"Uchwa\u0142a zarz\u0105du nr 211\/399\/VI\/2023 z dnia 2023-02-09","lead":"","keywords":"","changes":"Publikacja uchwa\u0142y","menu":"","path":"\/samorzad_wojewodztwa\/zarzad_wojewodztwa\/uchwaly_zarzadu\/uchwala-zarzadu-nr-211399vi2023-z-dnia-2023-02-09.html","url":"\/samorzad_wojewodztwa\/zarzad_wojewodztwa\/uchwaly_zarzadu\/uchwala-zarzadu-nr-211399vi2023-z-dnia-2023-02-09.html","infoOwner":"Urz\u0105d Marsza\u0142kowski Wojew\u00f3dztwa \u015al\u0105skiego","dateFirstPublicate":"2023-02-16 13:26:26","dateLastVersionPublicate":"2023-02-16 13:26:26","dateAvailableFrom":"","dateAvailableTo":"","type":"Uchwa\u0142a Zarz\u0105du","pageParams":[{"id":"263","name":"Data posiedzenia","description":"Data posiedzenia","value":"2023-02-09"},{"id":"235","name":"W sprawie","description":"W sprawie","value":"udzielenia pe\u0142nomocnictwa Panu Tomaszowi Kuflowi (Kufel)  \u2013 radcy prawnemu \r\nw Urz\u0119dzie Marsza\u0142kowskim Wojew\u00f3dztwa \u015al\u0105skiego"},{"id":"273","name":"NUMER_UCHWALY_ZARZADU","description":"Numer uchwa\u0142y","value":"211\/399\/VI\/2023"},{"id":"278","name":"Numer posiedzenia zarz\u0105du","description":"Numer posiedzenia zarz\u0105du","value":"399"},{"id":"261","name":"Na podstawie","description":"podstawa prawna","value":"na podstawie: art. 41 ustawy z dnia 5 czerwca 1998 r. o samorz\u0105dzie wojew\u00f3dztwa (t.j. Dz. U. z 2022 r. poz. 2094) oraz art.14h, 138a \u00a71 i \u00a7 2, art. 138e \u00a71 i \u00a7 2 ustawy z dnia 29 sierpnia 1997 r. Ordynacja podatkowa (t.j. Dz. U. z  2022 r. poz. 2651 z p\u00f3\u017an. zm.)"}],"components":[{"id":"bf6d5eba-d119-11e7-80a9-005056b46601","type":"ContentWYSIWYG","name":"Tre\u015b\u0107","description":"Tre\u015b\u0107 strony","content":{"content":"","promotion":false}},{"id":"bf6dbc25-d119-11e7-80a9-005056b46601","type":"Gallery","name":"Galeria","description":"Galeria"},{"id":"bf6e1f6b-d119-11e7-80a9-005056b46601","type":"Attachment","name":"Za\u0142\u0105czniki","description":"Za\u0142\u0105czniki do strony","content":[{"src":"\/resource\/62175\/02.+uchwa%25C5%2582a%25282%2529.docx","extension":"DOCX","name":"2d129ca8b3b2cbb3d53f71658ca9a314.docx","size":"24.86 KB"},{"src":"\/resource\/62175\/03.+za%25C5%2582%25C4%2585cznik+nr+1+do+Uchwa%25C5%2582y+Zarz%25C4%2585du%25282%2529.pdf","extension":"PDF","name":"d30584315fe5fc24677bc8a5a76ee202.pdf","size":"126.49 KB"}]},{"id":"eba03b25-d9a7-11e7-b355-005056b70dba","type":"PageTitle","name":"","description":"Tytu\u0142 strony","content":{"title":"Uchwa\u0142a zarz\u0105du nr 211\/399\/VI\/2023 z dnia 2023-02-09"}},{"id":"eba07701-d9a7-11e7-b355-005056b70dba","type":"PageDescription","name":"","description":"Zajawka strony","content":[]},{"id":"1b1a7940-ff78-11e7-b81e-005056b7801d","type":"SectionDescription","name":"","description":"Zajawka sekcji","content":[]}]}

Uchwała zarządu nr 211/399/VI/2023 z dnia 2023-02-09

Publikacja uchwały

Urząd Marszałkowski Województwa Śląskiego

Uchwała Zarządu

udzielenia pełnomocnictwa Panu Tomaszowi Kuflowi (Kufel)  – radcy prawnemu 
w Urzędzie Marszałkowskim Województwa Śląskiego

Numer uchwały

Numer posiedzenia zarządu

na podstawie: art. 41 ustawy z dnia 5 czerwca 1998 r. o samorządzie województwa (t.j. Dz. U. z 2022 r. poz. 2094) oraz art.14h, 138a §1 i § 2, art. 138e §1 i § 2 ustawy z dnia 29 sierpnia 1997 r. Ordynacja podatkowa (t.j. Dz. U. z  2022 r. poz. 2651 z późn. zm.)

Treść

Treść strony

Załączniki

Załączniki do strony

Tytuł strony
