{"id":100394,"name":"uchwala-zarzadu-nr-218571iv2011-z-dnia-2011-08-18","title":"Uchwa\u0142a zarz\u0105du nr 2185\/71\/IV\/2011 z dnia 2011-08-18","desc":"","header":"Uchwa\u0142a zarz\u0105du nr 2185\/71\/IV\/2011 z dnia 2011-08-18","lead":"","keywords":"","changes":"Migracja danych","menu":"","path":"\/samorzad_wojewodztwa\/zarzad_wojewodztwa\/uchwaly_zarzadu\/uchwala-zarzadu-nr-218571iv2011-z-dnia-2011-08-18.html","url":"\/samorzad_wojewodztwa\/zarzad_wojewodztwa\/uchwaly_zarzadu\/uchwala-zarzadu-nr-218571iv2011-z-dnia-2011-08-18.html","infoOwner":"Urz\u0105d Marsza\u0142kowski Wojew\u00f3dztwa \u015al\u0105skiego","dateFirstPublicate":"2011-08-31 14:29:13","dateLastVersionPublicate":"2011-08-31 14:29:13","dateAvailableFrom":"","dateAvailableTo":"","type":"Uchwa\u0142a Zarz\u0105du","pageParams":[{"id":"263","name":"Data posiedzenia","description":"Data posiedzenia","value":"2011-08-18 14:29:12"},{"id":"235","name":"W sprawie","description":"W sprawie","value":"Wyra\u017cenia zgody na wprowadzenie zmian w programie wizyty studyjnej do Niemiec zaplanowanej w terminie 17-21 pa\u017adziernika 2011r. oraz podpisanie aneksu do porozumienia nr 56\/TW\/2011 zawartego w dniu 10 sierpnia 2011r. w sprawie wsp\u00f3lnej organizacji wyjazdu studyjnego dla rolnik\u00f3w z wojew\u00f3dztwa \u015bl\u0105skiego zaanga\u017cowanych w rozw\u00f3j obszar\u00f3w wiejskich, przedstawicieli \u015al\u0105skiej Izby Rolniczej oraz Partner\u00f3w Krajowej Sieci Obszar\u00f3w Wiejskich do instytucji rolniczych w Niemczech.\r\n"},{"id":"273","name":"NUMER_UCHWALY_ZARZADU","description":"Numer uchwa\u0142y","value":"2185\/71\/IV\/2011"},{"id":"278","name":"Numer posiedzenia zarz\u0105du","description":"Numer posiedzenia zarz\u0105du","value":"71"},{"id":"261","name":"Na podstawie","description":"podstawa prawna","value":"art. 41 ust. 1 ustawy z dnia 5 czerwca 1998 r. o samorz\u0105dzie wojew\u00f3dztwa (tekst jednolity- Dz.U. z 2001 r. Nr 142, poz. 1590 z p\u00f3\u017aniejszymi zmianami), art. 37a ustawy z dnia 7 marca 2007 roku o wspieraniu rozwoju obszar\u00f3w wiejskich  z udzia\u0142em \u015brodk\u00f3w Europejskiego Funduszu Rolnego na rzecz Rozwoju Obszar\u00f3w Wiejskich (Dz. U z 2007r. Nr 64, poz. 427  z p\u00f3\u017aniejszymi zmianami), \u00a7 3 pkt. 2 rozporz\u0105dzenia Prezesa Rady Ministr\u00f3w z dnia 18 marca 2009 r. w sprawie krajowej sieci obszar\u00f3w wiejskich (Dz. U. z 2009 r. nr 53, poz. 436), uchwa\u0142a nr 2996\/424\/III\/2010 Zarz\u0105du Wojew\u00f3dztwa \u015al\u0105skiego z dnia 9 listopada 2010 roku \r\nw sprawie Przyj\u0119cia zaktualizowanego projektu Planu Dzia\u0142ania Krajowej Sieci Obszar\u00f3w Wiejskich Sekretariatu Regionalnego Wojew\u00f3dztwa \u015al\u0105skiego na lata 2010-2011.\r\n\r\n"}],"components":[{"id":"bf6d5eba-d119-11e7-80a9-005056b46601","type":"ContentWYSIWYG","name":"Tre\u015b\u0107","description":"Tre\u015b\u0107 strony","content":{"content":"","promotion":false}},{"id":"bf6dbc25-d119-11e7-80a9-005056b46601","type":"Gallery","name":"Galeria","description":"Galeria"},{"id":"bf6e1f6b-d119-11e7-80a9-005056b46601","type":"Attachment","name":"Za\u0142\u0105czniki","description":"Za\u0142\u0105czniki do strony","content":[{"src":"\/resource\/147737\/Tre%25C5%259B%25C4%2587+uchwa%25C5%2582y.rtf","extension":"RTF","name":"86270ba7ebcfbd501ef5b5f289bffebd.rtf","size":"3.53 KB"}]},{"id":"eba03b25-d9a7-11e7-b355-005056b70dba","type":"PageTitle","name":"","description":"Tytu\u0142 strony","content":{"title":"Uchwa\u0142a zarz\u0105du nr 2185\/71\/IV\/2011 z dnia 2011-08-18"}},{"id":"eba07701-d9a7-11e7-b355-005056b70dba","type":"PageDescription","name":"","description":"Zajawka strony","content":[]},{"id":"1b1a7940-ff78-11e7-b81e-005056b7801d","type":"SectionDescription","name":"","description":"Zajawka sekcji","content":[]}]}

Uchwała zarządu nr 2185/71/IV/2011 z dnia 2011-08-18

Urząd Marszałkowski Województwa Śląskiego

Uchwała Zarządu

Wyrażenia zgody na wprowadzenie zmian w programie wizyty studyjnej do Niemiec zaplanowanej w terminie 17-21 października 2011r. oraz podpisanie aneksu do porozumienia nr 56/TW/2011 zawartego w dniu 10 sierpnia 2011r. w sprawie wspólnej organizacji wyjazdu studyjnego dla rolników z województwa śląskiego zaangażowanych w rozwój obszarów wiejskich, przedstawicieli Śląskiej Izby Rolniczej oraz Partnerów Krajowej Sieci Obszarów Wiejskich do instytucji rolniczych w Niemczech.

Numer uchwały

Numer posiedzenia zarządu

art. 41 ust. 1 ustawy z dnia 5 czerwca 1998 r. o samorządzie województwa (tekst jednolity- Dz.U. z 2001 r. Nr 142, poz. 1590 z późniejszymi zmianami), art. 37a ustawy z dnia 7 marca 2007 roku o wspieraniu rozwoju obszarów wiejskich  z udziałem środków Europejskiego Funduszu Rolnego na rzecz Rozwoju Obszarów Wiejskich (Dz. U z 2007r. Nr 64, poz. 427  z późniejszymi zmianami), § 3 pkt. 2 rozporządzenia Prezesa Rady Ministrów z dnia 18 marca 2009 r. w sprawie krajowej sieci obszarów wiejskich (Dz. U. z 2009 r. nr 53, poz. 436), uchwała nr 2996/424/III/2010 Zarządu Województwa Śląskiego z dnia 9 listopada 2010 roku 
w sprawie Przyjęcia zaktualizowanego projektu Planu Działania Krajowej Sieci Obszarów Wiejskich Sekretariatu Regionalnego Województwa Śląskiego na lata 2010-2011.

Treść

Treść strony

Załączniki

Załączniki do strony

Tytuł strony
