{"id":4084,"name":"uchwala-zarzadu-nr-2217-288-v-2018-z-dnia-2018-09-25","title":"Uchwa\u0142a zarz\u0105du nr 2217\/288\/V\/2018 z dnia 2018-09-25","desc":"","header":"Uchwa\u0142a zarz\u0105du nr 2217\/288\/V\/2018 z dnia 2018-09-25","lead":"","keywords":"","changes":"Dodanie Uchwa\u0142y","menu":"","path":"\/samorzad_wojewodztwa\/zarzad_wojewodztwa\/uchwaly_zarzadu\/uchwala-zarzadu-nr-2217-288-v-2018-z-dnia-2018-09-25.html","url":"\/samorzad_wojewodztwa\/zarzad_wojewodztwa\/uchwaly_zarzadu\/uchwala-zarzadu-nr-2217-288-v-2018-z-dnia-2018-09-25.html","infoOwner":"Urz\u0105d Marsza\u0142kowski Wojew\u00f3dztwa \u015al\u0105skiego","dateFirstPublicate":"2018-09-27 10:53:02","dateLastVersionPublicate":"2018-09-27 10:53:02","dateAvailableFrom":"","dateAvailableTo":"","type":"Uchwa\u0142a Zarz\u0105du","pageParams":[{"id":"263","name":"Data posiedzenia","description":"Data posiedzenia","value":"2018-09-25"},{"id":"235","name":"W sprawie","description":"W sprawie","value":"przyst\u0105pienia do wsp\u00f3\u0142organizacji XIII \u015al\u0105skiego Forum Abstynenckiego \u2013 Myszk\u00f3w 2018 na temat Alkohol a m\u0142odzie\u017c, rozpoznanie problemu i profilaktyka"},{"id":"273","name":"NUMER_UCHWALY_ZARZADU","description":"Numer uchwa\u0142y","value":"2217\/288\/V\/2018"},{"id":"278","name":"Numer posiedzenia zarz\u0105du","description":"Numer posiedzenia zarz\u0105du","value":"288"},{"id":"261","name":"Na podstawie","description":"podstawa prawna","value":"art. 41 ust. 2 pkt 1 ustawy z dnia 5 czerwca 1998 roku o samorz\u0105dzie wojew\u00f3dztwa (tekst jednolity: Dz. U. z 2018 r., poz. 913 ze zm.), art. 1 ust. 1 i 2, art. 2 ust. 1 pkt 2 i 6-7, art. 4 ustawy z dnia 26 pa\u017adziernika 1982 roku o wychowaniu w trze\u017awo\u015bci i przeciwdzia\u0142aniu alkoholizmowi (tekst jednolity: Dz. U. z 2016 r., poz. 487 z p\u00f3\u017an. zm.) w zwi\u0105zku z art. 9 ustawy z dnia 11 wrze\u015bnia 2015 roku o zdrowiu publicznym (Dz. U. z 2018 r., poz. 1492), Rozporz\u0105dzeniem Rady Ministr\u00f3w z dnia 4 sierpnia 2016 roku w sprawie Narodowego Programu Zdrowia na lata 2016-2020 (Dz. U. z 2016 r., poz. 1492), Uchwa\u0142\u0105 nr V\/17\/1\/2016 Sejmiku Wojew\u00f3dztwa \u015al\u0105skiego z dnia 18 stycznia 2016 roku w sprawie przyj\u0119cia Programu profilaktyki i rozwi\u0105zywania problem\u00f3w alkoholowych w wojew\u00f3dztwie \u015bl\u0105skim na lata 2016-2020 oraz Uchwa\u0142\u0105 nr V\/46\/7\/2017 Sejmiku Wojew\u00f3dztwa \u015al\u0105skiego z dnia 20 listopada 2017 roku w sprawie przyj\u0119cia Programu wsp\u00f3\u0142pracy samorz\u0105du wojew\u00f3dztwa \u015bl\u0105skiego z organizacjami pozarz\u0105dowymi oraz podmiotami wymienionymi w art. 3 ust. 3 ustawy o dzia\u0142alno\u015bci po\u017cytku publicznego i o wolontariacie na rok 2018"}],"components":[{"id":"bf6d5eba-d119-11e7-80a9-005056b46601","type":"ContentWYSIWYG","name":"Tre\u015b\u0107","description":"Tre\u015b\u0107 strony","content":{"content":"","promotion":false}},{"id":"bf6dbc25-d119-11e7-80a9-005056b46601","type":"Gallery","name":"Galeria","description":"Galeria"},{"id":"bf6e1f6b-d119-11e7-80a9-005056b46601","type":"Attachment","name":"Za\u0142\u0105czniki","description":"Za\u0142\u0105czniki do strony","content":[{"src":"\/resource\/7220\/Uchwa%25C5%2582a+ZWSL+Nr+2217.288.V.2018+z+25.09.2018+r..rtf","extension":"RTF","name":"60c2ac70d9e23db9cfc78a73c5345a6b.rtf","size":"68.09 KB"},{"src":"\/resource\/7220\/Za%25C5%2582.+nr+1+do+porozumienia+-+Kosztorys+zadania.rtf","extension":"RTF","name":"30d88f2f7b4f3e9326796d467f8dbc00.rtf","size":"100.09 KB"},{"src":"\/resource\/7220\/Za%25C5%2582.+nr+1+do+uchwa%25C5%2582y+ZWSL+Nr+2217.288.V.2018+z+25.09.2018+r..rtf","extension":"RTF","name":"a040bc46293aaa2324c4924e0589d21b.rtf","size":"155.51 KB"},{"src":"\/resource\/7220\/Za%25C5%2582.+nr+2+do+porozumienia+-+Program+forum.rtf","extension":"RTF","name":"9dce7257f8ab7684c547f8e50f2ef5ee.rtf","size":"82.48 KB"}]},{"id":"eba03b25-d9a7-11e7-b355-005056b70dba","type":"PageTitle","name":"","description":"Tytu\u0142 strony","content":{"title":"Uchwa\u0142a zarz\u0105du nr 2217\/288\/V\/2018 z dnia 2018-09-25"}},{"id":"eba07701-d9a7-11e7-b355-005056b70dba","type":"PageDescription","name":"","description":"Zajawka strony","content":[]},{"id":"1b1a7940-ff78-11e7-b81e-005056b7801d","type":"SectionDescription","name":"","description":"Zajawka sekcji","content":[]}]}

Uchwała zarządu nr 2217/288/V/2018 z dnia 2018-09-25

Dodanie Uchwały

Urząd Marszałkowski Województwa Śląskiego

Uchwała Zarządu

przystąpienia do współorganizacji XIII Śląskiego Forum Abstynenckiego – Myszków 2018 na temat Alkohol a młodzież, rozpoznanie problemu i profilaktyka

Numer uchwały

Numer posiedzenia zarządu

art. 41 ust. 2 pkt 1 ustawy z dnia 5 czerwca 1998 roku o samorządzie województwa (tekst jednolity: Dz. U. z 2018 r., poz. 913 ze zm.), art. 1 ust. 1 i 2, art. 2 ust. 1 pkt 2 i 6-7, art. 4 ustawy z dnia 26 października 1982 roku o wychowaniu w trzeźwości i przeciwdziałaniu alkoholizmowi (tekst jednolity: Dz. U. z 2016 r., poz. 487 z późn. zm.) w związku z art. 9 ustawy z dnia 11 września 2015 roku o zdrowiu publicznym (Dz. U. z 2018 r., poz. 1492), Rozporządzeniem Rady Ministrów z dnia 4 sierpnia 2016 roku w sprawie Narodowego Programu Zdrowia na lata 2016-2020 (Dz. U. z 2016 r., poz. 1492), Uchwałą nr V/17/1/2016 Sejmiku Województwa Śląskiego z dnia 18 stycznia 2016 roku w sprawie przyjęcia Programu profilaktyki i rozwiązywania problemów alkoholowych w województwie śląskim na lata 2016-2020 oraz Uchwałą nr V/46/7/2017 Sejmiku Województwa Śląskiego z dnia 20 listopada 2017 roku w sprawie przyjęcia Programu współpracy samorządu województwa śląskiego z organizacjami pozarządowymi oraz podmiotami wymienionymi w art. 3 ust. 3 ustawy o działalności pożytku publicznego i o wolontariacie na rok 2018

Treść

Treść strony

Załączniki

Załączniki do strony

Tytuł strony
