{"id":155642,"name":"uchwala-zarzadu-nr-2236118vii2025-z-dnia-2025-10-09","title":"Uchwa\u0142a zarz\u0105du nr 2236\/118\/VII\/2025 z dnia 2025-10-09","desc":"","header":"Uchwa\u0142a zarz\u0105du nr 2236\/118\/VII\/2025 z dnia 2025-10-09","lead":"","keywords":"","changes":"zamieszczenie uchwa\u0142y","menu":"","path":"\/samorzad_wojewodztwa\/zarzad_wojewodztwa\/uchwaly_zarzadu\/uchwala-zarzadu-nr-2236118vii2025-z-dnia-2025-10-09.html","url":"\/samorzad_wojewodztwa\/zarzad_wojewodztwa\/uchwaly_zarzadu\/uchwala-zarzadu-nr-2236118vii2025-z-dnia-2025-10-09.html","infoOwner":"Urz\u0105d Marsza\u0142kowski Wojew\u00f3dztwa \u015al\u0105skiego","dateFirstPublicate":"2025-10-15 15:25:48","dateLastVersionPublicate":"2025-10-15 15:28:16","dateAvailableFrom":"2025-10-15 15:25:36","dateAvailableTo":"","type":"Uchwa\u0142a Zarz\u0105du","pageParams":[{"id":"263","name":"Data posiedzenia","description":"Data posiedzenia","value":"2025-10-09"},{"id":"235","name":"W sprawie","description":"W sprawie","value":"zawarcia aneksu nr 3 do umowy nr 1492\/KL\/2017 w sprawie prowadzenia jako wsp\u00f3lnej instytucji kultury Zespo\u0142u Pie\u015bni i Ta\u0144ca \u015al\u0105sk im. St. Hadyny w Kosz\u0119cinie zawartej w dniu 17 maja 2017 r. pomi\u0119dzy Wiceprezesem Rady Ministr\u00f3w, Ministrem Kultury i Dziedzictwa Narodowego a Wojew\u00f3dztwem \u015al\u0105skim"},{"id":"273","name":"NUMER_UCHWALY_ZARZADU","description":"Numer uchwa\u0142y","value":"2236\/118\/VII\/2025"},{"id":"278","name":"Numer posiedzenia zarz\u0105du","description":"Numer posiedzenia zarz\u0105du","value":"118"},{"id":"261","name":"Na podstawie","description":"podstawa prawna","value":"art. 41 ust. 1 ustawy z dnia 5 czerwca 1998 roku o samorz\u0105dzie wojew\u00f3dztwa (tekst jednolity: Dz. U. z 2025 r. poz. 581), art. 21 ust. 1 pkt 2 ustawy z dnia 25 pa\u017adziernika 1991 roku o organizowaniu i prowadzeniu dzia\u0142alno\u015bci kulturalnej (tekst jednolity: Dz. U. z 2024 r. poz. 87) art. 41 ust. 1 ustawy z dnia 5 czerwca 1998 roku o samorz\u0105dzie wojew\u00f3dztwa (tekst jednolity: Dz. U. z 2025 r. poz. 581), art. 21 ust. 1 pkt 2 ustawy z dnia 25 pa\u017adziernika 1991 roku o organizowaniu i prowadzeniu dzia\u0142alno\u015bci kulturalnej (tekst jednolity: Dz. U. z 2024 r. poz. 87)"}],"components":[{"id":"bf6d5eba-d119-11e7-80a9-005056b46601","type":"ContentWYSIWYG","name":"Tre\u015b\u0107","description":"Tre\u015b\u0107 strony","content":{"content":"","promotion":false}},{"id":"bf6dbc25-d119-11e7-80a9-005056b46601","type":"Gallery","name":"Galeria","description":"Galeria"},{"id":"bf6e1f6b-d119-11e7-80a9-005056b46601","type":"Attachment","name":"Za\u0142\u0105czniki","description":"Za\u0142\u0105czniki do strony","content":[{"src":"\/resource\/229634\/02.+Uchwa%25C5%2582a+aneks+nr+3+wydruk+x2.pdf","extension":"PDF","name":"231d345c893f0dc2205fbae7ce6f8578.pdf","size":"29.13 KB"},{"src":"\/resource\/229634\/03.+Za%25C5%2582%25C4%2585cznik+do+uchwa%25C5%2582y+Aneks+nr+3+do+ZPiT.pdf","extension":"PDF","name":"d591c6bc6f7772afaccb10bf3198c34d.pdf","size":"39.12 KB"}]},{"id":"eba03b25-d9a7-11e7-b355-005056b70dba","type":"PageTitle","name":"","description":"Tytu\u0142 strony","content":{"title":"Uchwa\u0142a zarz\u0105du nr 2236\/118\/VII\/2025 z dnia 2025-10-09"}},{"id":"eba07701-d9a7-11e7-b355-005056b70dba","type":"PageDescription","name":"","description":"Zajawka strony","content":[]},{"id":"1b1a7940-ff78-11e7-b81e-005056b7801d","type":"SectionDescription","name":"","description":"Zajawka sekcji","content":[]}]}

Uchwała zarządu nr 2236/118/VII/2025 z dnia 2025-10-09

zamieszczenie uchwały

Urząd Marszałkowski Województwa Śląskiego

Uchwała Zarządu

zawarcia aneksu nr 3 do umowy nr 1492/KL/2017 w sprawie prowadzenia jako wspólnej instytucji kultury Zespołu Pieśni i Tańca Śląsk im. St. Hadyny w Koszęcinie zawartej w dniu 17 maja 2017 r. pomiędzy Wiceprezesem Rady Ministrów, Ministrem Kultury i Dziedzictwa Narodowego a Województwem Śląskim

Numer uchwały

Numer posiedzenia zarządu

art. 41 ust. 1 ustawy z dnia 5 czerwca 1998 roku o samorządzie województwa (tekst jednolity: Dz. U. z 2025 r. poz. 581), art. 21 ust. 1 pkt 2 ustawy z dnia 25 października 1991 roku o organizowaniu i prowadzeniu działalności kulturalnej (tekst jednolity: Dz. U. z 2024 r. poz. 87) art. 41 ust. 1 ustawy z dnia 5 czerwca 1998 roku o samorządzie województwa (tekst jednolity: Dz. U. z 2025 r. poz. 581), art. 21 ust. 1 pkt 2 ustawy z dnia 25 października 1991 roku o organizowaniu i prowadzeniu działalności kulturalnej (tekst jednolity: Dz. U. z 2024 r. poz. 87)

Treść

Treść strony

Załączniki

Załączniki do strony

Tytuł strony
