{"id":47280,"name":"uchwala-zarzadu-nr-2241224v2017-z-dnia-2017-10-31","title":"Uchwa\u0142a zarz\u0105du nr 2241\/224\/V\/2017 z dnia 2017-10-31","desc":"","header":"Uchwa\u0142a zarz\u0105du nr 2241\/224\/V\/2017 z dnia 2017-10-31","lead":"","keywords":"","changes":"migracja danych","menu":"","path":"\/samorzad_wojewodztwa\/zarzad_wojewodztwa\/uchwaly_zarzadu\/uchwala-zarzadu-nr-2241224v2017-z-dnia-2017-10-31.html","url":"\/samorzad_wojewodztwa\/zarzad_wojewodztwa\/uchwaly_zarzadu\/uchwala-zarzadu-nr-2241224v2017-z-dnia-2017-10-31.html","infoOwner":"Urz\u0105d Marsza\u0142kowski Wojew\u00f3dztwa \u015al\u0105skiego","dateFirstPublicate":"2023-07-31 10:45:22","dateLastVersionPublicate":"2023-07-31 10:45:22","dateAvailableFrom":"","dateAvailableTo":"","type":"Uchwa\u0142a Zarz\u0105du","pageParams":[{"id":"263","name":"Data posiedzenia","description":"Data posiedzenia","value":"2017-10-31"},{"id":"235","name":"W sprawie","description":"W sprawie","value":"rozstrzygni\u0119cia konkursu nr RPSL.09.02.02-IZ.01-24-150\/17 dla Poddzia\u0142ania 9.2.2 Rozw\u00f3j us\u0142ug spo\u0142ecznych i zdrowotnych \u2013 RIT Subregion Zachodni, Dzia\u0142ania 9.2 Dost\u0119pne i efektywne us\u0142ugi spo\u0142eczne i zdrowotne, Osi priorytetowej IX W\u0142\u0105czenie spo\u0142eczne, Regionalnego Programu Operacyjnego Wojew\u00f3dztwa \u015al\u0105skiego na lata 2014-2020 poprzez zatwierdzenie Listy ocenionych projekt\u00f3w w ramach konkursu nr RPSL.09.02.02-IZ.01-24-150\/17."},{"id":"273","name":"NUMER_UCHWALY_ZARZADU","description":"Numer uchwa\u0142y","value":"2241\/224\/V\/2017"},{"id":"278","name":"Numer posiedzenia zarz\u0105du","description":"Numer posiedzenia zarz\u0105du","value":"224"},{"id":"261","name":"Na podstawie","description":"podstawa prawna","value":"art. 41 ust. 2 pkt 4 ustawy z dnia 5 czerwca 1998 r. o samorz\u0105dzie wojew\u00f3dztwa (t.j. Dz. U. z 2016 r. poz. 486 z p\u00f3\u017an. zm.); art. 9 ust. 1 pkt 2 oraz ust. 2 pkt 2; art. 38 ust. 1 pkt 1; art. 46 ust 1 ustawy z dnia 11 lipca 2014 r. o zasadach realizacji program\u00f3w w zakresie polityki sp\u00f3jno\u015bci finansowanych w perspektywie finansowej 2014\u20132020 (t.j. Dz. U. z 2017 r., poz. 1460 z p\u00f3\u017an. zm.) w zw. z art. 16 ust. 1 ustawy z dnia 7 lipca 2017 r. o zmianie ustawy o zasadach realizacji program\u00f3w w zakresie polityki sp\u00f3jno\u015bci finansowanych w perspektywie finansowej 2014-2020 oraz niekt\u00f3rych innych ustaw (Dz. U. z 2017 r., poz. 1475)."}],"components":[{"id":"bf6d5eba-d119-11e7-80a9-005056b46601","type":"ContentWYSIWYG","name":"Tre\u015b\u0107","description":"Tre\u015b\u0107 strony","content":{"content":"","promotion":false}},{"id":"bf6dbc25-d119-11e7-80a9-005056b46601","type":"Gallery","name":"Galeria","description":"Galeria"},{"id":"bf6e1f6b-d119-11e7-80a9-005056b46601","type":"Attachment","name":"Za\u0142\u0105czniki","description":"Za\u0142\u0105czniki do strony","content":[{"src":"\/resource\/67709\/Uchwa%25C5%2582a+zarz%25C4%2585du+nr+2241224V2017+z+dnia+31+pa%25C5%25BAdziernika+2017+roku.rtf","extension":"RTF","name":"8c7d7d61c9d88392e5c7b988c48e113c.rtf","size":"91.59 KB"},{"src":"\/resource\/67709\/Za%25C5%2582%25C4%2585cznik+nr+1+do+Uchwa%25C5%2582y+2241224V+2017+Zarz%25C4%2585du+Wojew%25C3%25B3dztwa+%25C5%259Al%25C4%2585skiego+z+dnia+31.10.2017r..rtf","extension":"RTF","name":"7d5d0745bc400c238e361562380365c8.rtf","size":"389.9 KB"}]},{"id":"eba03b25-d9a7-11e7-b355-005056b70dba","type":"PageTitle","name":"","description":"Tytu\u0142 strony","content":{"title":"Uchwa\u0142a zarz\u0105du nr 2241\/224\/V\/2017 z dnia 2017-10-31"}},{"id":"eba07701-d9a7-11e7-b355-005056b70dba","type":"PageDescription","name":"","description":"Zajawka strony","content":[]},{"id":"1b1a7940-ff78-11e7-b81e-005056b7801d","type":"SectionDescription","name":"","description":"Zajawka sekcji","content":[]}]}

Uchwała zarządu nr 2241/224/V/2017 z dnia 2017-10-31

Urząd Marszałkowski Województwa Śląskiego

Uchwała Zarządu

rozstrzygnięcia konkursu nr RPSL.09.02.02-IZ.01-24-150/17 dla Poddziałania 9.2.2 Rozwój usług społecznych i zdrowotnych – RIT Subregion Zachodni, Działania 9.2 Dostępne i efektywne usługi społeczne i zdrowotne, Osi priorytetowej IX Włączenie społeczne, Regionalnego Programu Operacyjnego Województwa Śląskiego na lata 2014-2020 poprzez zatwierdzenie Listy ocenionych projektów w ramach konkursu nr RPSL.09.02.02-IZ.01-24-150/17.

Numer uchwały

Numer posiedzenia zarządu

art. 41 ust. 2 pkt 4 ustawy z dnia 5 czerwca 1998 r. o samorządzie województwa (t.j. Dz. U. z 2016 r. poz. 486 z późn. zm.); art. 9 ust. 1 pkt 2 oraz ust. 2 pkt 2; art. 38 ust. 1 pkt 1; art. 46 ust 1 ustawy z dnia 11 lipca 2014 r. o zasadach realizacji programów w zakresie polityki spójności finansowanych w perspektywie finansowej 2014–2020 (t.j. Dz. U. z 2017 r., poz. 1460 z późn. zm.) w zw. z art. 16 ust. 1 ustawy z dnia 7 lipca 2017 r. o zmianie ustawy o zasadach realizacji programów w zakresie polityki spójności finansowanych w perspektywie finansowej 2014-2020 oraz niektórych innych ustaw (Dz. U. z 2017 r., poz. 1475).

Treść

Treść strony

Załączniki

Załączniki do strony

Tytuł strony
