{"id":47335,"name":"uchwala-zarzadu-nr-2245224v2017-z-dnia-2017-10-31","title":"Uchwa\u0142a zarz\u0105du nr 2245\/224\/V\/2017 z dnia 2017-10-31","desc":"","header":"Uchwa\u0142a zarz\u0105du nr 2245\/224\/V\/2017 z dnia 2017-10-31","lead":"","keywords":"","changes":"migracja danych","menu":"","path":"\/samorzad_wojewodztwa\/zarzad_wojewodztwa\/uchwaly_zarzadu\/uchwala-zarzadu-nr-2245224v2017-z-dnia-2017-10-31.html","url":"\/samorzad_wojewodztwa\/zarzad_wojewodztwa\/uchwaly_zarzadu\/uchwala-zarzadu-nr-2245224v2017-z-dnia-2017-10-31.html","infoOwner":"Urz\u0105d Marsza\u0142kowski Wojew\u00f3dztwa \u015al\u0105skiego","dateFirstPublicate":"2023-08-01 11:43:21","dateLastVersionPublicate":"2023-08-01 11:43:21","dateAvailableFrom":"","dateAvailableTo":"","type":"Uchwa\u0142a Zarz\u0105du","pageParams":[{"id":"263","name":"Data posiedzenia","description":"Data posiedzenia","value":"2017-10-31"},{"id":"235","name":"W sprawie","description":"W sprawie","value":"zmiany Regulaminu konkursu nr RPSL.09.01.05-IZ.01-24-154\/17 dla Poddzia\u0142ania 9.1.5 Programy aktywnej integracji os\u00f3b i grup zagro\u017conych wykluczeniem spo\u0142ecznym, Dzia\u0142ania 9.1 Aktywna integracja, Osi priorytetowej IX W\u0142\u0105czenie spo\u0142eczne, Regionalnego Programu Operacyjnego Wojew\u00f3dztwa \u015al\u0105skiego na lata 2014-2020"},{"id":"273","name":"NUMER_UCHWALY_ZARZADU","description":"Numer uchwa\u0142y","value":"2245\/224\/V\/2017"},{"id":"278","name":"Numer posiedzenia zarz\u0105du","description":"Numer posiedzenia zarz\u0105du","value":"224"},{"id":"261","name":"Na podstawie","description":"podstawa prawna","value":"art. 41 ust. 2 pkt 4 ustawy z dnia 5 czerwca 1998 r. o samorz\u0105dzie wojew\u00f3dztwa (t.j. Dz. U. z 2016 r. poz. 486 z p\u00f3\u017a\u0144. zm.); art. 9 ust. 1 pkt 2 oraz ust. 2 pkt 2; art. 38 ust. 1 pkt 1; art. 41 ust 2 pkt 6, pkt 10 oraz ust. 5 ustawy z dnia 11 lipca 2014 r. o zasadach realizacji program\u00f3w w zakresie polityki sp\u00f3jno\u015bci finansowanych w perspektywie finansowe 2014\u20132020 (t.j. Dz. U. z 2017 r., poz. 1460 p\u00f3\u017an. zm.)."}],"components":[{"id":"bf6d5eba-d119-11e7-80a9-005056b46601","type":"ContentWYSIWYG","name":"Tre\u015b\u0107","description":"Tre\u015b\u0107 strony","content":{"content":"","promotion":false}},{"id":"bf6dbc25-d119-11e7-80a9-005056b46601","type":"Gallery","name":"Galeria","description":"Galeria"},{"id":"bf6e1f6b-d119-11e7-80a9-005056b46601","type":"Attachment","name":"Za\u0142\u0105czniki","description":"Za\u0142\u0105czniki do strony","content":[{"src":"\/resource\/67765\/Uchwa%25C5%2582a+zarz%25C4%2585du+nr+2245224V2017+z+dnia+31+pa%25C5%25BAdziernika+2017+roku.rtf","extension":"RTF","name":"3b1c8beb7210c4e3694539883346e283.rtf","size":"116.07 KB"},{"src":"\/resource\/67765\/za%25C5%2582%25C4%2585cznik+nr+1+do+uchwa%25C5%2582y.rtf","extension":"RTF","name":"0c61e972aab19fa7bd91dee16b2f9f0c.rtf","size":"2.24 MB"},{"src":"\/resource\/67765\/Za%25C5%2582%25C4%2585cznik+nr+2+do+Uchwa%25C5%2582y+Zarz%25C4%2585du+Wojew%25C3%25B3dztwa.rtf","extension":"RTF","name":"1291179e936fb9845ebe901a2167f9d3.rtf","size":"2.16 MB"},{"src":"\/resource\/67765\/Za%25C5%2582%25C4%2585cznik+nr+2.pdf","extension":"PDF","name":"a1ec95cee13c10cd3f89e72138142e24.pdf","size":"284.3 KB"},{"src":"\/resource\/67765\/Za%25C5%2582%25C4%2585cznik+nr+3+do+Uchwa%25C5%2582y.rtf","extension":"RTF","name":"8be16ba090e276ae53d2922640ad141c.rtf","size":"4.58 MB"},{"src":"\/resource\/67765\/Za%25C5%2582%25C4%2585cznik+nr+4+do+umowy.rtf","extension":"RTF","name":"99b86d510604f5e645234b6dcab2f88d.rtf","size":"1.68 MB"}]},{"id":"eba03b25-d9a7-11e7-b355-005056b70dba","type":"PageTitle","name":"","description":"Tytu\u0142 strony","content":{"title":"Uchwa\u0142a zarz\u0105du nr 2245\/224\/V\/2017 z dnia 2017-10-31"}},{"id":"eba07701-d9a7-11e7-b355-005056b70dba","type":"PageDescription","name":"","description":"Zajawka strony","content":[]},{"id":"1b1a7940-ff78-11e7-b81e-005056b7801d","type":"SectionDescription","name":"","description":"Zajawka sekcji","content":[]}]}

Uchwała zarządu nr 2245/224/V/2017 z dnia 2017-10-31

Urząd Marszałkowski Województwa Śląskiego

Uchwała Zarządu

zmiany Regulaminu konkursu nr RPSL.09.01.05-IZ.01-24-154/17 dla Poddziałania 9.1.5 Programy aktywnej integracji osób i grup zagrożonych wykluczeniem społecznym, Działania 9.1 Aktywna integracja, Osi priorytetowej IX Włączenie społeczne, Regionalnego Programu Operacyjnego Województwa Śląskiego na lata 2014-2020

Numer uchwały

Numer posiedzenia zarządu

art. 41 ust. 2 pkt 4 ustawy z dnia 5 czerwca 1998 r. o samorządzie województwa (t.j. Dz. U. z 2016 r. poz. 486 z późń. zm.); art. 9 ust. 1 pkt 2 oraz ust. 2 pkt 2; art. 38 ust. 1 pkt 1; art. 41 ust 2 pkt 6, pkt 10 oraz ust. 5 ustawy z dnia 11 lipca 2014 r. o zasadach realizacji programów w zakresie polityki spójności finansowanych w perspektywie finansowe 2014–2020 (t.j. Dz. U. z 2017 r., poz. 1460 późn. zm.).

Treść

Treść strony

Załączniki

Załączniki do strony

Tytuł strony
