{"id":99341,"name":"uchwala-zarzadu-nr-229574iv2011-z-dnia-2011-08-30","title":"Uchwa\u0142a zarz\u0105du nr 2295\/74\/IV\/2011 z dnia 2011-08-30","desc":"","header":"Uchwa\u0142a zarz\u0105du nr 2295\/74\/IV\/2011 z dnia 2011-08-30","lead":"","keywords":"","changes":"Migracja danych","menu":"","path":"\/samorzad_wojewodztwa\/zarzad_wojewodztwa\/uchwaly_zarzadu\/uchwala-zarzadu-nr-229574iv2011-z-dnia-2011-08-30.html","url":"\/samorzad_wojewodztwa\/zarzad_wojewodztwa\/uchwaly_zarzadu\/uchwala-zarzadu-nr-229574iv2011-z-dnia-2011-08-30.html","infoOwner":"Urz\u0105d Marsza\u0142kowski Wojew\u00f3dztwa \u015al\u0105skiego","dateFirstPublicate":"2011-10-03 11:51:23","dateLastVersionPublicate":"2011-10-03 11:51:23","dateAvailableFrom":"","dateAvailableTo":"","type":"Uchwa\u0142a Zarz\u0105du","pageParams":[{"id":"263","name":"Data posiedzenia","description":"Data posiedzenia","value":"2011-08-30 12:04:47"},{"id":"235","name":"W sprawie","description":"W sprawie","value":"udzielenia pe\u0142nomocnictwa Panu Romanowi \u0141ebkowi (\u0141ebek) \r\n- G\u0142\u00f3wnemu Specjali\u015bcie w Wydziale Teren\u00f3w Wiejskich Urz\u0119du Marsza\u0142kowskiego Wojew\u00f3dztwa \u015al\u0105skiego\r\n"},{"id":"273","name":"NUMER_UCHWALY_ZARZADU","description":"Numer uchwa\u0142y","value":"2295\/74\/IV\/2011"},{"id":"278","name":"Numer posiedzenia zarz\u0105du","description":"Numer posiedzenia zarz\u0105du","value":"74"},{"id":"261","name":"Na podstawie","description":"podstawa prawna","value":"art. 20 ust. 1, art. 22 ust. 1 oraz art. 31 ust. 1 ustawy z dnia 7 marca 2007 r. o wspieraniu rozwoju obszar\u00f3w wiejskich z udzia\u0142em \u015brodk\u00f3w Europejskiego Funduszu Rolnego na rzecz Rozwoju Obszar\u00f3w Wiejskich (Dz. U. Nr 64 poz. 427 z p\u00f3\u017an. zmianami), Rozporz\u0105dzenie Ministra Rolnictwa i Rozwoju Wsi z dnia 31 maja 2007r. w sprawie wzoru imiennego upowa\u017cnieniado wykonywania czynno\u015bci kontrolnych w ramach Programu Rozwoju Obszar\u00f3w Wiejskich na lata 2007-2013 (Dz. U Nr 101, poz. 684), \u00a78  Rozporz\u0105dzenia Ministra Rolnictwa i Rozwoju Wsi z dnia 1 kwietnia 2008 r. w sprawie szczeg\u00f3\u0142owych warunk\u00f3w i trybu przyznawania oraz wyp\u0142aty pomocy finansowej w ramach dzia\u0142ania \u0022Podstawowe us\u0142ugi dla gospodarki i ludno\u015bci wiejskiej\u0022 obj\u0119tego Programem Rozwoju Obszar\u00f3w Wiejskich na lata 2007-2013. (Dz. U. nr 60 poz. 373 z p\u00f3\u017an. zm.), \u00a78 Rozporz\u0105dzenia Ministra Rolnictwa i Rozwoju Wsi  z dnia 14 lutego 2008 r. w sprawie szczeg\u00f3\u0142owych warunk\u00f3w i trybu przyznawania pomocy finansowej w ramach dzia\u0142ania \u0022 Odnowa i rozw\u00f3j wsi\u0022 obj\u0119tego Programem Rozwoju Obszar\u00f3w Wiejskich na lata 2007-2013 (Dz. U. nr 38 poz. 220 z p\u00f3\u017an. zm.), \u00a74 Rozporz\u0105dzenia Ministra Rolnictwa i Rozwoju Wsi z dnia 23 maja 2008 r. w sprawie szczeg\u00f3\u0142owych warunk\u00f3w i trybu przyznawania oraz wyp\u0142aty pomocy finansowej w ramach dzia\u0142ania \u0022Funkcjonowanie lokalnej grupy dzia\u0142ania, nabywanie umiej\u0119tno\u015bci i aktywizacja\u0022 obj\u0119tego Programem Rozwoju Obszar\u00f3w Wiejskich na lata 2007-2013 (Dz. U. nr 103 poz. 660 z p\u00f3\u017an. zm.), \u00a77 Rozporz\u0105dzenia Ministra Rolnictwa i Rozwoju Wsi z dnia 25 czerwca 2008 r. w sprawie szczeg\u00f3\u0142owych warunk\u00f3w i trybu przyznawania oraz wyp\u0142aty pomocy finansowej w ramach dzia\u0142ania \u0022Wdra\u017canie projekt\u00f3w wsp\u00f3\u0142pracy\u0022 obj\u0119tego Programem Rozwoju Obszar\u00f3w Wiejskich na lata 2007-2013 (Dz. U. nr 128 poz. 822), \u00a75 Rozporz\u0105dzenia Ministra Rolnictwa i Rozwoju Wsi z dnia 8 lipca 2008r. w sprawie szczeg\u00f3\u0142owych warunk\u00f3w i trybu przyznawania oraz wyp\u0142aty pomocy finansowej w ramach dzia\u0142ania \u0022Wdra\u017canie lokalnych strategii rozwoju\u0022 obj\u0119tego Programem Rozwoju Obszar\u00f3w Wiejskich na lata 2007 - 2013 (Dz. U. nr 138 poz. 868 z p\u00f3\u017an. zm.), \u00a79 Rozporz\u0105dzenia Ministra Rolnictwa i Rozwoju Wsi z dnia 23 maja 2008 r. w sprawie szczeg\u00f3\u0142owych kryteri\u00f3w i sposobu wyboru lokalnej grupy dzia\u0142ania do realizacji lokalnej strategii rozwoju w ramach Programu Rozwoju Obszar\u00f3w Wiejskich na lata 2007-2013 (Dz. U. nr 103 poz. 659), \u00a78 Rozporz\u0105dzenia Ministra Rolnictwa i Rozwoju Wsi z dnia 24 kwietnia 2008r. w sprawie szczeg\u00f3\u0142owych warunk\u00f3w i trybu przyznawania pomocy finansowej w ramach dzia\u0142ania \u0022Poprawianie i rozwijanie infrastruktury zwi\u0105zanej z rozwojem  i dostosowywaniem rolnictwa i le\u015bnictwa przez scalanie grunt\u00f3w\u0022 obj\u0119tego Programem Rozwoju Obszar\u00f3w Wiejskich na lata 2007-2013 (Dz. U. Nr 80 poz. 480 z p\u00f3\u017an. zm.), \u00a78 Rozporz\u0105dzenia Ministra Rolnictwa i Rozwoju Wsi z dnia 25 czerwca 2008r. w sprawie szczeg\u00f3\u0142owych warunk\u00f3w i trybu przyznawania pomocy finansowej w ramach dzia\u0142ania \u0022Poprawianie i rozwijanie infrastruktury zwi\u0105zanej z rozwojem i dostosowywaniem rolnictwa i le\u015bnictwa przez gospodarowanie rolniczymi zasobami wodnymi\u0022 obj\u0119tego Programem Rozwoju Obszar\u00f3w Wiejskich na lata 2007-2013 (Dz. U. Nr 122 poz. 791 z p\u00f3\u017an. zm.) "}],"components":[{"id":"bf6d5eba-d119-11e7-80a9-005056b46601","type":"ContentWYSIWYG","name":"Tre\u015b\u0107","description":"Tre\u015b\u0107 strony","content":{"content":"","promotion":false}},{"id":"bf6dbc25-d119-11e7-80a9-005056b46601","type":"Gallery","name":"Galeria","description":"Galeria"},{"id":"bf6e1f6b-d119-11e7-80a9-005056b46601","type":"Attachment","name":"Za\u0142\u0105czniki","description":"Za\u0142\u0105czniki do strony","content":[{"src":"\/resource\/146183\/Tre%25C5%259B%25C4%2587+uchwa%25C5%2582y.rtf","extension":"RTF","name":"107fbcbf08d1e5ff0eb067eae40e7445.rtf","size":"56.65 KB"},{"src":"\/resource\/146186\/Za%25C5%2582%25C4%2585cznik+do+uchwa%25C5%2582y.rtf","extension":"RTF","name":"c1ea59221470cbcd997df54f4e00b2c7.rtf","size":"63.73 KB"}]},{"id":"eba03b25-d9a7-11e7-b355-005056b70dba","type":"PageTitle","name":"","description":"Tytu\u0142 strony","content":{"title":"Uchwa\u0142a zarz\u0105du nr 2295\/74\/IV\/2011 z dnia 2011-08-30"}},{"id":"eba07701-d9a7-11e7-b355-005056b70dba","type":"PageDescription","name":"","description":"Zajawka strony","content":[]},{"id":"1b1a7940-ff78-11e7-b81e-005056b7801d","type":"SectionDescription","name":"","description":"Zajawka sekcji","content":[]}]}

Uchwała zarządu nr 2295/74/IV/2011 z dnia 2011-08-30

Urząd Marszałkowski Województwa Śląskiego

Uchwała Zarządu

udzielenia pełnomocnictwa Panu Romanowi Łebkowi (Łebek) 
- Głównemu Specjaliście w Wydziale Terenów Wiejskich Urzędu Marszałkowskiego Województwa Śląskiego

Numer uchwały

Numer posiedzenia zarządu

art. 20 ust. 1, art. 22 ust. 1 oraz art. 31 ust. 1 ustawy z dnia 7 marca 2007 r. o wspieraniu rozwoju obszarów wiejskich z udziałem środków Europejskiego Funduszu Rolnego na rzecz Rozwoju Obszarów Wiejskich (Dz. U. Nr 64 poz. 427 z późn. zmianami), Rozporządzenie Ministra Rolnictwa i Rozwoju Wsi z dnia 31 maja 2007r. w sprawie wzoru imiennego upoważnieniado wykonywania czynności kontrolnych w ramach Programu Rozwoju Obszarów Wiejskich na lata 2007-2013 (Dz. U Nr 101, poz. 684), §8  Rozporządzenia Ministra Rolnictwa i Rozwoju Wsi z dnia 1 kwietnia 2008 r. w sprawie szczegółowych warunków i trybu przyznawania oraz wypłaty pomocy finansowej w ramach działania "Podstawowe usługi dla gospodarki i ludności wiejskiej" objętego Programem Rozwoju Obszarów Wiejskich na lata 2007-2013. (Dz. U. nr 60 poz. 373 z późn. zm.), §8 Rozporządzenia Ministra Rolnictwa i Rozwoju Wsi  z dnia 14 lutego 2008 r. w sprawie szczegółowych warunków i trybu przyznawania pomocy finansowej w ramach działania " Odnowa i rozwój wsi" objętego Programem Rozwoju Obszarów Wiejskich na lata 2007-2013 (Dz. U. nr 38 poz. 220 z późn. zm.), §4 Rozporządzenia Ministra Rolnictwa i Rozwoju Wsi z dnia 23 maja 2008 r. w sprawie szczegółowych warunków i trybu przyznawania oraz wypłaty pomocy finansowej w ramach działania "Funkcjonowanie lokalnej grupy działania, nabywanie umiejętności i aktywizacja" objętego Programem Rozwoju Obszarów Wiejskich na lata 2007-2013 (Dz. U. nr 103 poz. 660 z późn. zm.), §7 Rozporządzenia Ministra Rolnictwa i Rozwoju Wsi z dnia 25 czerwca 2008 r. w sprawie szczegółowych warunków i trybu przyznawania oraz wypłaty pomocy finansowej w ramach działania "Wdrażanie projektów współpracy" objętego Programem Rozwoju Obszarów Wiejskich na lata 2007-2013 (Dz. U. nr 128 poz. 822), §5 Rozporządzenia Ministra Rolnictwa i Rozwoju Wsi z dnia 8 lipca 2008r. w sprawie szczegółowych warunków i trybu przyznawania oraz wypłaty pomocy finansowej w ramach działania "Wdrażanie lokalnych strategii rozwoju" objętego Programem Rozwoju Obszarów Wiejskich na lata 2007 - 2013 (Dz. U. nr 138 poz. 868 z późn. zm.), §9 Rozporządzenia Ministra Rolnictwa i Rozwoju Wsi z dnia 23 maja 2008 r. w sprawie szczegółowych kryteriów i sposobu wyboru lokalnej grupy działania do realizacji lokalnej strategii rozwoju w ramach Programu Rozwoju Obszarów Wiejskich na lata 2007-2013 (Dz. U. nr 103 poz. 659), §8 Rozporządzenia Ministra Rolnictwa i Rozwoju Wsi z dnia 24 kwietnia 2008r. w sprawie szczegółowych warunków i trybu przyznawania pomocy finansowej w ramach działania "Poprawianie i rozwijanie infrastruktury związanej z rozwojem  i dostosowywaniem rolnictwa i leśnictwa przez scalanie gruntów" objętego Programem Rozwoju Obszarów Wiejskich na lata 2007-2013 (Dz. U. Nr 80 poz. 480 z późn. zm.), §8 Rozporządzenia Ministra Rolnictwa i Rozwoju Wsi z dnia 25 czerwca 2008r. w sprawie szczegółowych warunków i trybu przyznawania pomocy finansowej w ramach działania "Poprawianie i rozwijanie infrastruktury związanej z rozwojem i dostosowywaniem rolnictwa i leśnictwa przez gospodarowanie rolniczymi zasobami wodnymi" objętego Programem Rozwoju Obszarów Wiejskich na lata 2007-2013 (Dz. U. Nr 122 poz. 791 z późn. zm.)

Treść

Treść strony

Załączniki

Załączniki do strony

Tytuł strony
