{"id":69146,"name":"uchwala-zarzadu-nr-230170v2017-z-dnia-2017-02-07","title":"Uchwa\u0142a zarz\u0105du nr 230\/170\/V\/2017 z dnia 2017-02-07","desc":"","header":"Uchwa\u0142a zarz\u0105du nr 230\/170\/V\/2017 z dnia 2017-02-07","lead":"","keywords":"","changes":"Migracja danych","menu":"","path":"\/samorzad_wojewodztwa\/zarzad_wojewodztwa\/uchwaly_zarzadu\/uchwala-zarzadu-nr-230170v2017-z-dnia-2017-02-07.html","url":"\/samorzad_wojewodztwa\/zarzad_wojewodztwa\/uchwaly_zarzadu\/uchwala-zarzadu-nr-230170v2017-z-dnia-2017-02-07.html","infoOwner":"Urz\u0105d Marsza\u0142kowski Wojew\u00f3dztwa \u015al\u0105skiego","dateFirstPublicate":"2017-02-08 15:23:45","dateLastVersionPublicate":"2017-02-08 15:23:45","dateAvailableFrom":"","dateAvailableTo":"","type":"Uchwa\u0142a Zarz\u0105du","pageParams":[{"id":"263","name":"Data posiedzenia","description":"Data posiedzenia","value":"2017-02-07 15:23:44"},{"id":"235","name":"W sprawie","description":"W sprawie","value":"Zmiany Pakietu aplikacyjnego w ramach konkursu nr RPSL.11.01.04-IZ.01-24-136\/16                w ramach Regionalnego Programu Operacyjnego Wojew\u00f3dztwa \u015al\u0105skiego na lata                 2014-2020 dla Osi Priorytetowej XI Wzmocnienie potencja\u0142u edukacyjnego, Dzia\u0142ania 11.1 Ograniczenie przedwczesnego ko\u0144czenia nauki szkolnej oraz zapewnienie r\u00f3wnego dost\u0119pu do dobrej jako\u015bci edukacji elementarnej, kszta\u0142cenia podstawowego i \u015bredniego, Poddzia\u0142ania 11.1.4 Poprawa efektywno\u015bci kszta\u0142cenia og\u00f3lnego - konkurs (Obszary Strategicznej Interwencji - Obszary wiejskie)"},{"id":"273","name":"NUMER_UCHWALY_ZARZADU","description":"Numer uchwa\u0142y","value":"230\/170\/V\/2017"},{"id":"278","name":"Numer posiedzenia zarz\u0105du","description":"Numer posiedzenia zarz\u0105du","value":"170"},{"id":"261","name":"Na podstawie","description":"podstawa prawna","value":"art. 41 ust. 2 pkt 4 ustawy z dnia 5 czerwca 1998 r. o samorz\u0105dzie wojew\u00f3dztwa (t.j. Dz. U. \r\nz 2016 r. poz. 486 z p\u00f3\u017an. zm.), art. 9 ust. 1 pkt 2 oraz ust. 2 pkt 2; art. 38 ust. 1 pkt 1; 41 ust 2 oraz ust. 5  ustawy z dnia 11 lipca 2014 r. o zasadach realizacji program\u00f3w w zakresie polityki sp\u00f3jno\u015bci finansowanych w perspektywie finansowej 2014-2020 (t.j. Dz. U. z 2016 r., poz. 217 z p\u00f3\u017an. zm.).\r\n"}],"components":[{"id":"bf6d5eba-d119-11e7-80a9-005056b46601","type":"ContentWYSIWYG","name":"Tre\u015b\u0107","description":"Tre\u015b\u0107 strony","content":{"content":"","promotion":false}},{"id":"bf6dbc25-d119-11e7-80a9-005056b46601","type":"Gallery","name":"Galeria","description":"Galeria"},{"id":"bf6e1f6b-d119-11e7-80a9-005056b46601","type":"Attachment","name":"Za\u0142\u0105czniki","description":"Za\u0142\u0105czniki do strony","content":[{"src":"\/resource\/96359\/Tre%25C5%259B%25C4%2587+uchwa%25C5%2582y.rtf","extension":"RTF","name":"dce7d309c59b5cf6923460178a30cdc9.rtf","size":"135 KB"},{"src":"\/resource\/96362\/Za%25C5%2582%25C4%2585cznik+do+uchwa%25C5%2582y.rar","extension":"RAR","name":"c68460162aadbbb4c0c4a6cc0bf42d87.rar","size":"910.78 KB"}]},{"id":"eba03b25-d9a7-11e7-b355-005056b70dba","type":"PageTitle","name":"","description":"Tytu\u0142 strony","content":{"title":"Uchwa\u0142a zarz\u0105du nr 230\/170\/V\/2017 z dnia 2017-02-07"}},{"id":"eba07701-d9a7-11e7-b355-005056b70dba","type":"PageDescription","name":"","description":"Zajawka strony","content":[]},{"id":"1b1a7940-ff78-11e7-b81e-005056b7801d","type":"SectionDescription","name":"","description":"Zajawka sekcji","content":[]}]}

Uchwała zarządu nr 230/170/V/2017 z dnia 2017-02-07

Urząd Marszałkowski Województwa Śląskiego

Uchwała Zarządu

Zmiany Pakietu aplikacyjnego w ramach konkursu nr RPSL.11.01.04-IZ.01-24-136/16                w ramach Regionalnego Programu Operacyjnego Województwa Śląskiego na lata                 2014-2020 dla Osi Priorytetowej XI Wzmocnienie potencjału edukacyjnego, Działania 11.1 Ograniczenie przedwczesnego kończenia nauki szkolnej oraz zapewnienie równego dostępu do dobrej jakości edukacji elementarnej, kształcenia podstawowego i średniego, Poddziałania 11.1.4 Poprawa efektywności kształcenia ogólnego - konkurs (Obszary Strategicznej Interwencji - Obszary wiejskie)

Numer uchwały

Numer posiedzenia zarządu

art. 41 ust. 2 pkt 4 ustawy z dnia 5 czerwca 1998 r. o samorządzie województwa (t.j. Dz. U. 
z 2016 r. poz. 486 z późn. zm.), art. 9 ust. 1 pkt 2 oraz ust. 2 pkt 2; art. 38 ust. 1 pkt 1; 41 ust 2 oraz ust. 5  ustawy z dnia 11 lipca 2014 r. o zasadach realizacji programów w zakresie polityki spójności finansowanych w perspektywie finansowej 2014-2020 (t.j. Dz. U. z 2016 r., poz. 217 z późn. zm.).

Treść

Treść strony

Załączniki

Załączniki do strony

Tytuł strony
