{"id":45701,"name":"uchwala-zarzadu-nr-2311225v2017-z-dnia-2017-11-07","title":"Uchwa\u0142a zarz\u0105du nr 2311\/225\/V\/2017 z dnia 2017-11-07","desc":"","header":"Uchwa\u0142a zarz\u0105du nr 2311\/225\/V\/2017 z dnia 2017-11-07","lead":"","keywords":"","changes":"migracja danych","menu":"","path":"\/samorzad_wojewodztwa\/zarzad_wojewodztwa\/uchwaly_zarzadu\/uchwala-zarzadu-nr-2311225v2017-z-dnia-2017-11-07.html","url":"\/samorzad_wojewodztwa\/zarzad_wojewodztwa\/uchwaly_zarzadu\/uchwala-zarzadu-nr-2311225v2017-z-dnia-2017-11-07.html","infoOwner":"Urz\u0105d Marsza\u0142kowski Wojew\u00f3dztwa \u015al\u0105skiego","dateFirstPublicate":"2023-06-12 13:58:06","dateLastVersionPublicate":"2023-06-12 13:58:06","dateAvailableFrom":"","dateAvailableTo":"","type":"Uchwa\u0142a Zarz\u0105du","pageParams":[{"id":"263","name":"Data posiedzenia","description":"Data posiedzenia","value":"2017-11-07"},{"id":"235","name":"W sprawie","description":"W sprawie","value":"przyj\u0119cia przez Zarz\u0105d Wojew\u00f3dztwa \u015al\u0105skiego projektu uchwa\u0142y Sejmiku Wojew\u00f3dztwa \u015al\u0105skiego, w sprawie zmiany uchwa\u0142y Nr V\/25\/16\/2016 z dnia 27 czerwca 2016 r. w sprawie wyra\u017cenia zgody na przyznanie dofinansowania ze \u015brodk\u00f3w PFRON do realizacji rob\u00f3t budowlanych w obiektach s\u0142u\u017c\u0105cych rehabilitacji os\u00f3b niepe\u0142nosprawnych, realizacja kt\u00f3rych przekracza 1 rok bud\u017cetowy."},{"id":"273","name":"NUMER_UCHWALY_ZARZADU","description":"Numer uchwa\u0142y","value":"2311\/225\/V\/2017"},{"id":"278","name":"Numer posiedzenia zarz\u0105du","description":"Numer posiedzenia zarz\u0105du","value":"225"},{"id":"261","name":"Na podstawie","description":"podstawa prawna","value":"art. 41 ust. 1 ustawy z dnia 5 czerwca 1998 r. o samorz\u0105dzie wojew\u00f3dztwa (tekst jednolity: Dz. U. 2016 r. poz. 486 z p\u00f3\u017an. zm.) w zwi\u0105zku z art. 35 ust.1 pkt 6 ustawy z dnia 27 sierpnia 1997 r. o rehabilitacji zawodowej i spo\u0142ecznej oraz zatrudnianiu os\u00f3b niepe\u0142nosprawnych (tekst jednolity: Dz. U. z 2016 r., poz. 2046) oraz \u00a79 ust. 1 przepis\u00f3w rozporz\u0105dzenia Ministra Polityki Spo\u0142ecznej z dnia 6 sierpnia 2004 r. w sprawie okre\u015blenia zada\u0144 samorz\u0105du wojew\u00f3dztwa, kt\u00f3re mog\u0105 by\u0107 dofinansowane ze \u015brodk\u00f3w Pa\u0144stwowego Funduszu Rehabilitacji Os\u00f3b Niepe\u0142nosprawnych (Dz. U. z 2015 r., poz. 937 z p\u00f3\u017an. zm.)."}],"components":[{"id":"bf6d5eba-d119-11e7-80a9-005056b46601","type":"ContentWYSIWYG","name":"Tre\u015b\u0107","description":"Tre\u015b\u0107 strony","content":{"content":"","promotion":false}},{"id":"bf6dbc25-d119-11e7-80a9-005056b46601","type":"Gallery","name":"Galeria","description":"Galeria"},{"id":"bf6e1f6b-d119-11e7-80a9-005056b46601","type":"Attachment","name":"Za\u0142\u0105czniki","description":"Za\u0142\u0105czniki do strony","content":[{"src":"\/resource\/66092\/Uchwa%25C5%2582a+zarz%25C4%2585du+nr+2311225V2017+z+dnia+7+listopada+2017+roku.rtf","extension":"RTF","name":"ec683a3554c1f304603b0da78963a452.rtf","size":"52.99 KB"},{"src":"\/resource\/66092\/za%25C5%2582.+1+do+Uchwa%25C5%2582y+Zarz%25C4%2585du+Nr+2311.rtf","extension":"RTF","name":"1d19f060356e4d59d746f8441cad141b.rtf","size":"81.04 KB"}]},{"id":"eba03b25-d9a7-11e7-b355-005056b70dba","type":"PageTitle","name":"","description":"Tytu\u0142 strony","content":{"title":"Uchwa\u0142a zarz\u0105du nr 2311\/225\/V\/2017 z dnia 2017-11-07"}},{"id":"eba07701-d9a7-11e7-b355-005056b70dba","type":"PageDescription","name":"","description":"Zajawka strony","content":[]},{"id":"1b1a7940-ff78-11e7-b81e-005056b7801d","type":"SectionDescription","name":"","description":"Zajawka sekcji","content":[]}]}

Uchwała zarządu nr 2311/225/V/2017 z dnia 2017-11-07

Urząd Marszałkowski Województwa Śląskiego

Uchwała Zarządu

przyjęcia przez Zarząd Województwa Śląskiego projektu uchwały Sejmiku Województwa Śląskiego, w sprawie zmiany uchwały Nr V/25/16/2016 z dnia 27 czerwca 2016 r. w sprawie wyrażenia zgody na przyznanie dofinansowania ze środków PFRON do realizacji robót budowlanych w obiektach służących rehabilitacji osób niepełnosprawnych, realizacja których przekracza 1 rok budżetowy.

Numer uchwały

Numer posiedzenia zarządu

art. 41 ust. 1 ustawy z dnia 5 czerwca 1998 r. o samorządzie województwa (tekst jednolity: Dz. U. 2016 r. poz. 486 z późn. zm.) w związku z art. 35 ust.1 pkt 6 ustawy z dnia 27 sierpnia 1997 r. o rehabilitacji zawodowej i społecznej oraz zatrudnianiu osób niepełnosprawnych (tekst jednolity: Dz. U. z 2016 r., poz. 2046) oraz §9 ust. 1 przepisów rozporządzenia Ministra Polityki Społecznej z dnia 6 sierpnia 2004 r. w sprawie określenia zadań samorządu województwa, które mogą być dofinansowane ze środków Państwowego Funduszu Rehabilitacji Osób Niepełnosprawnych (Dz. U. z 2015 r., poz. 937 z późn. zm.).

Treść

Treść strony

Załączniki

Załączniki do strony

Tytuł strony
