{"id":69035,"name":"uchwala-zarzadu-nr-231170v2017-z-dnia-2017-02-07","title":"Uchwa\u0142a zarz\u0105du nr 231\/170\/V\/2017 z dnia 2017-02-07","desc":"","header":"Uchwa\u0142a zarz\u0105du nr 231\/170\/V\/2017 z dnia 2017-02-07","lead":"","keywords":"","changes":"Migracja danych","menu":"","path":"\/samorzad_wojewodztwa\/zarzad_wojewodztwa\/uchwaly_zarzadu\/uchwala-zarzadu-nr-231170v2017-z-dnia-2017-02-07.html","url":"\/samorzad_wojewodztwa\/zarzad_wojewodztwa\/uchwaly_zarzadu\/uchwala-zarzadu-nr-231170v2017-z-dnia-2017-02-07.html","infoOwner":"Urz\u0105d Marsza\u0142kowski Wojew\u00f3dztwa \u015al\u0105skiego","dateFirstPublicate":"2017-02-09 14:08:22","dateLastVersionPublicate":"2017-02-09 14:08:22","dateAvailableFrom":"","dateAvailableTo":"","type":"Uchwa\u0142a Zarz\u0105du","pageParams":[{"id":"263","name":"Data posiedzenia","description":"Data posiedzenia","value":"2017-02-07 14:08:22"},{"id":"235","name":"W sprawie","description":"W sprawie","value":"udzielenia pe\u0142nomocnictwa Pani Ma\u0142gorzacie Sta\u015b - dyrektorowi Wydzia\u0142u Rozwoju Regionalnego Urz\u0119du Marsza\u0142kowskiego Wojew\u00f3dztwa \u015al\u0105skiego"},{"id":"273","name":"NUMER_UCHWALY_ZARZADU","description":"Numer uchwa\u0142y","value":"231\/170\/V\/2017"},{"id":"278","name":"Numer posiedzenia zarz\u0105du","description":"Numer posiedzenia zarz\u0105du","value":"170"},{"id":"261","name":"Na podstawie","description":"podstawa prawna","value":"art. 41 ust. 2 pkt. 4, art. 57 ust. 5 ustawy z dnia 5 czerwca 1998 r. o samorz\u0105dzie wojew\u00f3dztwa (t.j. Dz. U. z 2016 r. poz. 486 z p\u00f3\u017an. zm.); art. 9 ust. 1 pkt. 2 oraz art. 21ust.1 ustawy z dnia 11 lipca 2014 r. o zasadach realizacji program\u00f3w w zakresie polityki sp\u00f3jno\u015bci finansowanych w perspektywie finansowej 2014-2020 (t.j. Dz. U. z 2016r. poz. 217 z p\u00f3\u017an. zm.); art. 125 ust. 4 lit. e oraz art. 138 Rozporz\u0105dzenia Parlamentu Europejskiego i Rady nr 1303\/2013 z dnia 17 grudnia 2013 r.; \u00a7 74 pkt 1 i 3 Regulaminu Organizacyjnego Urz\u0119du Marsza\u0142kowskiego Wojew\u00f3dztwa \u015al\u0105skiego"}],"components":[{"id":"bf6d5eba-d119-11e7-80a9-005056b46601","type":"ContentWYSIWYG","name":"Tre\u015b\u0107","description":"Tre\u015b\u0107 strony","content":{"content":"","promotion":false}},{"id":"bf6dbc25-d119-11e7-80a9-005056b46601","type":"Gallery","name":"Galeria","description":"Galeria"},{"id":"bf6e1f6b-d119-11e7-80a9-005056b46601","type":"Attachment","name":"Za\u0142\u0105czniki","description":"Za\u0142\u0105czniki do strony","content":[{"src":"\/resource\/96164\/Tre%25C5%259B%25C4%2587+uchwa%25C5%2582y.doc","extension":"DOC","name":"7008114f70b284fb40552c48c65ac975.doc","size":"44.5 KB"},{"src":"\/resource\/96167\/Za%25C5%2582%25C4%2585cznik+do+uchwa%25C5%2582y.rtf","extension":"RTF","name":"c797fc0a90caf3f843ff30a40f6b367b.rtf","size":"109.66 KB"}]},{"id":"eba03b25-d9a7-11e7-b355-005056b70dba","type":"PageTitle","name":"","description":"Tytu\u0142 strony","content":{"title":"Uchwa\u0142a zarz\u0105du nr 231\/170\/V\/2017 z dnia 2017-02-07"}},{"id":"eba07701-d9a7-11e7-b355-005056b70dba","type":"PageDescription","name":"","description":"Zajawka strony","content":[]},{"id":"1b1a7940-ff78-11e7-b81e-005056b7801d","type":"SectionDescription","name":"","description":"Zajawka sekcji","content":[]}]}

Uchwała zarządu nr 231/170/V/2017 z dnia 2017-02-07

Urząd Marszałkowski Województwa Śląskiego

Uchwała Zarządu

udzielenia pełnomocnictwa Pani Małgorzacie Staś - dyrektorowi Wydziału Rozwoju Regionalnego Urzędu Marszałkowskiego Województwa Śląskiego

Numer uchwały

Numer posiedzenia zarządu

art. 41 ust. 2 pkt. 4, art. 57 ust. 5 ustawy z dnia 5 czerwca 1998 r. o samorządzie województwa (t.j. Dz. U. z 2016 r. poz. 486 z późn. zm.); art. 9 ust. 1 pkt. 2 oraz art. 21ust.1 ustawy z dnia 11 lipca 2014 r. o zasadach realizacji programów w zakresie polityki spójności finansowanych w perspektywie finansowej 2014-2020 (t.j. Dz. U. z 2016r. poz. 217 z późn. zm.); art. 125 ust. 4 lit. e oraz art. 138 Rozporządzenia Parlamentu Europejskiego i Rady nr 1303/2013 z dnia 17 grudnia 2013 r.; § 74 pkt 1 i 3 Regulaminu Organizacyjnego Urzędu Marszałkowskiego Województwa Śląskiego

Treść

Treść strony

Załączniki

Załączniki do strony

Tytuł strony
