{"id":47226,"name":"uchwala-zarzadu-nr-2322225v2017-z-dnia-2017-11-07","title":"Uchwa\u0142a zarz\u0105du nr 2322\/225\/V\/2017 z dnia 2017-11-07","desc":"","header":"Uchwa\u0142a zarz\u0105du nr 2322\/225\/V\/2017 z dnia 2017-11-07","lead":"","keywords":"","changes":"migracja danych","menu":"","path":"\/samorzad_wojewodztwa\/zarzad_wojewodztwa\/uchwaly_zarzadu\/uchwala-zarzadu-nr-2322225v2017-z-dnia-2017-11-07.html","url":"\/samorzad_wojewodztwa\/zarzad_wojewodztwa\/uchwaly_zarzadu\/uchwala-zarzadu-nr-2322225v2017-z-dnia-2017-11-07.html","infoOwner":"Urz\u0105d Marsza\u0142kowski Wojew\u00f3dztwa \u015al\u0105skiego","dateFirstPublicate":"2023-07-28 07:59:17","dateLastVersionPublicate":"2023-07-28 07:59:17","dateAvailableFrom":"","dateAvailableTo":"","type":"Uchwa\u0142a Zarz\u0105du","pageParams":[{"id":"263","name":"Data posiedzenia","description":"Data posiedzenia","value":"2017-11-07"},{"id":"235","name":"W sprawie","description":"W sprawie","value":"udzielenia pe\u0142nomocnictwa Panu Bartoszowi Rozpondek \u2013 dyrektorowi \u015al\u0105skiego Centrum Przedsi\u0119biorczo\u015bci w Chorzowie"},{"id":"273","name":"NUMER_UCHWALY_ZARZADU","description":"Numer uchwa\u0142y","value":"2322\/225\/V\/2017"},{"id":"278","name":"Numer posiedzenia zarz\u0105du","description":"Numer posiedzenia zarz\u0105du","value":"225"},{"id":"261","name":"Na podstawie","description":"podstawa prawna","value":"Art. 56 ust. 1 ustawy z dnia 5 czerwca 1998r. o samorz\u0105dzie wojew\u00f3dztwa (tekst jednolity: Dz. U. z 2016 r. poz. 486 z p\u00f3\u017an. zm.); art. 41 ust. 2 pkt 3 Ustawy z dnia 5 czerwca 1998 roku o samorz\u0105dzie wojew\u00f3dztwa (tekst jedn. Dz. U. z 2016 r., poz. 486 z p\u00f3\u017an. zm.) w zwi\u0105zku z art. 228 ust. 1 i 2 ustawy z dnia 27 sierpnia 2009 r. o finansach publicznych (tekst jedn. Dz. U. z 2016 r. poz. 1870 z p\u00f3\u017an. zm.) w zwi\u0105zku z \u00a7 2 ust. 4 Uchwa\u0142y Nr V\/16\/1\/2015 Sejmiku Wojew\u00f3dztwa \u015al\u0105skiego z dnia 21 grudnia 2015 r. w sprawie Wieloletniej Prognozy Finansowej Wojew\u00f3dztwa \u015al\u0105skiego na lata 2016 \u2013 2025 wraz z p\u00f3\u017an. zm."}],"components":[{"id":"bf6d5eba-d119-11e7-80a9-005056b46601","type":"ContentWYSIWYG","name":"Tre\u015b\u0107","description":"Tre\u015b\u0107 strony","content":{"content":"","promotion":false}},{"id":"bf6dbc25-d119-11e7-80a9-005056b46601","type":"Gallery","name":"Galeria","description":"Galeria"},{"id":"bf6e1f6b-d119-11e7-80a9-005056b46601","type":"Attachment","name":"Za\u0142\u0105czniki","description":"Za\u0142\u0105czniki do strony","content":[{"src":"\/resource\/67655\/Uchwa%25C5%2582a+zarz%25C4%2585du+nr+2322225V2017+z+dnia+7+listopada+2017+roku.docx","extension":"DOCX","name":"5da4fb14a1062b65e1d845b35c5b3024.docx","size":"21.8 KB"},{"src":"\/resource\/67655\/za%25C5%2582%25C4%2585cznik+do+uchwa%25C5%2582y.pdf","extension":"PDF","name":"3b382c83384ae4433b801694872dfe0f.pdf","size":"231.12 KB"}]},{"id":"eba03b25-d9a7-11e7-b355-005056b70dba","type":"PageTitle","name":"","description":"Tytu\u0142 strony","content":{"title":"Uchwa\u0142a zarz\u0105du nr 2322\/225\/V\/2017 z dnia 2017-11-07"}},{"id":"eba07701-d9a7-11e7-b355-005056b70dba","type":"PageDescription","name":"","description":"Zajawka strony","content":[]},{"id":"1b1a7940-ff78-11e7-b81e-005056b7801d","type":"SectionDescription","name":"","description":"Zajawka sekcji","content":[]}]}

Uchwała zarządu nr 2322/225/V/2017 z dnia 2017-11-07

Urząd Marszałkowski Województwa Śląskiego

Uchwała Zarządu

udzielenia pełnomocnictwa Panu Bartoszowi Rozpondek – dyrektorowi Śląskiego Centrum Przedsiębiorczości w Chorzowie

Numer uchwały

Numer posiedzenia zarządu

Art. 56 ust. 1 ustawy z dnia 5 czerwca 1998r. o samorządzie województwa (tekst jednolity: Dz. U. z 2016 r. poz. 486 z późn. zm.); art. 41 ust. 2 pkt 3 Ustawy z dnia 5 czerwca 1998 roku o samorządzie województwa (tekst jedn. Dz. U. z 2016 r., poz. 486 z późn. zm.) w związku z art. 228 ust. 1 i 2 ustawy z dnia 27 sierpnia 2009 r. o finansach publicznych (tekst jedn. Dz. U. z 2016 r. poz. 1870 z późn. zm.) w związku z § 2 ust. 4 Uchwały Nr V/16/1/2015 Sejmiku Województwa Śląskiego z dnia 21 grudnia 2015 r. w sprawie Wieloletniej Prognozy Finansowej Województwa Śląskiego na lata 2016 – 2025 wraz z późn. zm.

Treść

Treść strony

Załączniki

Załączniki do strony

Tytuł strony
