{"id":50267,"name":"uchwala-zarzadu-nr-2339462vi2023-z-dnia-2023-11-08","title":"Uchwa\u0142a zarz\u0105du nr 2339\/462\/VI\/2023 z dnia 2023-11-08","desc":"","header":"Uchwa\u0142a zarz\u0105du nr 2339\/462\/VI\/2023 z dnia 2023-11-08","lead":"","keywords":"","changes":"dodanie uchwa\u0142y","menu":"","path":"\/samorzad_wojewodztwa\/zarzad_wojewodztwa\/uchwaly_zarzadu\/uchwala-zarzadu-nr-2339462vi2023-z-dnia-2023-11-08.html","url":"\/samorzad_wojewodztwa\/zarzad_wojewodztwa\/uchwaly_zarzadu\/uchwala-zarzadu-nr-2339462vi2023-z-dnia-2023-11-08.html","infoOwner":"Urz\u0105d Marsza\u0142kowski Wojew\u00f3dztwa \u015al\u0105skiego","dateFirstPublicate":"2023-11-14 13:30:36","dateLastVersionPublicate":"2023-11-14 13:30:36","dateAvailableFrom":"2023-11-14 13:26:31","dateAvailableTo":"","type":"Uchwa\u0142a Zarz\u0105du","pageParams":[{"id":"263","name":"Data posiedzenia","description":"Data posiedzenia","value":"2023-11-08"},{"id":"235","name":"W sprawie","description":"W sprawie","value":"okre\u015blenia terminu oraz miejsca naboru Wniosk\u00f3w o przyznanie stypendium w roku szkolnym 2023\/2024, w ramach projektu \u201e\u015al\u0105skie. Inwestujemy w talenty PLUS \u2013 I edycja\u201d realizowanego w ramach programu Fundusze Europejskie dla \u015al\u0105skiego 2021 \u2013 2027"},{"id":"273","name":"NUMER_UCHWALY_ZARZADU","description":"Numer uchwa\u0142y","value":"2339\/462\/VI\/2023"},{"id":"278","name":"Numer posiedzenia zarz\u0105du","description":"Numer posiedzenia zarz\u0105du","value":"462"},{"id":"261","name":"Na podstawie","description":"podstawa prawna","value":"art. 41 ust. 1 oraz ust. 2 pkt 1 ustawy z dnia 5 czerwca 1998 r. o samorz\u0105dzie wojew\u00f3dztwa (tekst jednolity: Dz. U. z 2022 r. poz. 2094, z p\u00f3\u017an. zm.), art. 90t ust. 1, 3 i 4 ustawy z dnia 7 wrze\u015bnia 1991 r. o systemie o\u015bwiaty (tekst jednolity :Dz. U. z 2022 r. poz. 2230, z p\u00f3\u017an, zm.), \u00a7 4 ust. 1 oraz \u00a7 12 ust. 1 pkt 1 i 2 lit. a) \u2013 e) Regulaminu przyznawania stypendi\u00f3w w ramach projektu \u201e\u015al\u0105skie. Inwestujemy w talenty PLUS - I edycja\u201d, realizowanego w ramach programu Fundusze Europejskie dla \u015al\u0105skiego 2021 - 2027, Priorytet FESL.06 Fundusze Europejskie dla edukacji, Dzia\u0142anie FESL.06.04 Strategiczne projekty dla obszaru edukacji, Typ 1 Wsparcie stypendialne uczni\u00f3w"}],"components":[{"id":"bf6d5eba-d119-11e7-80a9-005056b46601","type":"ContentWYSIWYG","name":"Tre\u015b\u0107","description":"Tre\u015b\u0107 strony","content":{"content":"","promotion":false}},{"id":"bf6dbc25-d119-11e7-80a9-005056b46601","type":"Gallery","name":"Galeria","description":"Galeria"},{"id":"bf6e1f6b-d119-11e7-80a9-005056b46601","type":"Attachment","name":"Za\u0142\u0105czniki","description":"Za\u0142\u0105czniki do strony","content":[{"src":"\/resource\/70776\/Uchwa%25C5%2582a+nr+2339_462_VI_2023+z+8+listopada+2023r..rtf","extension":"RTF","name":"b0e173c3177418a4d7932e019ed9083d.rtf","size":"94.68 KB"}]},{"id":"eba03b25-d9a7-11e7-b355-005056b70dba","type":"PageTitle","name":"","description":"Tytu\u0142 strony","content":{"title":"Uchwa\u0142a zarz\u0105du nr 2339\/462\/VI\/2023 z dnia 2023-11-08"}},{"id":"eba07701-d9a7-11e7-b355-005056b70dba","type":"PageDescription","name":"","description":"Zajawka strony","content":[]},{"id":"1b1a7940-ff78-11e7-b81e-005056b7801d","type":"SectionDescription","name":"","description":"Zajawka sekcji","content":[]}]}

Uchwała zarządu nr 2339/462/VI/2023 z dnia 2023-11-08

dodanie uchwały

Urząd Marszałkowski Województwa Śląskiego

Uchwała Zarządu

określenia terminu oraz miejsca naboru Wniosków o przyznanie stypendium w roku szkolnym 2023/2024, w ramach projektu „Śląskie. Inwestujemy w talenty PLUS – I edycja” realizowanego w ramach programu Fundusze Europejskie dla Śląskiego 2021 – 2027

Numer uchwały

Numer posiedzenia zarządu

art. 41 ust. 1 oraz ust. 2 pkt 1 ustawy z dnia 5 czerwca 1998 r. o samorządzie województwa (tekst jednolity: Dz. U. z 2022 r. poz. 2094, z późn. zm.), art. 90t ust. 1, 3 i 4 ustawy z dnia 7 września 1991 r. o systemie oświaty (tekst jednolity :Dz. U. z 2022 r. poz. 2230, z późn, zm.), § 4 ust. 1 oraz § 12 ust. 1 pkt 1 i 2 lit. a) – e) Regulaminu przyznawania stypendiów w ramach projektu „Śląskie. Inwestujemy w talenty PLUS - I edycja”, realizowanego w ramach programu Fundusze Europejskie dla Śląskiego 2021 - 2027, Priorytet FESL.06 Fundusze Europejskie dla edukacji, Działanie FESL.06.04 Strategiczne projekty dla obszaru edukacji, Typ 1 Wsparcie stypendialne uczniów

Treść

Treść strony

Załączniki

Załączniki do strony

Tytuł strony
