{"id":95324,"name":"uchwala-zarzadu-nr-236118iv2012-z-dnia-2012-01-31","title":"Uchwa\u0142a zarz\u0105du nr 236\/118\/IV\/2012 z dnia 2012-01-31","desc":"","header":"Uchwa\u0142a zarz\u0105du nr 236\/118\/IV\/2012 z dnia 2012-01-31","lead":"","keywords":"","changes":"Migracja danych","menu":"","path":"\/samorzad_wojewodztwa\/zarzad_wojewodztwa\/uchwaly_zarzadu\/uchwala-zarzadu-nr-236118iv2012-z-dnia-2012-01-31.html","url":"\/samorzad_wojewodztwa\/zarzad_wojewodztwa\/uchwaly_zarzadu\/uchwala-zarzadu-nr-236118iv2012-z-dnia-2012-01-31.html","infoOwner":"Urz\u0105d Marsza\u0142kowski Wojew\u00f3dztwa \u015al\u0105skiego","dateFirstPublicate":"2012-02-14 11:30:47","dateLastVersionPublicate":"2012-02-14 11:30:47","dateAvailableFrom":"","dateAvailableTo":"","type":"Uchwa\u0142a Zarz\u0105du","pageParams":[{"id":"263","name":"Data posiedzenia","description":"Data posiedzenia","value":"2012-01-31 11:30:46"},{"id":"235","name":"W sprawie","description":"W sprawie","value":"przyj\u0119cia projektu uchwa\u0142y Sejmiku Wojew\u00f3dztwa \u015al\u0105skiego w sprawie  przyst\u0105pienia Wojew\u00f3dztwa \u015al\u0105skiego do Europejskiego Ugrupowania Wsp\u00f3\u0142pracy Terytorialnej \u0022TRITIA\u0022 z ograniczon\u0105 odpowiedzialno\u015bci\u0105"},{"id":"273","name":"NUMER_UCHWALY_ZARZADU","description":"Numer uchwa\u0142y","value":"236\/118\/IV\/2012"},{"id":"278","name":"Numer posiedzenia zarz\u0105du","description":"Numer posiedzenia zarz\u0105du","value":"118"},{"id":"261","name":"Na podstawie","description":"podstawa prawna","value":"art. 41 ust 1 ustawy z dnia 5 czerwca 1998r. o samorz\u0105dzie wojew\u00f3dztwa (tekst jednolity: Dz. U. Nr 142 z 2001 r. poz. 1590 z p\u00f3\u017an. zm.)\r\n"}],"components":[{"id":"bf6d5eba-d119-11e7-80a9-005056b46601","type":"ContentWYSIWYG","name":"Tre\u015b\u0107","description":"Tre\u015b\u0107 strony","content":{"content":"","promotion":false}},{"id":"bf6dbc25-d119-11e7-80a9-005056b46601","type":"Gallery","name":"Galeria","description":"Galeria"},{"id":"bf6e1f6b-d119-11e7-80a9-005056b46601","type":"Attachment","name":"Za\u0142\u0105czniki","description":"Za\u0142\u0105czniki do strony","content":[{"src":"\/resource\/139850\/Tre%25C5%259B%25C4%2587+uchwa%25C5%2582y.rtf","extension":"RTF","name":"21472fafb041b72864045d57c4dc82fd.rtf","size":"44.21 KB"},{"src":"\/resource\/139853\/Za%25C5%2582%25C4%2585cznik+do+uchwa%25C5%2582y.rtf","extension":"RTF","name":"f2ddb1766b65a039925ad2d8a7d8009c.rtf","size":"55 KB"},{"src":"\/resource\/139856\/Za%25C5%2582%25C4%2585cznik+do+uchwa%25C5%2582y.rtf","extension":"RTF","name":"5262f1001683eb60e4ffda6bd7a6ec04.rtf","size":"148.22 KB"},{"src":"\/resource\/139859\/Za%25C5%2582%25C4%2585cznik+do+uchwa%25C5%2582y.rtf","extension":"RTF","name":"3034c5e67f3a0eae20593681189a80cb.rtf","size":"235.96 KB"},{"src":"\/resource\/139862\/Za%25C5%2582%25C4%2585cznik+do+uchwa%25C5%2582y.rtf","extension":"RTF","name":"c65087770b7e86a7d9073df28a1148cf.rtf","size":"69.13 KB"},{"src":"\/resource\/139865\/Za%25C5%2582%25C4%2585cznik+do+uchwa%25C5%2582y.rtf","extension":"RTF","name":"0b626b45b9238f8a63a9c36517f76c7a.rtf","size":"43.18 KB"}]},{"id":"eba03b25-d9a7-11e7-b355-005056b70dba","type":"PageTitle","name":"","description":"Tytu\u0142 strony","content":{"title":"Uchwa\u0142a zarz\u0105du nr 236\/118\/IV\/2012 z dnia 2012-01-31"}},{"id":"eba07701-d9a7-11e7-b355-005056b70dba","type":"PageDescription","name":"","description":"Zajawka strony","content":[]},{"id":"1b1a7940-ff78-11e7-b81e-005056b7801d","type":"SectionDescription","name":"","description":"Zajawka sekcji","content":[]}]}

Uchwała zarządu nr 236/118/IV/2012 z dnia 2012-01-31

Urząd Marszałkowski Województwa Śląskiego

Uchwała Zarządu

przyjęcia projektu uchwały Sejmiku Województwa Śląskiego w sprawie  przystąpienia Województwa Śląskiego do Europejskiego Ugrupowania Współpracy Terytorialnej "TRITIA" z ograniczoną odpowiedzialnością

Numer uchwały

Numer posiedzenia zarządu

art. 41 ust 1 ustawy z dnia 5 czerwca 1998r. o samorządzie województwa (tekst jednolity: Dz. U. Nr 142 z 2001 r. poz. 1590 z późn. zm.)

Treść

Treść strony

Załączniki

Załączniki do strony

Tytuł strony
