{"id":43789,"name":"uchwala-zarzadu-nr-2369226v2017-z-dnia-2017-11-14","title":"Uchwa\u0142a zarz\u0105du nr 2369\/226\/V\/2017 z dnia 2017-11-14","desc":"","header":"Uchwa\u0142a zarz\u0105du nr 2369\/226\/V\/2017 z dnia 2017-11-14","lead":"","keywords":"","changes":"poprawa daty","menu":"","path":"\/samorzad_wojewodztwa\/zarzad_wojewodztwa\/uchwaly_zarzadu\/uchwala-zarzadu-nr-2369226v2017-z-dnia-2017-11-14.html","url":"\/samorzad_wojewodztwa\/zarzad_wojewodztwa\/uchwaly_zarzadu\/uchwala-zarzadu-nr-2369226v2017-z-dnia-2017-11-14.html","infoOwner":"Urz\u0105d Marsza\u0142kowski Wojew\u00f3dztwa \u015al\u0105skiego","dateFirstPublicate":"2023-04-05 11:56:55","dateLastVersionPublicate":"2023-04-12 09:01:23","dateAvailableFrom":"","dateAvailableTo":"","type":"Uchwa\u0142a Zarz\u0105du","pageParams":[{"id":"263","name":"Data posiedzenia","description":"Data posiedzenia","value":"2017-11-14"},{"id":"235","name":"W sprawie","description":"W sprawie","value":"zawarcia Aneksu Nr 2 do umowy nr 2843\/ZD\/2017 z dnia 11 sierpnia 2017 r., dotycz\u0105cego dofinansowania ze \u015brodk\u00f3w Pa\u0144stwowego Funduszu Rehabilitacji Os\u00f3b Niepe\u0142nosprawnych rob\u00f3t budowlanych dotycz\u0105cych obiekt\u00f3w s\u0142u\u017c\u0105cych rehabilitacji, w zwi\u0105zku z potrzebami os\u00f3b niepe\u0142nosprawnych, z wyj\u0105tkiem rozbi\u00f3rki tych obiekt\u00f3w."},{"id":"273","name":"NUMER_UCHWALY_ZARZADU","description":"Numer uchwa\u0142y","value":"2369\/226\/V\/2017"},{"id":"278","name":"Numer posiedzenia zarz\u0105du","description":"Numer posiedzenia zarz\u0105du","value":"226"},{"id":"261","name":"Na podstawie","description":"podstawa prawna","value":"art. 41 ust. 1 ustawy z dnia 5 czerwca 1998 r. o samorz\u0105dzie wojew\u00f3dztwa (tekst jednolity: Dz. U. 2017 r. poz. 2096 z p\u00f3\u017an. zm.) w zwi\u0105zku z art. 35 ust.1 pkt 6 ustawy z dnia 27 sierpnia 1997 r. o rehabilitacji zawodowej i spo\u0142ecznej oraz zatrudnianiu os\u00f3b niepe\u0142nosprawnych (tekst jednolity: Dz. U. z 2016 r., poz. 2046) oraz \u00a79 ust. 1 przepis\u00f3w rozporz\u0105dzenia Ministra Polityki Spo\u0142ecznej z dnia 6 sierpnia 2004 r. w sprawie okre\u015blenia zada\u0144 samorz\u0105du wojew\u00f3dztwa, kt\u00f3re mog\u0105 by\u0107 dofinansowane ze \u015brodk\u00f3w Pa\u0144stwowego Funduszu Rehabilitacji Os\u00f3b Niepe\u0142nosprawnych (Dz. U. z 2015 r., poz. 937 z p\u00f3\u017an. zm.)."}],"components":[{"id":"bf6d5eba-d119-11e7-80a9-005056b46601","type":"ContentWYSIWYG","name":"Tre\u015b\u0107","description":"Tre\u015b\u0107 strony","content":{"content":"","promotion":false}},{"id":"bf6dbc25-d119-11e7-80a9-005056b46601","type":"Gallery","name":"Galeria","description":"Galeria"},{"id":"bf6e1f6b-d119-11e7-80a9-005056b46601","type":"Attachment","name":"Za\u0142\u0105czniki","description":"Za\u0142\u0105czniki do strony","content":[{"src":"\/resource\/64153\/Uchwa%25C5%2582a+zarz%25C4%2585du+nr+2369226V2017+z+dnia+14+listopada+2017+roku+%25282%2529.rtf","extension":"RTF","name":"8b5ebdcb1f63beb069ff7f657c01dc9e.rtf","size":"54.06 KB"},{"src":"\/resource\/64153\/za%25C5%2582.+1+do+Uchwa%25C5%2582y+Zarz%25C4%2585du+Nr+2369.rtf","extension":"RTF","name":"63e075619a3e79f0bb4f96c304f8a76f.rtf","size":"108.13 KB"}]},{"id":"eba03b25-d9a7-11e7-b355-005056b70dba","type":"PageTitle","name":"","description":"Tytu\u0142 strony","content":{"title":"Uchwa\u0142a zarz\u0105du nr 2369\/226\/V\/2017 z dnia 2017-11-14"}},{"id":"eba07701-d9a7-11e7-b355-005056b70dba","type":"PageDescription","name":"","description":"Zajawka strony","content":[]},{"id":"1b1a7940-ff78-11e7-b81e-005056b7801d","type":"SectionDescription","name":"","description":"Zajawka sekcji","content":[]}]}

Uchwała zarządu nr 2369/226/V/2017 z dnia 2017-11-14

Urząd Marszałkowski Województwa Śląskiego

Uchwała Zarządu

zawarcia Aneksu Nr 2 do umowy nr 2843/ZD/2017 z dnia 11 sierpnia 2017 r., dotyczącego dofinansowania ze środków Państwowego Funduszu Rehabilitacji Osób Niepełnosprawnych robót budowlanych dotyczących obiektów służących rehabilitacji, w związku z potrzebami osób niepełnosprawnych, z wyjątkiem rozbiórki tych obiektów.

Numer uchwały

Numer posiedzenia zarządu

art. 41 ust. 1 ustawy z dnia 5 czerwca 1998 r. o samorządzie województwa (tekst jednolity: Dz. U. 2017 r. poz. 2096 z późn. zm.) w związku z art. 35 ust.1 pkt 6 ustawy z dnia 27 sierpnia 1997 r. o rehabilitacji zawodowej i społecznej oraz zatrudnianiu osób niepełnosprawnych (tekst jednolity: Dz. U. z 2016 r., poz. 2046) oraz §9 ust. 1 przepisów rozporządzenia Ministra Polityki Społecznej z dnia 6 sierpnia 2004 r. w sprawie określenia zadań samorządu województwa, które mogą być dofinansowane ze środków Państwowego Funduszu Rehabilitacji Osób Niepełnosprawnych (Dz. U. z 2015 r., poz. 937 z późn. zm.).

Treść

Treść strony

Załączniki

Załączniki do strony

Tytuł strony
