{"id":69014,"name":"uchwala-zarzadu-nr-237170v2017-z-dnia-2017-02-07","title":"Uchwa\u0142a zarz\u0105du nr 237\/170\/V\/2017 z dnia 2017-02-07","desc":"","header":"Uchwa\u0142a zarz\u0105du nr 237\/170\/V\/2017 z dnia 2017-02-07","lead":"","keywords":"","changes":"Migracja danych","menu":"","path":"\/samorzad_wojewodztwa\/zarzad_wojewodztwa\/uchwaly_zarzadu\/uchwala-zarzadu-nr-237170v2017-z-dnia-2017-02-07.html","url":"\/samorzad_wojewodztwa\/zarzad_wojewodztwa\/uchwaly_zarzadu\/uchwala-zarzadu-nr-237170v2017-z-dnia-2017-02-07.html","infoOwner":"Urz\u0105d Marsza\u0142kowski Wojew\u00f3dztwa \u015al\u0105skiego","dateFirstPublicate":"2017-02-10 09:07:31","dateLastVersionPublicate":"2017-02-10 09:07:31","dateAvailableFrom":"","dateAvailableTo":"","type":"Uchwa\u0142a Zarz\u0105du","pageParams":[{"id":"263","name":"Data posiedzenia","description":"Data posiedzenia","value":"2017-02-07 09:07:31"},{"id":"235","name":"W sprawie","description":"W sprawie","value":"wydania decyzji utrzymuj\u0105cej w mocy decyzj\u0119 nr 27\/2016 z dnia 31 pa\u017adziernika 2016r. w sprawie zwrotu ca\u0142o\u015bci wyp\u0142aconego dofinansowania przez Beneficjenta BUDGAST Sp\u00f3\u0142ka z ograniczon\u0105 odpowiedzialno\u015bci\u0105 \r\nz siedzib\u0105 w Cieszynie, realizuj\u0105cego projekt pn. \u0022Wzrost atrakcyjno\u015bci turystycznej \u015bl\u0105ska dzi\u0119ki stworzeniu jedynego w Polsce multimedialnego parku tematycznego pt. Historia Cieszyna w Hotelu pod Brunatnym Jeleniem w Cieszynie\u0022 w oparciu o umow\u0119 nr UDA- RPSL.03.02.01-00-127-\/11-00 z dnia 12 lipca 2012r. wraz z p\u00f3\u017aniejszymi aneksami, zawart\u0105 pomi\u0119dzy ww. Beneficjentem a Wojew\u00f3dztwem \u015al\u0105skim - \u015al\u0105skim Centrum Przedsi\u0119biorczo\u015bci z siedzib\u0105 w Chorzowie,  w ramach Regionalnego Programu Operacyjnego Wojew\u00f3dztwa \u015al\u0105skiego na lata 2007-2013, Priorytet 3. Turystyka, Dzia\u0142anie 3.2 Infrastruktura oko\u0142oturystyczna, Poddzia\u0142anie 3.2.1 Infrastruktura oko\u0142oturystyczna\/przedsi\u0119biorstwa wsp\u00f3\u0142finansowanego z Europejskiego Funduszu Rozwoju Regionalnego.\r\n"},{"id":"273","name":"NUMER_UCHWALY_ZARZADU","description":"Numer uchwa\u0142y","value":"237\/170\/V\/2017"},{"id":"278","name":"Numer posiedzenia zarz\u0105du","description":"Numer posiedzenia zarz\u0105du","value":"170"},{"id":"261","name":"Na podstawie","description":"podstawa prawna","value":"art. 104 i art. 138 \u00a7 1 pkt 1 ustawy z dnia 14 czerwca 1960 r. Kodeks post\u0119powania administracyjnego (t.j.: Dz. U. z 2016 r., poz. 23 z p\u00f3\u017an. zm. ), art. 25 pkt 1, art. 26 ust. 1 pkt 15 i 15a ustawy z dnia 6 grudnia 2006 r. o zasadach prowadzenia polityki rozwoju (t.j.: Dz. U. z 2016 r., poz. 383 z p\u00f3\u017an. zm.), art. 41 ust. 1 i ust. 2 pkt 4 ustawy z dnia 5 czerwca 1998 r. o samorz\u0105dzie wojew\u00f3dztwa (t.j.: Dz. U. z 2016 r., poz. 486 z p\u00f3\u017an. zm.), art. 207 ust. 1 pkt 2, ust. 9 pkt 1, ust. 12 pkt 2 w zwi\u0105zku z art. 67 ustawy z dnia 27 sierpnia 2009 r. o finansach publicznych (t.j.  Dz. U. z 2013 r., poz. 885 z p\u00f3\u017an. zm.) oraz art. 2 pkt 7 i art. 98 rozporz\u0105dzenia Rady (WE) nr 1083\/2006 z dnia 11 lipca 2006r. ustanawiaj\u0105cego przepisy og\u00f3lne dotycz\u0105ce Europejskiego Funduszu Rozwoju Regionalnego, Europejskiego Funduszu Spo\u0142ecznego oraz Funduszu Sp\u00f3jno\u015bci i uchylaj\u0105ce rozporz\u0105dzenie (WE) nr 1260\/1999 (Dz. U. UE. L Nr 210, poz. 25 z p\u00f3\u017an. zm.), art. 152 rozporz\u0105dzenia Parlamentu Europejskiego i Rady (UE) nr 1303\/2013 z dnia 17 grudnia 2013r. ustanawiaj\u0105cego wsp\u00f3lne przepisy dotycz\u0105ce Europejskiego Funduszu Rozwoju Regionalnego, Europejskiego Funduszu Spo\u0142ecznego, Funduszu Sp\u00f3jno\u015bci, Europejskiego Funduszu Rolnego na rzecz Rozwoju Obszar\u00f3w Wiejskich oraz Europejskiego Funduszu Morskiego i Rybackiego oraz ustanawiaj\u0105cego przepisy og\u00f3lne dotycz\u0105ce Europejskiego Funduszu Rozwoju Regionalnego, Europejskiego Funduszu Spo\u0142ecznego, Funduszu Sp\u00f3jno\u015bci i Europejskiego Funduszu Morskiego i Rybackiego oraz uchylaj\u0105cego rozporz\u0105dzenie Rady (WE) nr 1083\/2006 (Dz. U. UE. L Nr 347 z 2013r., str. 320, zwane dalej rozporz\u0105dzeniem 1083\/2006).\r\n"}],"components":[{"id":"bf6d5eba-d119-11e7-80a9-005056b46601","type":"ContentWYSIWYG","name":"Tre\u015b\u0107","description":"Tre\u015b\u0107 strony","content":{"content":"","promotion":false}},{"id":"bf6dbc25-d119-11e7-80a9-005056b46601","type":"Gallery","name":"Galeria","description":"Galeria"},{"id":"bf6e1f6b-d119-11e7-80a9-005056b46601","type":"Attachment","name":"Za\u0142\u0105czniki","description":"Za\u0142\u0105czniki do strony","content":[{"src":"\/resource\/96128\/Tre%25C5%259B%25C4%2587+uchwa%25C5%2582y.rtf","extension":"RTF","name":"fc97b592185d6734b0f439b83e830030.rtf","size":"82.15 KB"}]},{"id":"eba03b25-d9a7-11e7-b355-005056b70dba","type":"PageTitle","name":"","description":"Tytu\u0142 strony","content":{"title":"Uchwa\u0142a zarz\u0105du nr 237\/170\/V\/2017 z dnia 2017-02-07"}},{"id":"eba07701-d9a7-11e7-b355-005056b70dba","type":"PageDescription","name":"","description":"Zajawka strony","content":[]},{"id":"1b1a7940-ff78-11e7-b81e-005056b7801d","type":"SectionDescription","name":"","description":"Zajawka sekcji","content":[]}]}

Uchwała zarządu nr 237/170/V/2017 z dnia 2017-02-07

Urząd Marszałkowski Województwa Śląskiego

Uchwała Zarządu

wydania decyzji utrzymującej w mocy decyzję nr 27/2016 z dnia 31 października 2016r. w sprawie zwrotu całości wypłaconego dofinansowania przez Beneficjenta BUDGAST Spółka z ograniczoną odpowiedzialnością 
z siedzibą w Cieszynie, realizującego projekt pn. "Wzrost atrakcyjności turystycznej śląska dzięki stworzeniu jedynego w Polsce multimedialnego parku tematycznego pt. Historia Cieszyna w Hotelu pod Brunatnym Jeleniem w Cieszynie" w oparciu o umowę nr UDA- RPSL.03.02.01-00-127-/11-00 z dnia 12 lipca 2012r. wraz z późniejszymi aneksami, zawartą pomiędzy ww. Beneficjentem a Województwem Śląskim - Śląskim Centrum Przedsiębiorczości z siedzibą w Chorzowie,  w ramach Regionalnego Programu Operacyjnego Województwa Śląskiego na lata 2007-2013, Priorytet 3. Turystyka, Działanie 3.2 Infrastruktura okołoturystyczna, Poddziałanie 3.2.1 Infrastruktura okołoturystyczna/przedsiębiorstwa współfinansowanego z Europejskiego Funduszu Rozwoju Regionalnego.

Numer uchwały

Numer posiedzenia zarządu

art. 104 i art. 138 § 1 pkt 1 ustawy z dnia 14 czerwca 1960 r. Kodeks postępowania administracyjnego (t.j.: Dz. U. z 2016 r., poz. 23 z późn. zm. ), art. 25 pkt 1, art. 26 ust. 1 pkt 15 i 15a ustawy z dnia 6 grudnia 2006 r. o zasadach prowadzenia polityki rozwoju (t.j.: Dz. U. z 2016 r., poz. 383 z późn. zm.), art. 41 ust. 1 i ust. 2 pkt 4 ustawy z dnia 5 czerwca 1998 r. o samorządzie województwa (t.j.: Dz. U. z 2016 r., poz. 486 z późn. zm.), art. 207 ust. 1 pkt 2, ust. 9 pkt 1, ust. 12 pkt 2 w związku z art. 67 ustawy z dnia 27 sierpnia 2009 r. o finansach publicznych (t.j.  Dz. U. z 2013 r., poz. 885 z późn. zm.) oraz art. 2 pkt 7 i art. 98 rozporządzenia Rady (WE) nr 1083/2006 z dnia 11 lipca 2006r. ustanawiającego przepisy ogólne dotyczące Europejskiego Funduszu Rozwoju Regionalnego, Europejskiego Funduszu Społecznego oraz Funduszu Spójności i uchylające rozporządzenie (WE) nr 1260/1999 (Dz. U. UE. L Nr 210, poz. 25 z późn. zm.), art. 152 rozporządzenia Parlamentu Europejskiego i Rady (UE) nr 1303/2013 z dnia 17 grudnia 2013r. ustanawiającego wspólne przepisy dotyczące Europejskiego Funduszu Rozwoju Regionalnego, Europejskiego Funduszu Społecznego, Funduszu Spójności, Europejskiego Funduszu Rolnego na rzecz Rozwoju Obszarów Wiejskich oraz Europejskiego Funduszu Morskiego i Rybackiego oraz ustanawiającego przepisy ogólne dotyczące Europejskiego Funduszu Rozwoju Regionalnego, Europejskiego Funduszu Społecznego, Funduszu Spójności i Europejskiego Funduszu Morskiego i Rybackiego oraz uchylającego rozporządzenie Rady (WE) nr 1083/2006 (Dz. U. UE. L Nr 347 z 2013r., str. 320, zwane dalej rozporządzeniem 1083/2006).

Treść

Treść strony

Załączniki

Załączniki do strony

Tytuł strony
