{"id":43868,"name":"uchwala-zarzadu-nr-2380226v2017-z-dnia-2017-11-14","title":"Uchwa\u0142a zarz\u0105du nr 2380\/226\/V\/2017 z dnia 2017-11-14","desc":"","header":"Uchwa\u0142a zarz\u0105du nr 2380\/226\/V\/2017 z dnia 2017-11-14","lead":"","keywords":"","changes":"migracja danych","menu":"","path":"\/samorzad_wojewodztwa\/zarzad_wojewodztwa\/uchwaly_zarzadu\/uchwala-zarzadu-nr-2380226v2017-z-dnia-2017-11-14.html","url":"\/samorzad_wojewodztwa\/zarzad_wojewodztwa\/uchwaly_zarzadu\/uchwala-zarzadu-nr-2380226v2017-z-dnia-2017-11-14.html","infoOwner":"Urz\u0105d Marsza\u0142kowski Wojew\u00f3dztwa \u015al\u0105skiego","dateFirstPublicate":"2023-04-07 08:24:11","dateLastVersionPublicate":"2023-04-07 08:24:11","dateAvailableFrom":"","dateAvailableTo":"","type":"Uchwa\u0142a Zarz\u0105du","pageParams":[{"id":"263","name":"Data posiedzenia","description":"Data posiedzenia","value":"2017-11-14"},{"id":"235","name":"W sprawie","description":"W sprawie","value":"przeznaczenia do bezprzetargowej sprzeda\u017cy nieruchomo\u015bci po\u0142o\u017conej w Istebnej, oznaczonej jako dzia\u0142ka nr 6780 o powierzchni 0,2408 ha"},{"id":"273","name":"NUMER_UCHWALY_ZARZADU","description":"Numer uchwa\u0142y","value":"2380\/226\/V\/2017"},{"id":"278","name":"Numer posiedzenia zarz\u0105du","description":"Numer posiedzenia zarz\u0105du","value":"226"},{"id":"261","name":"Na podstawie","description":"podstawa prawna","value":"art. 41 ust. 2 pkt 2 ustawy z dnia 5 czerwca 1998 r. o samorz\u0105dzie wojew\u00f3dztwa (tekst jednolity: Dz. U. z 2016 r. poz. 486 z p\u00f3\u017an. zm.), w zwi\u0105zku z art. 13 ust. 1, art. 25d, art. 37 ust. 2 pkt 2 ustawy z dnia 21 sierpnia 1997 r. o gospodarce nieruchomo\u015bciami (tekst jednolity: Dz. U. z 2016 r., poz. 2147 z p\u00f3\u017an. zm.), art. 37 ust. 1 ustawy z dnia 28 wrze\u015bnia 1991 roku o lasach (tekst jednolity: Dz. U. z 2017 r., poz. 788 z p\u00f3\u017an. zm.)."}],"components":[{"id":"bf6d5eba-d119-11e7-80a9-005056b46601","type":"ContentWYSIWYG","name":"Tre\u015b\u0107","description":"Tre\u015b\u0107 strony","content":{"content":"","promotion":false}},{"id":"bf6dbc25-d119-11e7-80a9-005056b46601","type":"Gallery","name":"Galeria","description":"Galeria"},{"id":"bf6e1f6b-d119-11e7-80a9-005056b46601","type":"Attachment","name":"Za\u0142\u0105czniki","description":"Za\u0142\u0105czniki do strony","content":[{"src":"\/resource\/64232\/Uchwa%25C5%2582a+zarz%25C4%2585du+nr+2380226V2017+z+dnia+14+listopada+2017+roku.rtf","extension":"RTF","name":"c31a1692cf94d08d69b87b9bbec27abc.rtf","size":"76.58 KB"}]},{"id":"eba03b25-d9a7-11e7-b355-005056b70dba","type":"PageTitle","name":"","description":"Tytu\u0142 strony","content":{"title":"Uchwa\u0142a zarz\u0105du nr 2380\/226\/V\/2017 z dnia 2017-11-14"}},{"id":"eba07701-d9a7-11e7-b355-005056b70dba","type":"PageDescription","name":"","description":"Zajawka strony","content":[]},{"id":"1b1a7940-ff78-11e7-b81e-005056b7801d","type":"SectionDescription","name":"","description":"Zajawka sekcji","content":[]}]}

Uchwała zarządu nr 2380/226/V/2017 z dnia 2017-11-14

Urząd Marszałkowski Województwa Śląskiego

Uchwała Zarządu

przeznaczenia do bezprzetargowej sprzedaży nieruchomości położonej w Istebnej, oznaczonej jako działka nr 6780 o powierzchni 0,2408 ha

Numer uchwały

Numer posiedzenia zarządu

art. 41 ust. 2 pkt 2 ustawy z dnia 5 czerwca 1998 r. o samorządzie województwa (tekst jednolity: Dz. U. z 2016 r. poz. 486 z późn. zm.), w związku z art. 13 ust. 1, art. 25d, art. 37 ust. 2 pkt 2 ustawy z dnia 21 sierpnia 1997 r. o gospodarce nieruchomościami (tekst jednolity: Dz. U. z 2016 r., poz. 2147 z późn. zm.), art. 37 ust. 1 ustawy z dnia 28 września 1991 roku o lasach (tekst jednolity: Dz. U. z 2017 r., poz. 788 z późn. zm.).

Treść

Treść strony

Załączniki

Załączniki do strony

Tytuł strony
