{"id":21569,"name":"uchwala-zarzadu-nr-2442287vi2021-z-dnia-2021-11-10","title":"Uchwa\u0142a zarz\u0105du nr 2442\/287\/VI\/2021 z dnia 2021-11-10","desc":"","header":"Uchwa\u0142a zarz\u0105du nr 2442\/287\/VI\/2021 z dnia 2021-11-10","lead":"","keywords":"","changes":"Publikacja","menu":"","path":"\/samorzad_wojewodztwa\/zarzad_wojewodztwa\/uchwaly_zarzadu\/uchwala-zarzadu-nr-2442287vi2021-z-dnia-2021-11-10.html","url":"\/samorzad_wojewodztwa\/zarzad_wojewodztwa\/uchwaly_zarzadu\/uchwala-zarzadu-nr-2442287vi2021-z-dnia-2021-11-10.html","infoOwner":"Urz\u0105d Marsza\u0142kowski Wojew\u00f3dztwa \u015al\u0105skiego","dateFirstPublicate":"2021-11-17 08:36:09","dateLastVersionPublicate":"2021-11-17 08:36:09","dateAvailableFrom":"2021-11-17 08:29:53","dateAvailableTo":"","type":"Uchwa\u0142a Zarz\u0105du","pageParams":[{"id":"263","name":"Data posiedzenia","description":"Data posiedzenia","value":"2021-11-10"},{"id":"235","name":"W sprawie","description":"W sprawie","value":"przyj\u0119cia projektu uchwa\u0142y Sejmiku Wojew\u00f3dztwa \u015al\u0105skiego w sprawie Wieloletniej Prognozy Finansowej Wojew\u00f3dztwa \u015al\u0105skiego na lata 2022\u20132030"},{"id":"273","name":"NUMER_UCHWALY_ZARZADU","description":"Numer uchwa\u0142y","value":"2442\/287\/VI\/2021"},{"id":"278","name":"Numer posiedzenia zarz\u0105du","description":"Numer posiedzenia zarz\u0105du","value":"287"},{"id":"261","name":"Na podstawie","description":"podstawa prawna","value":"art. 41 ust. 1 ustawy z dnia 5 czerwca 1998 r. o samorz\u0105dzie wojew\u00f3dztwa (tj. Dz. U. z 2020 r., poz. 1668 z p\u00f3\u017an. zm.) w zwi\u0105zku z art. 230 ust. 1 i 2 ustawy z dnia 27 sierpnia 2009 r. o finansach publicznych (tj. Dz. U. z 2021 r., poz. 305 z p\u00f3\u017an. zm.)"}],"components":[{"id":"bf6d5eba-d119-11e7-80a9-005056b46601","type":"ContentWYSIWYG","name":"Tre\u015b\u0107","description":"Tre\u015b\u0107 strony","content":{"content":"","promotion":false}},{"id":"bf6dbc25-d119-11e7-80a9-005056b46601","type":"Gallery","name":"Galeria","description":"Galeria"},{"id":"bf6e1f6b-d119-11e7-80a9-005056b46601","type":"Attachment","name":"Za\u0142\u0105czniki","description":"Za\u0142\u0105czniki do strony","content":[{"src":"\/resource\/41296\/Uchwa%25C5%2582a+Zarz%25C4%2585du+2442+287+VI+2021.rtf","extension":"RTF","name":"fc7d8854d343c0cd0d70ce7badebbeb6.rtf","size":"105.53 KB"},{"src":"\/resource\/41296\/3.+Projekt+uchwa%25C5%2582y+Sejmiku.doc","extension":"DOC","name":"c74661b87fa76b18f1c0122662e50f50.doc","size":"57 KB"},{"src":"\/resource\/41296\/4.+Za%25C5%2582%25C4%2585cznik+1+do+projektu+uchwa%25C5%2582y+Sejmiku.xls","extension":"XLS","name":"4e2f5eb6948ef7d1f1e5a8865a1dc38f.xls","size":"80 KB"},{"src":"\/resource\/41296\/5.+Za%25C5%2582%25C4%2585cznik+2+do+projektu+uchwa%25C5%2582y+Sejmiku.xls","extension":"XLS","name":"0604cb76da5d17942bca7ed991a2db1d.xls","size":"184 KB"},{"src":"\/resource\/41296\/6.+Za%25C5%2582%25C4%2585cznik+3+do+projektu+uchwa%25C5%2582y+Sejmiku.doc","extension":"DOC","name":"e0695e0d96a6c7d6700cb7ab081cf9f7.doc","size":"366.5 KB"}]},{"id":"eba03b25-d9a7-11e7-b355-005056b70dba","type":"PageTitle","name":"","description":"Tytu\u0142 strony","content":{"title":"Uchwa\u0142a zarz\u0105du nr 2442\/287\/VI\/2021 z dnia 2021-11-10"}},{"id":"eba07701-d9a7-11e7-b355-005056b70dba","type":"PageDescription","name":"","description":"Zajawka strony","content":[]},{"id":"1b1a7940-ff78-11e7-b81e-005056b7801d","type":"SectionDescription","name":"","description":"Zajawka sekcji","content":[]}]}

Uchwała zarządu nr 2442/287/VI/2021 z dnia 2021-11-10

Urząd Marszałkowski Województwa Śląskiego

Uchwała Zarządu

przyjęcia projektu uchwały Sejmiku Województwa Śląskiego w sprawie Wieloletniej Prognozy Finansowej Województwa Śląskiego na lata 2022–2030

Numer uchwały

Numer posiedzenia zarządu

art. 41 ust. 1 ustawy z dnia 5 czerwca 1998 r. o samorządzie województwa (tj. Dz. U. z 2020 r., poz. 1668 z późn. zm.) w związku z art. 230 ust. 1 i 2 ustawy z dnia 27 sierpnia 2009 r. o finansach publicznych (tj. Dz. U. z 2021 r., poz. 305 z późn. zm.)

Treść

Treść strony

Załączniki

Załączniki do strony

Tytuł strony
