{"id":27150,"name":"uchwala-zarzadu-nr-246310vi2022-z-dnia-2022-02-23","title":"Uchwa\u0142a zarz\u0105du nr 246\/310\/VI\/2022 z dnia 2022-02-23","desc":"","header":"Uchwa\u0142a zarz\u0105du nr 246\/310\/VI\/2022 z dnia 2022-02-23","lead":"","keywords":"","changes":"Dodanie artyku\u0142u","menu":"","path":"\/samorzad_wojewodztwa\/zarzad_wojewodztwa\/uchwaly_zarzadu\/uchwala-zarzadu-nr-246310vi2022-z-dnia-2022-02-23.html","url":"\/samorzad_wojewodztwa\/zarzad_wojewodztwa\/uchwaly_zarzadu\/uchwala-zarzadu-nr-246310vi2022-z-dnia-2022-02-23.html","infoOwner":"Urz\u0105d Marsza\u0142kowski Wojew\u00f3dztwa \u015al\u0105skiego","dateFirstPublicate":"2022-02-25 11:06:52","dateLastVersionPublicate":"2022-02-25 11:06:52","dateAvailableFrom":"","dateAvailableTo":"","type":"Uchwa\u0142a Zarz\u0105du","pageParams":[{"id":"263","name":"Data posiedzenia","description":"Data posiedzenia","value":"2022-02-23"},{"id":"235","name":"W sprawie","description":"W sprawie","value":"aktualizacji Szczeg\u00f3\u0142owego Opisu Osi Priorytetowych Regionalnego Programu Operacyjnego Wojew\u00f3dztwa \u015al\u0105skiego na lata 2014-2020"},{"id":"273","name":"NUMER_UCHWALY_ZARZADU","description":"Numer uchwa\u0142y","value":"246\/310\/VI\/2022"},{"id":"278","name":"Numer posiedzenia zarz\u0105du","description":"Numer posiedzenia zarz\u0105du","value":"310"},{"id":"261","name":"Na podstawie","description":"podstawa prawna","value":"art. 41 ust. 2 pkt. 4) ustawy z dnia 5 czerwca 1998 r. o samorz\u0105dzie wojew\u00f3dztwa (tekst jednolity: Dz.U. z 2020 r. poz. 1668, z p\u00f3\u017an. zm.) oraz art. 2 pkt 25, art. 6 ust. 2, art. 9 ust. 1 pkt 2 ustawy z dnia 11 lipca 2014 r. o zasadach realizacji program\u00f3w w zakresie polityki sp\u00f3jno\u015bci finansowanych w perspektywie finansowej 2014-2020 (tekst jedn. Dz.U. z 2020 r., poz. 818 z p\u00f3\u017an. zm.)."}],"components":[{"id":"bf6d5eba-d119-11e7-80a9-005056b46601","type":"ContentWYSIWYG","name":"Tre\u015b\u0107","description":"Tre\u015b\u0107 strony","content":{"content":"","promotion":false}},{"id":"bf6dbc25-d119-11e7-80a9-005056b46601","type":"Gallery","name":"Galeria","description":"Galeria"},{"id":"bf6e1f6b-d119-11e7-80a9-005056b46601","type":"Attachment","name":"Za\u0142\u0105czniki","description":"Za\u0142\u0105czniki do strony","content":[{"src":"\/resource\/46968\/Uchwa%25C5%2582a+nr+246_310_VI_2022.rtf","extension":"RTF","name":"d636354ebcc785481d5fd6fdff673f07.rtf","size":"126.75 KB"},{"src":"\/resource\/46968\/Za%25C5%2582%25C4%2585cznik+do+uchwa%25C5%2582y+nr+246_310_VI_2022.rtf","extension":"RTF","name":"8f5430ae139f440b5633e436dfad94be.rtf","size":"14.14 MB"},{"src":"\/resource\/46968\/Za%25C5%2582%25C4%2585cznik+nr+1+do+za%25C5%2582%25C4%2585cznika+do+uchwa%25C5%2582y+nr+246_310_VI_2022.rtf","extension":"RTF","name":"2312fdfc817bbbc4a0644f63b1aa7c36.rtf","size":"853.62 KB"},{"src":"\/resource\/46968\/Za%25C5%2582%25C4%2585cznik+nr+2+do+za%25C5%2582%25C4%2585cznika+do+uchwa%25C5%2582y+nr+246_310_VI_2022.rtf","extension":"RTF","name":"d44b06b7200070181cbfbfff3c5ff2ff.rtf","size":"3.5 MB"},{"src":"\/resource\/46968\/Za%25C5%2582%25C4%2585cznik+nr+3+do+za%25C5%2582%25C4%2585cznika+do+uchwa%25C5%2582y+nr+246_310_VI_2022.rtf","extension":"RTF","name":"213a74072eccbcb0e79f93a63cea8516.rtf","size":"12.33 MB"},{"src":"\/resource\/46968\/Za%25C5%2582%25C4%2585cznik+nr+4+do+za%25C5%2582%25C4%2585cznika+do+uchwa%25C5%2582y+nr+246_310_VI_2022.rtf","extension":"RTF","name":"9e63bf9ad39c62cbc0b521bcd3682d4a.rtf","size":"3.84 MB"}]},{"id":"eba03b25-d9a7-11e7-b355-005056b70dba","type":"PageTitle","name":"","description":"Tytu\u0142 strony","content":{"title":"Uchwa\u0142a zarz\u0105du nr 246\/310\/VI\/2022 z dnia 2022-02-23"}},{"id":"eba07701-d9a7-11e7-b355-005056b70dba","type":"PageDescription","name":"","description":"Zajawka strony","content":[]},{"id":"1b1a7940-ff78-11e7-b81e-005056b7801d","type":"SectionDescription","name":"","description":"Zajawka sekcji","content":[]}]}

Uchwała zarządu nr 246/310/VI/2022 z dnia 2022-02-23

Dodanie artykułu

Urząd Marszałkowski Województwa Śląskiego

Uchwała Zarządu

aktualizacji Szczegółowego Opisu Osi Priorytetowych Regionalnego Programu Operacyjnego Województwa Śląskiego na lata 2014-2020

Numer uchwały

Numer posiedzenia zarządu

art. 41 ust. 2 pkt. 4) ustawy z dnia 5 czerwca 1998 r. o samorządzie województwa (tekst jednolity: Dz.U. z 2020 r. poz. 1668, z późn. zm.) oraz art. 2 pkt 25, art. 6 ust. 2, art. 9 ust. 1 pkt 2 ustawy z dnia 11 lipca 2014 r. o zasadach realizacji programów w zakresie polityki spójności finansowanych w perspektywie finansowej 2014-2020 (tekst jedn. Dz.U. z 2020 r., poz. 818 z późn. zm.).

Treść

Treść strony

Załączniki

Załączniki do strony

Tytuł strony
