{"id":156783,"name":"uchwala-zarzadu-nr-2475125vii2025-z-dnia-2025-11-06","title":"Uchwa\u0142a zarz\u0105du nr 2475\/125\/VII\/2025 z dnia 2025-11-06","desc":"","header":"Uchwa\u0142a zarz\u0105du nr 2475\/125\/VII\/2025 z dnia 2025-11-06","lead":"","keywords":"","changes":"Dodanie wpisu","menu":"","path":"\/samorzad_wojewodztwa\/zarzad_wojewodztwa\/uchwaly_zarzadu\/uchwala-zarzadu-nr-2475125vii2025-z-dnia-2025-11-06.html","url":"\/samorzad_wojewodztwa\/zarzad_wojewodztwa\/uchwaly_zarzadu\/uchwala-zarzadu-nr-2475125vii2025-z-dnia-2025-11-06.html","infoOwner":"Urz\u0105d Marsza\u0142kowski Wojew\u00f3dztwa \u015al\u0105skiego","dateFirstPublicate":"2025-11-07 09:36:09","dateLastVersionPublicate":"2025-11-07 09:36:09","dateAvailableFrom":"","dateAvailableTo":"","type":"Uchwa\u0142a Zarz\u0105du","pageParams":[{"id":"263","name":"Data posiedzenia","description":"Data posiedzenia","value":"2025-11-06"},{"id":"235","name":"W sprawie","description":"W sprawie","value":"w sprawie przyj\u0119cia projektu uchwa\u0142y Sejmiku Wojew\u00f3dztwa \u015al\u0105skiego w sprawie powierzenia w rozk\u0142adzie jazdy poci\u0105g\u00f3w 2025\/2026 Wojew\u00f3dztwu \u0141\u00f3dzkiemu zadania organizacji publicznego transportu zbiorowego w kolejowych przewozach pasa\u017cerskich na linii komunikacyjnej Cz\u0119stochowa \u2013 Widz\u00f3w Teklin\u00f3w \u2013 Radomsko \u2013 \u0141\u00f3d\u017a"},{"id":"273","name":"NUMER_UCHWALY_ZARZADU","description":"Numer uchwa\u0142y","value":"2475\/125\/VII\/2025"},{"id":"278","name":"Numer posiedzenia zarz\u0105du","description":"Numer posiedzenia zarz\u0105du","value":"125"},{"id":"261","name":"Na podstawie","description":"podstawa prawna","value":"art. 41 ust. 1 ustawy z dnia 5 czerwca 1998 r. o samorz\u0105dzie wojew\u00f3dztwa (t.j. Dz. U. z 2025 r. poz. 581)"}],"components":[{"id":"bf6d5eba-d119-11e7-80a9-005056b46601","type":"ContentWYSIWYG","name":"Tre\u015b\u0107","description":"Tre\u015b\u0107 strony","content":{"content":"","promotion":false}},{"id":"bf6dbc25-d119-11e7-80a9-005056b46601","type":"Gallery","name":"Galeria","description":"Galeria"},{"id":"bf6e1f6b-d119-11e7-80a9-005056b46601","type":"Attachment","name":"Za\u0142\u0105czniki","description":"Za\u0142\u0105czniki do strony","content":[{"src":"\/resource\/230844\/2475.docx","extension":"DOCX","name":"c2df5e291a06b174cf5c14bcda046d59.docx","size":"21.79 KB"},{"src":"\/resource\/230844\/2475-zal.docx","extension":"DOCX","name":"9552bd82a4619302ef2d26fc9ae1dedb.docx","size":"32.41 KB"}]},{"id":"eba03b25-d9a7-11e7-b355-005056b70dba","type":"PageTitle","name":"","description":"Tytu\u0142 strony","content":{"title":"Uchwa\u0142a zarz\u0105du nr 2475\/125\/VII\/2025 z dnia 2025-11-06"}},{"id":"eba07701-d9a7-11e7-b355-005056b70dba","type":"PageDescription","name":"","description":"Zajawka strony","content":[]},{"id":"1b1a7940-ff78-11e7-b81e-005056b7801d","type":"SectionDescription","name":"","description":"Zajawka sekcji","content":[]}]}

Uchwała zarządu nr 2475/125/VII/2025 z dnia 2025-11-06

Urząd Marszałkowski Województwa Śląskiego

Uchwała Zarządu

w sprawie przyjęcia projektu uchwały Sejmiku Województwa Śląskiego w sprawie powierzenia w rozkładzie jazdy pociągów 2025/2026 Województwu Łódzkiemu zadania organizacji publicznego transportu zbiorowego w kolejowych przewozach pasażerskich na linii komunikacyjnej Częstochowa – Widzów Teklinów – Radomsko – Łódź

Numer uchwały

Numer posiedzenia zarządu

art. 41 ust. 1 ustawy z dnia 5 czerwca 1998 r. o samorządzie województwa (t.j. Dz. U. z 2025 r. poz. 581)

Treść

Treść strony

Załączniki

Załączniki do strony

Tytuł strony
